000
CXUS53 KBIS 010830
CF6MOT
PRELIMINARY LOCAL CLIMATOLOGICAL DATA (WS FORM: F-6)
STATION: MINOT ND
MONTH: APRIL
YEAR: 2023
LATITUDE: 48 15 N
LONGITUDE: 101 16 W
TEMPERATURE IN F: :PCPN: SNOW: WIND :SUNSHINE: SKY :PK WND
================================================================================
1 2 3 4 5 6A 6B 7 8 9 10 11 12 13 14 15 16 17 18
12Z AVG MX 2MIN
DY MAX MIN AVG DEP HDD CDD WTR SNW DPTH SPD SPD DIR MIN PSBL S-S WX SPD DR
================================================================================
1 39 11 25 -12 40 0 0.00 M M 11.5 22 190 M M 2 29 190
2 41 27 34 -4 31 0 T M M 15.1 28 260 M M 8 1 36 270
3 28 14 21 -17 44 0 T M M 11.2 17 350 M M 10 18 21 350
4 20 14 17 -21 48 0 M M M 15.0 24 330 M M 10 1 32 320
5 25 15 20 -19 45 0 M M M 25.7 36 300 M M 6 18 45 290
6 31 8 20 -19 45 0 0.00 M M 8.0 17 270 M M 1 23 260
7 28 18 23 -17 42 0 T M M 12.0 18 100 M M 6 1 24 110
8 40 15 28 -12 37 0 0.00 M M 8.0 16 160 M M 0 1 22 110
9 54 27 41 0 24 0 0.00 M M 13.4 21 240 M M 1 1 32 260
10 63 37 50 9 15 0 0.00 M M 11.4 24 220 M M 0 32 220
11 72 37 55 13 10 0 0.00 M M 7.1 20 170 M M 0 8 24 170
12 54 36 45 3 20 0 0.00 M M 14.0 25 310 M M 0 36 300
13 50 34 42 0 23 0 T M M 14.4 25 20 M M 7 34 360
14 46 33 40 -3 25 0 0.00 M M 14.4 26 320 M M 9 1 34 310
15 51 30 41 -2 24 0 0.00 M M 15.4 29 330 M M 6 38 330
16 55 23 39 -5 26 0 0.00 M M 6.3 10 350 M M 0 16 330
17 54 27 41 -3 24 0 0.00 M M 11.8 23 90 M M 0 30 100
18 49 34 42 -3 23 0 T M M 17.8 32 100 M M 6 42 70
19 41 33 37 -8 28 0 M M M 16.1 31 100 M M 10 1 42 100
20 39 28 34 -12 31 0 M M M 10.5 25 330 M M 8 1 33 340
21 38 27 33 -13 32 0 M M M 21.7 31 330 M M 6 1 41 340
22 45 26 36 -10 29 0 0.00 M M 15.3 24 310 M M 3 35 310
23 50 26 38 -9 27 0 0.00 M M 11.5 23 310 M M 2 30 300
24 50 21 36 -11 29 0 0.00 M M 9.1 17 90 M M 0 1 26 110
25 56 21 39 -9 26 0 0.00 M M 9.2 18 90 M M 1 26 170
26 61 35 48 0 17 0 0.00 M M 12.0 28 300 M M 3 43 300
27 50 39 45 -3 20 0 0.20 M M 8.8 22 30 M M 10 1 28 30
28 53 37 45 -4 20 0 T M M 6.2 14 290 M M 10 20 310
29 57 32 45 -4 20 0 0.00 M M 18.7 33 320 M M 4 46 320
30 57 30 44 -6 21 0 0.00 M M 10.3 18 320 M M 1 25 360
================================================================================
SM 1397 795 846 0 0.20 M 381.9 M 130
================================================================================
AV 46.6 26.5 12.7 FASTST M M 4 MAX(MPH)
MISC ----> 36 300 46 320
================================================================================
NOTES:
# LAST OF SEVERAL OCCURRENCES
COLUMN 17 PEAK WIND IN M.P.H.
PRELIMINARY LOCAL CLIMATOLOGICAL DATA (WS FORM: F-6) , PAGE 2
STATION: MINOT ND
MONTH: APRIL
YEAR: 2023
LATITUDE: 48 15 N
LONGITUDE: 101 16 W
[TEMPERATURE DATA] [PRECIPITATION DATA] SYMBOLS USED IN COLUMN 16
AVERAGE MONTHLY: 36.5 TOTAL FOR MONTH: 0.20 1 = FOG OR MIST
DPTR FM NORMAL: -7.0 DPTR FM NORMAL: -0.80 2 = FOG REDUCING VISIBILITY
HIGHEST: 72 ON 11 GRTST 24HR 0.20 ON 27-27 TO 1/4 MILE OR LESS
LOWEST: 8 ON 6 3 = THUNDER
SNOW, ICE PELLETS, HAIL 4 = ICE PELLETS
TOTAL MONTH: M 5 = HAIL
GRTST 24HR M ON M 6 = FREEZING RAIN OR DRIZZLE
GRTST DEPTH: M ON M 7 = DUSTSTORM OR SANDSTORM:
VSBY 1/2 MILE OR LESS
8 = SMOKE OR HAZE
[NO. OF DAYS WITH] [WEATHER - DAYS WITH] 9 = BLOWING SNOW
X = TORNADO
MAX 32 OR BELOW: 5 0.01 INCH OR MORE: 1
MAX 90 OR ABOVE: 0 0.10 INCH OR MORE: 1
MIN 32 OR BELOW: 20 0.50 INCH OR MORE: 0
MIN 0 OR BELOW: 0 1.00 INCH OR MORE: 0
[HDD (BASE 65) ]
TOTAL THIS MO. 846 CLEAR (SCALE 0-3) 14
DPTR FM NORMAL 200 PTCLDY (SCALE 4-7) 8
TOTAL FM JUL 1 8767 CLOUDY (SCALE 8-10) 8
DPTR FM NORMAL 757
[CDD (BASE 65) ]
TOTAL THIS MO. 0
DPTR FM NORMAL -1 [PRESSURE DATA]
TOTAL FM JAN 1 0 HIGHEST SLP 30.41 ON 6
DPTR FM NORMAL -1 LOWEST SLP 29.45 ON 2
[REMARKS]
#FINAL-04-23#