824
CXUS53 KBIS 010930
CF6MOT
PRELIMINARY LOCAL CLIMATOLOGICAL DATA (WS FORM: F-6)
STATION: MINOT ND
MONTH: JANUARY
YEAR: 2021
LATITUDE: 48 15 N
LONGITUDE: 101 16 W
TEMPERATURE IN F: :PCPN: SNOW: WIND :SUNSHINE: SKY :PK WND
================================================================================
1 2 3 4 5 6A 6B 7 8 9 10 11 12 13 14 15 16 17 18
12Z AVG MX 2MIN
DY MAX MIN AVG DEP HDD CDD WTR SNW DPTH SPD SPD DIR MIN PSBL S-S WX SPD DR
================================================================================
1 38 9 24 12 41 0 0.00 M M 7.2 15 210 M M 1 1 20 220
2 44 30 37 25 28 0 0.00 M M 13.7 22 220 M M 1 30 230
3 44 30 37 25 28 0 0.00 M M 13.9 24 270 M M 1 32 270
4 42 22 32 20 33 0 0.00 M M 13.0 25 280 M M 1 37 280
5 41 18 30 18 35 0 T M M 5.8 14 280 M M 4 1 18 280
6 45 19 32 20 33 0 0.00 M M 7.1 16 170 M M 2 8 24 160
7 42 32 37 25 28 0 0.00 M M 10.5 23 180 M M 9 8 30 180
8 35 29 32 20 33 0 0.00 M M 5.8 13 320 M M 10 8 16 310
9 38 17 28 16 37 0 0.00 M M 5.2 13 260 M M 6 8 17 280
10 43 16 30 18 35 0 0.00 M M 10.4 26 220 M M 2 8 35 220
11 40 25 33 21 32 0 0.00 M M 10.5 21 270 M M 0 26 270
12 49 29 39 27 26 0 0.00 M M 9.7 23 260 M M 1 29 260
13 51 32 42 30 23 0 0.01 M M 13.0 33 250 M M 5 48 260
14 40 26 33 21 32 0 T M M 36.0 58 300 M M 7 78 300
15 26 20 23 11 42 0 T M M 14.8 32 310 M M 10 43 300
16 40 20 30 18 35 0 0.00 M M 13.8 28 280 M M 5 37 280
17 31 22 27 15 38 0 T M M 10.2 23 280 M M 4 31 270
18 32 18 25 13 40 0 M M M 9.4 31 300 M M 10 1 41 300
19 34 8 21 9 44 0 M M M 12.9 26 320 M M 6 1 35 320
20 40 29 35 23 30 0 0.00 M M 26.2 45 270 M M 0 63 260
21 30 6 18 6 47 0 M M M 14.2 32 280 M M 8 8 43 280
22 26 12 19 7 46 0 M M M 7.3 15 250 M M 10 8 20 260
23 28 1 15 3 50 0 T M M 11.5 23 300 M M 5 18 30 310
24 5 -2 2 -10 63 0 M M M 9.3 16 70 M M 10 20 70
25 5 -1 2 -11 63 0 T M M 10.7 17 80 M M 10 22 80
26 -1 -23 -12 -25 77 0 0.00 M M 5.1 10 290 M M 1 8 11 290
27 7 -21 -7 -20 72 0 T M M 7.5 17 100 M M 6 8 22 110
28 17 1 9 -4 56 0 T M M 9.6 17 100 M M 7 18 22 100
29 24 11 18 5 47 0 0.00 M M 11.8 21 130 M M 10 18 25 130
30 26 19 23 10 42 0 T M M 8.0 16 280 M M 10 128 20 290
31 25 7 16 2 49 0 T M M 6.0 12 280 M M 7 18 15 290
================================================================================
SM 987 461 1285 0 0.01 M 350.1 M 169
================================================================================
AV 31.8 14.9 11.3 FASTST M M 5 MAX(MPH)
MISC ----> 58 300 78 300
================================================================================
NOTES:
# LAST OF SEVERAL OCCURRENCES
COLUMN 17 PEAK WIND IN M.P.H.
PRELIMINARY LOCAL CLIMATOLOGICAL DATA (WS FORM: F-6) , PAGE 2
STATION: MINOT ND
MONTH: JANUARY
YEAR: 2021
LATITUDE: 48 15 N
LONGITUDE: 101 16 W
[TEMPERATURE DATA] [PRECIPITATION DATA] SYMBOLS USED IN COLUMN 16
AVERAGE MONTHLY: 23.4 TOTAL FOR MONTH: 0.01 1 = FOG OR MIST
DPTR FM NORMAL: 11.2 DPTR FM NORMAL: -0.50 2 = FOG REDUCING VISIBILITY
HIGHEST: 51 ON 13 GRTST 24HR 0.10 ON 13-13 TO 1/4 MILE OR LESS
LOWEST: -23 ON 26 3 = THUNDER
SNOW, ICE PELLETS, HAIL 4 = ICE PELLETS
TOTAL MONTH: M 5 = HAIL
GRTST 24HR M ON M 6 = FREEZING RAIN OR DRIZZLE
GRTST DEPTH: M ON M 7 = DUSTSTORM OR SANDSTORM:
VSBY 1/2 MILE OR LESS
8 = SMOKE OR HAZE
[NO. OF DAYS WITH] [WEATHER - DAYS WITH] 9 = BLOWING SNOW
X = TORNADO
MAX 32 OR BELOW: 14 0.01 INCH OR MORE: 1
MAX 90 OR ABOVE: 0 0.10 INCH OR MORE: 0
MIN 32 OR BELOW: 31 0.50 INCH OR MORE: 0
MIN 0 OR BELOW: 4 1.00 INCH OR MORE: 0
[HDD (BASE 65) ]
TOTAL THIS MO. 1285 CLEAR (SCALE 0-3) 10
DPTR FM NORMAL -352 PTCLDY (SCALE 4-7) 12
TOTAL FM JUL 1 4414 CLOUDY (SCALE 8-10) 9
DPTR FM NORMAL -815
[CDD (BASE 65) ]
TOTAL THIS MO. 0
DPTR FM NORMAL 0 [PRESSURE DATA]
TOTAL FM JAN 1 0 HIGHEST SLP 30.54 ON 27
DPTR FM NORMAL 0 LOWEST SLP 29.35 ON 14
[REMARKS]
#FINAL-01-21#