000
CXUS51 KBTV 230700
CF6MPV
PRELIMINARY LOCAL CLIMATOLOGICAL DATA (WS FORM: F-6)
STATION: MONTPELIER VT
MONTH: APRIL
YEAR: 2024
LATITUDE: 44 12 N
LONGITUDE: 72 34 W
TEMPERATURE IN F: :PCPN: SNOW: WIND :SUNSHINE: SKY :PK WND
================================================================================
1 2 3 4 5 6A 6B 7 8 9 10 11 12 13 14 15 16 17 18
12Z AVG MX 2MIN
DY MAX MIN AVG DEP HDD CDD WTR SNW DPTH SPD SPD DIR MIN PSBL S-S WX SPD DR
================================================================================
1 54 26 40 6 25 0 0.00 M M 5.7 21 320 M M 5 28 230
2 54 29 42 8 23 0 0.00 M M 6.3 20 170 M M 2 24 170
3 43 32 38 3 27 0 0.14 M M 10.1 25 160 M M 9 18 35 130
4 33 29 31 -4 34 0 0.53 M M 7.6 17 120 M M 10 12 26 160
5 36 30 33 -3 32 0 0.01 M M 7.5 15 320 M M 10 1 21 310
6 38 31 35 -1 30 0 T M M 9.1 17 10 M M 10 1 25 360
7 47 29 38 1 27 0 0.00 M M 5.8 17 350 M M 4 24 360
8 57 24 41 4 24 0 0.00 M M 3.7 16 330 M M 0 22 340
9 66 30 48 10 17 0 0.00 M M 1.8 10 360 M M 0 16 10
10 48 39 44 6 21 0 0.04 M M 7.4 18 170 M M 7 25 170
11 51 39 45 6 20 0 0.05 M M 6.7 16 160 M M 10 12 23 170
12 64 49 57 18 8 0 0.76 M M 13.0 24 150 M M 9 18 36 170
13 49 33 41 1 24 0 T M M 11.0 21 310 M M 8 1 36 290
14 53 34 44 4 21 0 0.01 M M 5.4 16 300 M M 7 12 26 290
15 51 35 43 2 22 0 0.03 M M 3.5 15 320 M M 8 12 24 280
16 56 31 44 3 21 0 0.00 M M 8.1 20 330 M M 3 18 32 350
17 53 27 40 -2 25 0 0.00 M M 2.4 9 50 M M 0 13 50
18 44 38 41 -1 24 0 0.22 M M 6.9 18 160 M M 9 1 29 150
19 56 39 48 5 17 0 T M M 12.1 24 160 M M 9 1 33 170
20 54 37 46 3 19 0 0.08 M M 6.9 26 320 M M 8 1 42 310
21 45 28 37 -7 28 0 0.00 M M 6.4 16 260 M M 7 25 280
22 46 29 38 -6 27 0 M M M 9.4 28 310 M M 1 43 310
================================================================================
SM 1098 718 516 0 1.87 M 156.8 M 136
================================================================================
AV 49.9 32.6 7.1 FASTST M M 6 MAX(MPH)
MISC ----> 28 310 43 310
================================================================================
NOTES:
# LAST OF SEVERAL OCCURRENCES
COLUMN 17 PEAK WIND IN M.P.H.
PRELIMINARY LOCAL CLIMATOLOGICAL DATA (WS FORM: F-6) , PAGE 2
STATION: MONTPELIER VT
MONTH: APRIL
YEAR: 2024
LATITUDE: 44 12 N
LONGITUDE: 72 34 W
[TEMPERATURE DATA] [PRECIPITATION DATA] SYMBOLS USED IN COLUMN 16
AVERAGE MONTHLY: 41.3 TOTAL FOR MONTH: 1.87 1 = FOG OR MIST
DPTR FM NORMAL: 2.3 DPTR FM NORMAL: -0.34 2 = FOG REDUCING VISIBILITY
HIGHEST: 66 ON 9 GRTST 24HR 0.79 ON 11-12 TO 1/4 MILE OR LESS
LOWEST: 24 ON 8 3 = THUNDER
SNOW, ICE PELLETS, HAIL 4 = ICE PELLETS
TOTAL MONTH: M 5 = HAIL
GRTST 24HR M ON M 6 = FREEZING RAIN OR DRIZZLE
GRTST DEPTH: M ON M 7 = DUSTSTORM OR SANDSTORM:
VSBY 1/2 MILE OR LESS
8 = SMOKE OR HAZE
[NO. OF DAYS WITH] [WEATHER - DAYS WITH] 9 = BLOWING SNOW
X = TORNADO
MAX 32 OR BELOW: 0 0.01 INCH OR MORE: 10
MAX 90 OR ABOVE: 0 0.10 INCH OR MORE: 4
MIN 32 OR BELOW: 13 0.50 INCH OR MORE: 2
MIN 0 OR BELOW: 0 1.00 INCH OR MORE: 0
[HDD (BASE 65) ]
TOTAL THIS MO. 516 CLEAR (SCALE 0-3) 5
DPTR FM NORMAL -56 PTCLDY (SCALE 4-7) 7
TOTAL FM JUL 1 6524 CLOUDY (SCALE 8-10) 10
DPTR FM NORMAL -1169
[CDD (BASE 65) ]
TOTAL THIS MO. 0
DPTR FM NORMAL 0 [PRESSURE DATA]
TOTAL FM JAN 1 0 HIGHEST SLP M ON M
DPTR FM NORMAL 0 LOWEST SLP 29.20 ON 12
[REMARKS]