000
CXUS53 KMPX 031821
CLMMPX
CLIMATE REPORT
NATIONAL WEATHER SERVICE TWIN CITIES/CHANHASSEN MN
1221 PM CST WED JAN 03 2024
...................................
...THE CHANHASSEN MN CLIMATE SUMMARY FOR THE MONTH OF DECEMBER 2023...
CLIMATE NORMAL PERIOD 1991 TO 2020
CLIMATE RECORD PERIOD 1995 TO 2024
WEATHER OBSERVED NORMAL DEPART LAST YEAR`S
VALUE DATE(S) VALUE FROM VALUE DATE(S)
NORMAL
................................................................
TEMPERATURE (F)
HIGHEST 53 12/07 MM MM 37 12/02
12/24
12/28
LOWEST 12 12/18 MM MM -14 12/22
AVG. MAXIMUM 38.5 27.2 11.3 22.5
AVG. MINIMUM 24.8 12.3 12.5 8.7
MEAN 31.6 19.8 11.8 15.6
DAYS MAX >= 90 0 0
DAYS MAX <= 32 6 19
DAYS MIN <= 32 24 31
DAYS MIN <= 0 0 10
PRECIPITATION (INCHES)
TOTALS 2.41 1.21 1.20 2.08
DAILY AVG. 0.08 0.07
DAYS >= .01 11 13
DAYS >= .10 5 5
DAYS >= .50 1 1
DAYS >= 1.00 1 0
GREATEST
24 HR. TOTAL 1.03 12/25 TO 12/25 0.60
SNOWFALL (INCHES)
TOTALS 1.5 13.3 -11.8 23.5
SINCE 7/1 3.4 19.0 -15.6 MM
SNOWDEPTH AVG. 0 5
DAYS >= 1.0 0 7
GREATEST
SNOW DEPTH 1 12/31 12 12/22
24 HR TOTAL 0.6 12/31 TO 12/31
DEGREE DAYS
HEATING TOTAL 1026 1403 -377 1524
SINCE 7/1 2463 3111 -648 MM
COOLING TOTAL 0 0 0 0
SINCE 1/1 818 583 235 MM
................................................................
- INDICATES NEGATIVE NUMBERS.
R INDICATES RECORD WAS SET OR TIED.
MM INDICATES DATA IS MISSING.
T INDICATES TRACE AMOUNT.
$$