000
CXUS53 KMQT 010900
CF6MQT
PRELIMINARY LOCAL CLIMATOLOGICAL DATA (WS FORM: F-6)
STATION: MARQUETTE MI
MONTH: JULY
YEAR: 2022
LATITUDE: 46 31 N
LONGITUDE: 87 33 W
TEMPERATURE IN F: :PCPN: SNOW: WIND :SUNSHINE: SKY :PK WND
================================================================================
1 2 3 4 5 6A 6B 7 8 9 10 11 12 13 14 15 16 17 18
12Z AVG MX 2MIN
DY MAX MIN AVG DEP HDD CDD WTR SNW DPTH SPD SPD DIR MIN PSBL S-S WX SPD DR
================================================================================
1 76 52 64 0 1 0 0.00 0.0 0 M M M M M M 24 270
2 74 48 61 -3 4 0 0.00 0.0 0 M M M M M M 24 270
3 73 46 60 -4 5 0 0.00 0.0 0 M M M M M M 16 45
4 73 60 67 2 0 2 0.56 0.0 0 M M M M M M 1 14 180
5 72 58 65 0 0 0 T 0.0 0 M M M M M M 1 14 360
6 66 50 58 -7 7 0 0.00 0.0 0 M M M M M M 1 20 45
7 79 50 65 0 0 0 0.00 0.0 0 M M M M M M 16 225
8 70 50 60 -5 5 0 0.00 0.0 0 M M M M M M 16 90
9 78 44 61 -4 4 0 0.00 0.0 0 M M M M M M 14 135
10 85 61 73 8 0 8 0.00 0.0 0 M M M M M M 27 225
11 80 63 72 7 0 7 0.00 0.0 0 M M M M M M 23 315
12 68 53 61 -4 4 0 0.01 0.0 0 M M M M M M 1 21 315
13 70 48 59 -6 6 0 0.00 0.0 0 M M M M M M 15 45
14 76 43 60 -6 5 0 0.00 0.0 0 M M M M M M 17 90
15 81 57 69 3 0 4 0.00 0.0 0 M M M M M M 16 225
16 87 59 73 7 0 8 0.00 0.0 0 M M M M M M 12 360
17 88 62 75 9 0 10 0.00 0.0 0 M M M M M M 13 225
18 91 61 76 10 0 11 0.00 0.0 0 M M M M M M 18 270
19 86 66 76 10 0 11 0.38 0.0 0 M M M M M M 3 31 270
20 78 61 70 4 0 5 0.22 0.0 0 M M M M M M 23 270
21 82 64 73 7 0 8 0.00 0.0 0 M M M M M M 27 270
22 83 59 71 5 0 6 0.05 0.0 0 M M M M M M 34 270
23 81 58 70 4 0 5 0.00 0.0 0 M M M M M M 15 315
24 76 54 65 -1 0 0 T 0.0 0 M M M M M M 32 270
25 74 53 64 -2 1 0 0.00 0.0 0 M M M M M M 23 270
26 81 52 67 1 0 2 T 0.0 0 M M M M M M 19 225
27 79 63 71 6 0 6 0.77 0.0 0 M M M M M M 3 19 180
28 70 57 64 -1 1 0 0.00 0.0 0 M M M M M M 28 270
29 70 54 62 -3 3 0 0.00 0.0 0 M M M M M M 20 270
30 83 53 68 3 0 3 0.00 0.0 0 M M M M M M 16 225
31 85 60 73 8 0 8 0.00 0.0 0 M M M M M M 20 270
================================================================================
SM 2415 1719 46 104 1.99 0.0 M M M
================================================================================
AV 77.9 55.5 M FASTST M M M MAX(MPH)
MISC ----> M M 34 270
================================================================================
NOTES:
# LAST OF SEVERAL OCCURRENCES
COLUMN 17 PEAK WIND IN M.P.H.
PRELIMINARY LOCAL CLIMATOLOGICAL DATA (WS FORM: F-6) , PAGE 2
STATION: MARQUETTE MI
MONTH: JULY
YEAR: 2022
LATITUDE: 46 31 N
LONGITUDE: 87 33 W
[TEMPERATURE DATA] [PRECIPITATION DATA] SYMBOLS USED IN COLUMN 16
AVERAGE MONTHLY: 66.7 TOTAL FOR MONTH: 1.99 1 = FOG OR MIST
DPTR FM NORMAL: 1.4 DPTR FM NORMAL: -1.11 2 = FOG REDUCING VISIBILITY
HIGHEST: 91 ON 18 GRTST 24HR 0.77 ON 27-27 TO 1/4 MILE OR LESS
LOWEST: 43 ON 14 3 = THUNDER
SNOW, ICE PELLETS, HAIL 4 = ICE PELLETS
TOTAL MONTH: 0.0 INCH 5 = HAIL
GRTST 24HR 0.0 6 = FREEZING RAIN OR DRIZZLE
GRTST DEPTH: 0 7 = DUSTSTORM OR SANDSTORM:
VSBY 1/2 MILE OR LESS
8 = SMOKE OR HAZE
[NO. OF DAYS WITH] [WEATHER - DAYS WITH] 9 = BLOWING SNOW
X = TORNADO
MAX 32 OR BELOW: 0 0.01 INCH OR MORE: 6
MAX 90 OR ABOVE: 1 0.10 INCH OR MORE: 4
MIN 32 OR BELOW: 0 0.50 INCH OR MORE: 2
MIN 0 OR BELOW: 0 1.00 INCH OR MORE: 0
[HDD (BASE 65) ]
TOTAL THIS MO. 46 CLEAR (SCALE 0-3) 0
DPTR FM NORMAL -36 PTCLDY (SCALE 4-7) 0
TOTAL FM JUL 1 46 CLOUDY (SCALE 8-10) 31
DPTR FM NORMAL -30
[CDD (BASE 65) ]
TOTAL THIS MO. 104
DPTR FM NORMAL 14 [PRESSURE DATA]
TOTAL FM JAN 1 216 HIGHEST SLP M ON M
DPTR FM NORMAL 67 LOWEST SLP M ON M
[REMARKS]
#FINAL-07-22#