000
CXUS53 KMQT 010900
CF6MQT
PRELIMINARY LOCAL CLIMATOLOGICAL DATA (WS FORM: F-6)
STATION: MARQUETTE MI
MONTH: AUGUST
YEAR: 2021
LATITUDE: 46 31 N
LONGITUDE: 87 33 W
TEMPERATURE IN F: :PCPN: SNOW: WIND :SUNSHINE: SKY :PK WND
================================================================================
1 2 3 4 5 6A 6B 7 8 9 10 11 12 13 14 15 16 17 18
12Z AVG MX 2MIN
DY MAX MIN AVG DEP HDD CDD WTR SNW DPTH SPD SPD DIR MIN PSBL S-S WX SPD DR
================================================================================
1 66 51 59 -6 6 0 T 0.0 0 M M M M M M 19 360
2 78 48 63 -2 2 0 0.00 0.0 0 M M M M M M 17 225
3 80 57 69 4 0 4 0.00 0.0 0 M M M M M M 8 14 270
4 84 58 71 6 0 6 0.00 0.0 0 M M M M M M 8 18 225
5 80 63 72 7 0 7 T 0.0 0 M M M M M M 29 270
6 74 59 67 2 0 2 0.01 0.0 0 M M M M M M 22 225
7 69 56 63 -2 2 0 0.03 0.0 0 M M M M M M 15 90
8 79 62 71 6 0 6 0.06 0.0 0 M M M M M M 22 180
9 79 65 72 7 0 7 T 0.0 0 M M M M M M 12 225
10 84 65 75 11 0 10 0.74 0.0 0 M M M M M M 13 23 180
11 83 63 73 9 0 8 0.01 0.0 0 M M M M M M 3 22 225
12 78 58 68 4 0 3 0.15 0.0 0 M M M M M M 26 225
13 69 49 59 -5 6 0 0.00 0.0 0 M M M M M M 28 270
14 72 46 59 -5 6 0 0.00 0.0 0 M M M M M M 15 270
15 86 51 69 5 0 4 0.00 0.0 0 M M M M M M 21 270
16 82 60 71 7 0 6 0.00 0.0 0 M M M M M M 20 225
17 83 60 72 8 0 7 0.00 0.0 0 M M M M M M 19 180
18 86 60 73 9 0 8 0.00 0.0 0 M M M M M M 16 225
19 87 61 74 10 0 9 0.00 0.0 0 M M M M M M 15 225
20 88 60 74 11 0 9 0.00 0.0 0 M M M M M M 17 225
21 85 58 72 9 0 7 0.00 0.0 0 M M M M M M 36 180
22 68 49 59 -4 6 0 0.00 0.0 0 M M M M M M 19 45
23 85 48 67 4 0 2 0.00 0.0 0 M M M M M M 21 225
24 81 54 68 5 0 3 T 0.0 0 M M M M M M 14 180
25 83 58 71 8 0 6 0.00 0.0 0 M M M M M M 19 315
26 71 54 63 1 2 0 T 0.0 0 M M M M M M 16 90
27 64 59 62 0 3 0 0.90 0.0 0 M M M M M M 1 16 90
28 86 64 75 13 0 10 0.03 0.0 0 M M M M M M 13 23 315
29 79 63 71 9 0 6 0.57 0.0 0 M M M M M M 3 39 270
30 72 55 64 2 1 0 0.00 0.0 0 M M M M M M 22 270
31 66 53 60 -1 5 0 0.00 0.0 0 M M M M M M 18 90
================================================================================
SM 2427 1767 39 130 2.50 0.0 M M M
================================================================================
AV 78.3 57.0 M FASTST M M M MAX(MPH)
MISC ----> M M 39 270
================================================================================
NOTES:
# LAST OF SEVERAL OCCURRENCES
COLUMN 17 PEAK WIND IN M.P.H.
PRELIMINARY LOCAL CLIMATOLOGICAL DATA (WS FORM: F-6) , PAGE 2
STATION: MARQUETTE MI
MONTH: AUGUST
YEAR: 2021
LATITUDE: 46 31 N
LONGITUDE: 87 33 W
[TEMPERATURE DATA] [PRECIPITATION DATA] SYMBOLS USED IN COLUMN 16
AVERAGE MONTHLY: 67.6 TOTAL FOR MONTH: 2.50 1 = FOG OR MIST
DPTR FM NORMAL: 4.0 DPTR FM NORMAL: -0.35 2 = FOG REDUCING VISIBILITY
HIGHEST: 88 ON 20 GRTST 24HR 0.90 ON 27-27 TO 1/4 MILE OR LESS
LOWEST: 46 ON 14 3 = THUNDER
SNOW, ICE PELLETS, HAIL 4 = ICE PELLETS
TOTAL MONTH: T 5 = HAIL
GRTST 24HR 0.0 6 = FREEZING RAIN OR DRIZZLE
GRTST DEPTH: 0 7 = DUSTSTORM OR SANDSTORM:
VSBY 1/2 MILE OR LESS
8 = SMOKE OR HAZE
[NO. OF DAYS WITH] [WEATHER - DAYS WITH] 9 = BLOWING SNOW
X = TORNADO
MAX 32 OR BELOW: 0 0.01 INCH OR MORE: 9
MAX 90 OR ABOVE: 0 0.10 INCH OR MORE: 4
MIN 32 OR BELOW: 0 0.50 INCH OR MORE: 3
MIN 0 OR BELOW: 0 1.00 INCH OR MORE: 0
[HDD (BASE 65) ]
TOTAL THIS MO. 39 CLEAR (SCALE 0-3) 0
DPTR FM NORMAL -66 PTCLDY (SCALE 4-7) 0
TOTAL FM JUL 1 116 CLOUDY (SCALE 8-10) 31
DPTR FM NORMAL -70
[CDD (BASE 65) ]
TOTAL THIS MO. 130
DPTR FM NORMAL 67 [PRESSURE DATA]
TOTAL FM JAN 1 339 HIGHEST SLP M ON M
DPTR FM NORMAL 127 LOWEST SLP M ON M
[REMARKS]
#FINAL-08-21#