000
CXUS54 KMAF 011110
CF6MRF
PRELIMINARY LOCAL CLIMATOLOGICAL DATA (WS FORM: F-6)
STATION: MARFA
MONTH: JUNE
YEAR: 2022
LATITUDE: 30 22 N
LONGITUDE: 104 1 W
TEMPERATURE IN F: :PCPN: SNOW: WIND :SUNSHINE: SKY :PK WND
================================================================================
1 2 3 4 5 6A 6B 7 8 9 10 11 12 13 14 15 16 17 18
12Z AVG MX 2MIN
DY MAX MIN AVG DEP HDD CDD WTR SNW DPTH SPD SPD DIR MIN PSBL S-S WX SPD DR
================================================================================
1 94 60 77 M 0 12 0.12 M M 9.2 30 10 M M 2 47 10
2 80 57 69 M 0 4 T M M 12.2 35 340 M M 1 44 340
3 87 50 69 M 0 4 M M M 8.3 16 150 M M 0 23 150
4 92 60 76 M 0 11 0.29 M M 9.2 18 310 M M 1 3 33 310
5 94 55 75 M 0 10 M M M 11.3 25 240 M M 0 33 270
6 97 56 77 M 0 12 M M M 9.0 20 230 M M 0 33 270
7 101 56 79 M 0 14 M M M 7.8 17 280 M M 0 25 280
8 99 62 81 M 0 16 T M M 11.6 32 50 M M 2 3 47 30
9 93 60 77 M 0 12 M M M 10.0 16 110 M M 0 22 170
10 97 59 78 M 0 13 M M M 6.8 17 30 M M 0 20 99
11 101 56 79 M 0 14 M M M 7.2 15 110 M M 0 23 110
12 99 59 79 M 0 14 M M M 7.8 17 120 M M 0 24 120
13 98 63 81 M 0 16 T M M 8.7 24 290 M M 0 3 43 280
14 97 65 81 M 0 16 0.06 M M 8.3 28 40 M M 3 3 33 40
15 92 60 76 M 0 11 T M M 7.7 16 170 M M 1 3 20 130
16 92 61 77 M 0 12 M M M 8.9 17 100 M M 1 24 110
17 92 64 78 M 0 13 M M M 8.8 18 100 M M 1 25 140
18 91 59 75 M 0 10 M M M 8.5 20 100 M M 1 25 110
19 89 60 75 M 0 10 M M M 8.7 22 110 M M 2 3 33 120
20 87 61 74 M 0 9 0.15 M M 8.5 18 10 M M 5 3 29 210
21 87 63 75 M 0 10 M M M 7.6 15 70 M M 5 22 70
22 88 62 75 M 0 10 M M M 9.4 15 80 M M 0 21 130
23 91 60 76 M 0 11 M M M 6.9 15 100 M M 0 21 100
24 94 59 77 M 0 12 M M M 5.2 12 120 M M 1 18 130
25 94 61 78 M 0 13 M M M 7.7 16 90 M M 2 18 120
26 89 60 75 M 0 10 M M M 11.6 20 50 M M 1 35 40
27 85 62 74 M 0 9 M M M 15.5 23 40 M M 1 30 50
28 83 60 72 M 0 7 0.04 M M 8.8 24 80 M M 1 3 40 80
29 83 59 71 M 0 6 0.15 M M 6.4 16 200 M M 3 3 23 330
30 90 57 74 M 0 9 M M M 6.1 15 130 M M 0 8 M M
================================================================================
SM 2756 1786 0 330 0.81 M 263.5 M 34
================================================================================
AV 91.9 59.5 8.8 FASTST M M 1 MAX(MPH)
MISC ----> 35 340 # 47 10
================================================================================
NOTES:
# LAST OF SEVERAL OCCURRENCES
COLUMN 17 PEAK WIND IN M.P.H.
PRELIMINARY LOCAL CLIMATOLOGICAL DATA (WS FORM: F-6) , PAGE 2
STATION: MARFA
MONTH: JUNE
YEAR: 2022
LATITUDE: 30 22 N
LONGITUDE: 104 1 W
[TEMPERATURE DATA] [PRECIPITATION DATA] SYMBOLS USED IN COLUMN 16
AVERAGE MONTHLY: 75.7 TOTAL FOR MONTH: 0.81 1 = FOG OR MIST
DPTR FM NORMAL: 0.0 DPTR FM NORMAL: M 2 = FOG REDUCING VISIBILITY
HIGHEST: 101 ON 11, 7 GRTST 24HR 0.29 ON 4- 4 TO 1/4 MILE OR LESS
LOWEST: 50 ON 3 3 = THUNDER
SNOW, ICE PELLETS, HAIL 4 = ICE PELLETS
TOTAL MONTH: M 5 = HAIL
GRTST 24HR M ON M 6 = FREEZING RAIN OR DRIZZLE
GRTST DEPTH: M ON M 7 = DUSTSTORM OR SANDSTORM:
VSBY 1/2 MILE OR LESS
8 = SMOKE OR HAZE
[NO. OF DAYS WITH] [WEATHER - DAYS WITH] 9 = BLOWING SNOW
X = TORNADO
MAX 32 OR BELOW: 0 0.01 INCH OR MORE: 6
MAX 90 OR ABOVE: 20 0.10 INCH OR MORE: 4
MIN 32 OR BELOW: 0 0.50 INCH OR MORE: 0
MIN 0 OR BELOW: 0 1.00 INCH OR MORE: 0
[HDD (BASE 65) ]
TOTAL THIS MO. 0 CLEAR (SCALE 0-3) 28
DPTR FM NORMAL M PTCLDY (SCALE 4-7) 2
TOTAL FM JUL 1 2866 CLOUDY (SCALE 8-10) 0
DPTR FM NORMAL M
[CDD (BASE 65) ]
TOTAL THIS MO. 330
DPTR FM NORMAL M [PRESSURE DATA]
TOTAL FM JAN 1 569 HIGHEST SLP M ON M
DPTR FM NORMAL M LOWEST SLP M ON M
[REMARKS]
#FINAL-06-22#