000
CXUS56 KMTR 011000
CF6MRY
PRELIMINARY LOCAL CLIMATOLOGICAL DATA (WS FORM: F-6)
STATION: MONTEREY AIRPORT
MONTH: MARCH
YEAR: 2020
LATITUDE: 36 34 N
LONGITUDE: 121 51 W
TEMPERATURE IN F: :PCPN: SNOW: WIND :SUNSHINE: SKY :PK WND
================================================================================
1 2 3 4 5 6A 6B 7 8 9 10 11 12 13 14 15 16 17 18
12Z AVG MX 2MIN
DY MAX MIN AVG DEP HDD CDD WTR SNW DPTH SPD SPD DIR MIN PSBL S-S WX SPD DR
================================================================================
1 54 43 49 -4 16 0 0.01 M 0 5.9 15 300 M M 7 20 300
2 66 40 53 0 12 0 T 0.0 0 4.8 12 310 M M 0 16 310
3 72 43 58 5 7 0 0.00 0.0 0 3.7 10 330 M M 0 8 13 340
4 73 47 60 7 5 0 0.00 0.0 0 4.8 15 230 M M 2 18 19 230
5 64 54 59 6 6 0 0.00 0.0 0 4.6 16 250 M M 7 22 240
6 62 51 57 4 8 0 0.01 0.0 0 8.2 23 250 M M 9 18 30 240
7 63 50 57 4 8 0 0.03 0.0 0 7.1 20 250 M M 8 18 25 240
8 60 46 53 0 12 0 0.02 M 0 4.9 16 260 M M 4 1 20 260
9 67 48 58 5 7 0 T M 0 3.9 13 130 M M 5 15 120
10 70 53 62 9 3 0 0.15 M M 4.8 15 240 M M 8 1 19 130
11 67 49 58 5 7 0 0.00 M M 5.0 14 270 M M 1 19 310
12 62 46 54 1 11 0 0.00 M M 2.8 10 250 M M 2 12 13 250
13 65 50 58 5 7 0 0.00 M M 9.7 22 220 M M 7 30 230
14 61 52 57 4 8 0 1.12 M M 8.7 21 210 M M 8 18 28 220
15 57 50 54 1 11 0 0.90 M M 7.0 13 190 M M 10 18 23 170
16 56 44 50 -3 15 0 1.10 M M 4.2 10 260 M M 6 1 M M
17 56 44 50 -3 15 0 0.17 M M 4.7 17 250 M M 5 20 250
18 59 45 52 -1 13 0 0.01 M M 7.1 16 260 M M 8 20 270
19 60 47 54 1 11 0 0.01 M M 6.8 18 270 M M 6 26 220
20 62 48 55 2 10 0 0.00 M M 6.2 14 240 M M 6 17 250
21 65 52 59 6 6 0 0.43 M M 6.0 14 140 M M 9 16 160
22 64 50 57 4 8 0 0.52 M M 3.6 13 220 M M 9 1 17 160
23 57 51 54 1 11 0 0.02 M M 5.0 13 290 M M 10 17 280
24 61 51 56 3 9 0 0.69 M M 7.3 18 230 M M 9 1 25 220
25 56 46 51 -2 14 0 0.62 M M 8.2 17 270 M M 7 1 23 270
26 57 43 50 -3 15 0 0.24 M M 7.2 14 280 M M 5 1 19 300
27 59 48 54 1 11 0 0.00 M M 8.0 15 300 M M 7 19 300
28 61 50 56 3 9 0 0.02 M M 5.3 14 260 M M 9 16 250
29 61 50 56 3 9 0 0.02 M M 5.3 20 260 M M 8 24 260
30 63 51 57 4 8 0 0.01 M M 5.9 14 310 M M 5 1 20 300
31 64 49 57 4 8 0 0.00 M M 5.8 14 280 M M 2 16 310
================================================================================
SM 1924 1491 300 0 6.10 0.0 182.5 M 189
================================================================================
AV 62.1 48.1 5.9 FASTST M M 6 MAX(MPH)
MISC ----> 23 250 # 30 240
================================================================================
NOTES:
# LAST OF SEVERAL OCCURRENCES
COLUMN 17 PEAK WIND IN M.P.H.
PRELIMINARY LOCAL CLIMATOLOGICAL DATA (WS FORM: F-6) , PAGE 2
STATION: MONTEREY AIRPORT
MONTH: MARCH
YEAR: 2020
LATITUDE: 36 34 N
LONGITUDE: 121 51 W
[TEMPERATURE DATA] [PRECIPITATION DATA] SYMBOLS USED IN COLUMN 16
AVERAGE MONTHLY: 55.1 TOTAL FOR MONTH: 6.10 1 = FOG OR MIST
DPTR FM NORMAL: 1.9 DPTR FM NORMAL: 3.34 2 = FOG REDUCING VISIBILITY
HIGHEST: 73 ON 4 GRTST 24HR 1.80 ON 14-15 TO 1/4 MILE OR LESS
LOWEST: 40 ON 2 3 = THUNDER
SNOW, ICE PELLETS, HAIL 4 = ICE PELLETS
TOTAL MONTH: 0.0 INCH 5 = HAIL
GRTST 24HR 0.0 6 = FREEZING RAIN OR DRIZZLE
GRTST DEPTH: 0 7 = DUSTSTORM OR SANDSTORM:
VSBY 1/2 MILE OR LESS
8 = SMOKE OR HAZE
[NO. OF DAYS WITH] [WEATHER - DAYS WITH] 9 = BLOWING SNOW
X = TORNADO
MAX 32 OR BELOW: 0 0.01 INCH OR MORE: 20
MAX 90 OR ABOVE: 0 0.10 INCH OR MORE: 10
MIN 32 OR BELOW: 0 0.50 INCH OR MORE: 6
MIN 0 OR BELOW: 0 1.00 INCH OR MORE: 2
[HDD (BASE 65) ]
TOTAL THIS MO. 300 CLEAR (SCALE 0-3) 6
DPTR FM NORMAL -68 PTCLDY (SCALE 4-7) 14
TOTAL FM JUL 1 1809 CLOUDY (SCALE 8-10) 11
DPTR FM NORMAL -662
[CDD (BASE 65) ]
TOTAL THIS MO. 0
DPTR FM NORMAL 0 [PRESSURE DATA]
TOTAL FM JAN 1 0 HIGHEST SLP M ON M
DPTR FM NORMAL 0 LOWEST SLP 29.77 ON 13
[REMARKS]
#FINAL-03-20#