000
CXUS53 KMKX 011330 CCB
CF6MSN
PRELIMINARY LOCAL CLIMATOLOGICAL DATA (WS FORM: F-6)
STATION: MADISON WI
MONTH: AUGUST
YEAR: 2022
LATITUDE: 43 7 N
LONGITUDE: 89 20 W
TEMPERATURE IN F: :PCPN: SNOW: WIND :SUNSHINE: SKY :PK WND
================================================================================
1 2 3 4 5 6A 6B 7 8 9 10 11 12 13 14 15 16 17 18
12Z AVG MX 2MIN
DY MAX MIN AVG DEP HDD CDD WTR SNW DPTH SPD SPD DIR MIN PSBL S-S WX SPD DR
================================================================================
1 82 63 73 2 0 8 0.35 0.0 0 6.4 16 330 M M 6 13 24 340
2 87 59 73 2 0 8 0.00 0.0 0 10.8 22 190 M M 2 1 31 180
3 83 69 76 5 0 11 0.53 0.0 0 5.6 18 320 M M 6 13 26 320
4 84 63 74 3 0 9 0.00 0.0 0 6.3 12 40 M M 2 1 17 40
5 86 57 72 1 0 7 0.00 0.0 0 5.0 15 160 M M 1 19 180
6 91 72 82 11 0 17 1.08 0.0 0 7.9 26 320 M M 7 13 42 310
7 81 72 77 6 0 12 0.66 0.0 0 4.5 13 190 M M 9 13 18 210
8 77 60 69 -2 0 4 0.40 0.0 0 7.1 17 360 M M 7 13 24 330
9 80 55 68 -3 0 3 0.00 0.0 0 1.1 7 340 M M 1 12 10 300
10 83 58 71 0 0 6 T 0.0 0 2.6 10 10 M M 2 16 10
11 79 58 69 -1 0 4 0.00 0.0 0 6.3 15 40 M M 4 19 40
12 67 53 60 -10 5 0 0.02 0.0 0 3.7 12 160 M M 6 14 170
13 73 65 69 -1 0 4 0.01 0.0 0 8.1 22 190 M M 8 1 33 190
14 72 61 67 -3 0 2 T 0.0 0 7.4 15 20 M M 9 1 19 20
15 78 56 67 -3 0 2 0.00 0.0 0 5.0 13 70 M M 5 12 18 70
16 80 55 68 -2 0 3 0.00 0.0 0 4.1 10 70 M M 3 1 M M
17 82 52 67 -3 0 2 0.00 0.0 0 2.3 12 50 M M 4 15 50
18 81 56 69 -1 0 4 0.00 0.0 0 4.6 12 200 M M 4 1 19 200
19 79 64 72 2 0 7 0.01 0.0 0 9.3 21 170 M M 7 28 150
20 74 64 69 0 0 4 0.18 0.0 0 5.5 14 160 M M 9 1 17 160
21 79 60 70 1 0 5 0.00 0.0 0 5.5 14 20 M M 7 12 17 20
22 81 52 67 -2 0 2 0.00 0.0 0 2.2 14 20 M M 4 12 18 20
23 83 58 71 2 0 6 0.00 0.0 0 2.0 9 270 M M 3 1 13 260
24 82 58 70 1 0 5 0.17 0.0 0 4.6 14 190 M M 5 13 19 200
25 79 64 72 4 0 7 1.86 0.0 0 5.8 18 160 M M 8 13 20 160
26 78 61 70 2 0 5 0.00 0.0 0 4.9 10 20 M M 4 13 50
27 77 57 67 -1 0 2 0.45 0.0 0 7.2 16 160 M M 5 13 24 170
28 83 64 74 6 0 9 0.04 0.0 0 7.5 17 160 M M 6 3 25 150
29 82 67 75 7 0 10 0.00 0.0 0 6.0 12 260 M M 5 22 270
30 77 62 70 3 0 5 0.00 0.0 0 6.6 17 310 M M 1 29 310
31 84 59 72 5 0 7 0.00 0.0 0 3.3 12 300 M M 0 18 300
================================================================================
SM 2484 1874 5 180 5.76 0.0 169.2 M 150
================================================================================
AV 80.1 60.5 5.5 FASTST M M 5 MAX(MPH)
MISC ----> 26 320 42 310
================================================================================
NOTES:
# LAST OF SEVERAL OCCURRENCES
COLUMN 17 PEAK WIND IN M.P.H.
PRELIMINARY LOCAL CLIMATOLOGICAL DATA (WS FORM: F-6) , PAGE 2
STATION: MADISON WI
MONTH: AUGUST
YEAR: 2022
LATITUDE: 43 7 N
LONGITUDE: 89 20 W
[TEMPERATURE DATA] [PRECIPITATION DATA] SYMBOLS USED IN COLUMN 16
AVERAGE MONTHLY: 70.3 TOTAL FOR MONTH: 5.76 1 = FOG OR MIST
DPTR FM NORMAL: 0.6 DPTR FM NORMAL: 1.60 2 = FOG REDUCING VISIBILITY
HIGHEST: 91 ON 6 GRTST 24HR 2.02 ON 24-25 TO 1/4 MILE OR LESS
LOWEST: 52 ON 22,17 3 = THUNDER
SNOW, ICE PELLETS, HAIL 4 = ICE PELLETS
TOTAL MONTH: 0.0 INCH 5 = HAIL
GRTST 24HR 0.0 6 = FREEZING RAIN OR DRIZZLE
GRTST DEPTH: 0 7 = DUSTSTORM OR SANDSTORM:
VSBY 1/2 MILE OR LESS
8 = SMOKE OR HAZE
[NO. OF DAYS WITH] [WEATHER - DAYS WITH] 9 = BLOWING SNOW
X = TORNADO
MAX 32 OR BELOW: 0 0.01 INCH OR MORE: 13
MAX 90 OR ABOVE: 1 0.10 INCH OR MORE: 9
MIN 32 OR BELOW: 0 0.50 INCH OR MORE: 4
MIN 0 OR BELOW: 0 1.00 INCH OR MORE: 2
[HDD (BASE 65) ]
TOTAL THIS MO. 5 CLEAR (SCALE 0-3) 9
DPTR FM NORMAL -15 PTCLDY (SCALE 4-7) 17
TOTAL FM JUL 1 5 CLOUDY (SCALE 8-10) 5
DPTR FM NORMAL -21
[CDD (BASE 65) ]
TOTAL THIS MO. 180
DPTR FM NORMAL 14 [PRESSURE DATA]
TOTAL FM JAN 1 703 HIGHEST SLP M ON M
DPTR FM NORMAL 140 LOWEST SLP 29.69 ON 3
[REMARKS]
#FINAL-08-22#