000
CXUS53 KMKX 011953 CCA
CLSMSN
CLIMATE REPORT
NATIONAL WEATHER SERVICE MILWAUKEE/SULLIVAN WI
1107 AM CST TUE MAR 01 2022
...................................
...THE MADISON WI CLIMATE SUMMARY FOR THE SEASON, FROM
12/1/2021 TO 2/28/2022...
CLIMATE NORMAL PERIOD 1991 TO 2020
CLIMATE RECORD PERIOD 1871 TO 2022
WEATHER OBSERVED NORMAL DEPART LAST YEAR`S
VALUE DATE(S) VALUE FROM VALUE DATE(S)
NORMAL
................................................................
TEMPERATURE (F)
RECORD
HIGH 68 02/22/2017
LOW -37 01/30/1951
HIGHEST 68R 12/15 53 15 53 12/23
02/27
LOWEST -18 01/26 -17 -1 -18 02/09
AVG. MAXIMUM 31.1 30.2 0.9 28.1
AVG. MINIMUM 13.3 15.0 -1.7 12.3
MEAN 22.2 22.6 -0.4 20.2
DAYS MAX >= 90 0 0.0 0.0 0
DAYS MAX <= 32 48 49.3 -1.3 57
DAYS MIN <= 32 88 84.4 3.6 89
DAYS MIN <= 0 13 14.9 -1.9 17
PRECIPITATION (INCHES)
RECORD
MAXIMUM 9.27 1886
MINIMUM 0.79 1899
TOTALS 2.57 4.62 -2.05 3.26
DAILY AVG. 0.03 0.05 -0.02 0.04
DAYS >= .01 27 30.3 -3.3 27
DAYS >= .10 8 13.1 -5.1 13
DAYS >= .50 1 2.0 -1.0 0
DAYS >= 1.00 0 0.4 -0.4 0
GREATEST
24 HR. TOTAL 0.86 12/10 TO 12/11 0.53
SNOWFALL (INCHES)
RECORDS
TOTAL 88.3 2008
TOTALS 21.0 38.5 -17.5 27.5
SINCE 7/1 21.6 42.1 -20.5 43.2
SNOWDEPTH AVG. 2 8
DAYS >= 1.0 7 10.8 -3.8 10
GREATEST
SNOW DEPTH 8 01/24 16 02/22
24 HR TOTAL 3.4 01/22 TO 01/22 5.2
DEGREE DAYS
HEATING TOTAL 3830 3820 10 3986
SINCE 7/1 5039 5327 -288 5452
COOLING TOTAL 0 0 0 0
SINCE 1/1 0 0 0 0
FREEZE DATES
RECORD
EARLIEST 09/12/1955
LATEST 05/31/1966
EARLIEST 10/22
LATEST 05/11
................................................................
WIND (MPH)
AVERAGE WIND SPEED 8.1
RESULTANT WIND SPEED/DIRECTION 1/270
HIGHEST WIND SPEED/DIRECTION 37/170 DATE 12/15
HIGHEST GUST SPEED/DIRECTION 56/190 DATE 12/15
SKY COVER
AVERAGE SKY COVER 0.62
NUMBER OF DAYS FAIR 12
NUMBER OF DAYS PC 47
NUMBER OF DAYS CLOUDY 31
AVERAGE RH (PERCENT) 70
WEATHER CONDITIONS. NUMBER OF DAYS WITH
THUNDERSTORM 3 MIXED PRECIP 0
HEAVY RAIN 1 RAIN 1
LIGHT RAIN 13 FREEZING RAIN 0
LT FREEZING RAIN 9 HAIL 0
HEAVY SNOW 1 SNOW 2
LIGHT SNOW 38 SLEET 4
FOG 35 FOG W/VIS <= 1/4 MILE 3
HAZE 10
- INDICATES NEGATIVE NUMBERS.
R INDICATES RECORD WAS SET OR TIED.
MM INDICATES DATA IS MISSING.
T INDICATES TRACE AMOUNT.
$$