000
CXUS55 KMSO 050209
CF6MSO
PRELIMINARY LOCAL CLIMATOLOGICAL DATA (WS FORM: F-6)
STATION: MISSOULA MT
MONTH: FEBRUARY
YEAR: 2021
LATITUDE: 46 55 N
LONGITUDE: 114 5 W
TEMPERATURE IN F: :PCPN: SNOW: WIND :SUNSHINE: SKY :PK WND
================================================================================
1 2 3 4 5 6A 6B 7 8 9 10 11 12 13 14 15 16 17 18
12Z AVG MX 2MIN
DY MAX MIN AVG DEP HDD CDD WTR SNW DPTH SPD SPD DIR MIN PSBL S-S WX SPD DR
================================================================================
1 45 31 38 10 27 0 0.00 0.0 0 7.9 17 110 M M 7 22 110
2 45 30 38 10 27 0 0.11 0.0 0 6.4 28 320 M M 9 1 37 290
3 34 26 30 2 35 0 0.04 0.4 T 2.4 9 290 M M 8 12 11 300
4 34 24 29 1 36 0 0.03 0.4 T 2.4 12 340 M M 9 1 16 360
5 42 29 36 8 29 0 0.13 2.5 1 7.3 23 310 M M 10 1 29 300
6 36 30 33 5 32 0 0.16 3.2 T 2.8 13 260 M M 9 12 14 260
7 32 12 22 -6 43 0 0.05 0.8 3 10.4 23 110 M M 7 1 27 120
8 23 11 17 -11 48 0 0.11 2.4 3 2.1 12 130 M M 10 12 14 120
9 21 11 16 -13 49 0 0.03 0.6 5 4.6 16 20 M M 10 18 21 20
10 22 13 18 -11 47 0 0.01 0.3 4 2.7 14 10 M M 10 18 17 360
11 17 -3 7 -22 58 0 0.04 0.7 5 15.5 23 110 M M 8 18 26 120
12 8 -5 2 -27 63 0 0.00 0.0 4 14.6 24 120 M M 3 8 30 120
13 12 -1 6 -23 59 0 0.00 0.0 4 21.7 30 120 M M 7 8 35 120
14 14 4 9 -21 56 0 0.03 0.7 4 11.1 23 120 M M 10 18 29 120
15 20 10 15 -15 50 0 0.16 2.3 3 0.8 6 300 M M 10 12 6 290
16 31 20 26 -4 39 0 0.04 0.5 6 1.9 7 120 M M 10 1 9 340
17 32 19 26 -4 39 0 0.01 0.2 5 3.1 14 280 M M 10 128 18 310
18 29 21 25 -5 40 0 0.01 0.4 5 6.0 16 170 M M 7 1 19 160
19 39 21 30 -1 35 0 0.01 0.2 5 2.4 9 130 M M 9 18 10 90
20 36 20 28 -3 37 0 T T 4 5.5 22 280 M M 9 1 27 270
21 42 28 35 4 30 0 T T 4 6.1 23 270 M M 9 27 260
22 47 34 41 9 24 0 0.22 0.0 2 4.4 21 230 M M 10 1 28 220
23 38 28 33 1 32 0 0.08 2.2 1 10.6 32 300 M M 7 12 39 300
24 38 19 29 -3 36 0 T T 2 4.5 17 270 M M 4 1 20 270
25 35 19 27 -5 38 0 T T 0 6.7 22 190 M M 7 1 27 190
26 34 23 29 -4 36 0 0.03 0.8 T 6.0 18 170 M M 9 12 21 170
27 34 18 26 -7 39 0 0.03 0.4 T 3.1 25 290 M M 8 128 32 290
28 33 15 24 -10 41 0 T T T 1.5 9 300 M M 8 1 11 300
================================================================================
SM 873 507 1125 0 1.33 19.0 174.5 M 234
================================================================================
AV 31.2 18.1 6.2 FASTST M M 8 MAX(MPH)
MISC ----> 32 300 39 300
================================================================================
NOTES:
# LAST OF SEVERAL OCCURRENCES
COLUMN 17 PEAK WIND IN M.P.H.
PRELIMINARY LOCAL CLIMATOLOGICAL DATA (WS FORM: F-6) , PAGE 2
STATION: MISSOULA MT
MONTH: FEBRUARY
YEAR: 2021
LATITUDE: 46 55 N
LONGITUDE: 114 5 W
[TEMPERATURE DATA] [PRECIPITATION DATA] SYMBOLS USED IN COLUMN 16
AVERAGE MONTHLY: 24.6 TOTAL FOR MONTH: 1.33 1 = FOG OR MIST
DPTR FM NORMAL: -5.4 DPTR FM NORMAL: 0.63 2 = FOG REDUCING VISIBILITY
HIGHEST: 47 ON 22 GRTST 24HR 0.22 ON 22-22 TO 1/4 MILE OR LESS
LOWEST: -5 ON 12 3 = THUNDER
SNOW, ICE PELLETS, HAIL 4 = ICE PELLETS
TOTAL MONTH: 19.0 INCHES 5 = HAIL
GRTST 24HR 3.2 ON 6- 6 6 = FREEZING RAIN OR DRIZZLE
GRTST DEPTH: 6 ON 16 7 = DUSTSTORM OR SANDSTORM:
VSBY 1/2 MILE OR LESS
8 = SMOKE OR HAZE
[NO. OF DAYS WITH] [WEATHER - DAYS WITH] 9 = BLOWING SNOW
X = TORNADO
MAX 32 OR BELOW: 12 0.01 INCH OR MORE: 20
MAX 90 OR ABOVE: 0 0.10 INCH OR MORE: 6
MIN 32 OR BELOW: 27 0.50 INCH OR MORE: 0
MIN 0 OR BELOW: 3 1.00 INCH OR MORE: 0
[HDD (BASE 65) ]
TOTAL THIS MO. 1125 CLEAR (SCALE 0-3) 0
DPTR FM NORMAL 145 PTCLDY (SCALE 4-7) 9
TOTAL FM JUL 1 5222 CLOUDY (SCALE 8-10) 19
DPTR FM NORMAL -147
[CDD (BASE 65) ]
TOTAL THIS MO. 0
DPTR FM NORMAL 0 [PRESSURE DATA]
TOTAL FM JAN 1 0 HIGHEST SLP 30.54 ON 24
DPTR FM NORMAL 0 LOWEST SLP 29.67 ON 6
[REMARKS]
#FINAL-02-21#