000
CXUS55 KMSO 020141
CF6MSO
PRELIMINARY LOCAL CLIMATOLOGICAL DATA (WS FORM: F-6)
STATION: MISSOULA MT
MONTH: OCTOBER
YEAR: 2020
LATITUDE: 46 55 N
LONGITUDE: 114 5 W
TEMPERATURE IN F: :PCPN: SNOW: WIND :SUNSHINE: SKY :PK WND
================================================================================
1 2 3 4 5 6A 6B 7 8 9 10 11 12 13 14 15 16 17 18
12Z AVG MX 2MIN
DY MAX MIN AVG DEP HDD CDD WTR SNW DPTH SPD SPD DIR MIN PSBL S-S WX SPD DR
================================================================================
1 70 37 54 3 11 0 0.00 0.0 0 1.2 7 150 M M 0 16 60
2 78 43 61 10 4 0 0.00 0.0 0 1.9 12 10 M M 1 15 360
3 76 40 58 8 7 0 0.00 0.0 0 1.4 7 320 M M 0 8 160
4 79 39 59 9 6 0 0.00 0.0 0 4.5 25 290 M M 0 1 30 290
5 78 37 58 9 7 0 0.00 0.0 0 4.4 17 300 M M 1 24 340
6 80 40 60 11 5 0 0.00 0.0 0 1.4 9 350 M M 0 10 350
7 80 41 61 12 4 0 0.00 0.0 0 0.3 9 350 M M 0 8 10 340
8 77 37 57 9 8 0 0.00 0.0 0 4.6 22 280 M M 0 8 26 260
9 77 41 59 11 6 0 0.00 0.0 0 3.4 17 230 M M 1 18 23 220
10 64 33 49 2 16 0 0.09 0.0 0 5.2 30 240 M M 4 18 40 270
11 53 41 47 0 18 0 0.04 0.0 0 7.0 23 240 M M 8 28 240
12 58 41 50 4 15 0 0.21 0.0 0 9.5 25 280 M M 7 1 32 280
13 53 36 45 -1 20 0 0.23 0.0 0 7.1 31 270 M M 8 1 48 280
14 53 38 46 0 19 0 0.13 0.0 0 7.5 28 300 M M 9 1 33 260
15 53 35 44 -1 21 0 0.01 0.0 0 5.8 28 280 M M 7 128 33 280
16 57 38 48 3 17 0 0.17 0.0 0 4.6 20 310 M M 10 1 28 320
17 50 40 45 0 20 0 0.38 0.0 0 5.8 15 260 M M 10 1 18 260
18 42 33 38 -6 27 0 0.12 T 0 6.5 17 120 M M 10 146 20 100
19 53 38 46 2 19 0 0.27 0.0 0 4.1 17 300 M M 10 1 21 290
20 52 38 45 1 20 0 0.03 0.0 0 5.2 14 280 M M 8 1 17 260
21 50 32 41 -2 24 0 0.25 0.4 0 8.0 24 260 M M 9 12 30 260
22 34 24 29 -14 36 0 0.00 0.0 T 11.4 24 120 M M 7 28 120
23 28 20 24 -18 41 0 0.67 8.4 0 4.4 14 130 M M 7 128 17 140
24 28 11 20 -22 45 0 0.33 5.4 13 11.6 22 120 M M 7 128 25 120
25 20 -7 7 -35 58 0 0.00 0.0 10 4.6 14 120 M M 0 17 120
26 18 -5 7 -34 58 0 0.00 0.0 8 0.9 6 240 M M 6 1 6 250
27 36 14 25 -16 40 0 0.00 0.0 6 1.2 7 250 M M 4 1 8 230
28 40 16 28 -13 37 0 0.00 0.0 5 1.0 7 230 M M 3 128 10 230
29 46 20 33 -7 32 0 T T 3 1.4 8 280 M M 5 128 12 260
30 53 19 36 -4 29 0 0.03 0.0 2 5.6 43 240 M M 5 12 59 260
31 49 26 38 -2 27 0 0.00 0.0 1 3.3 8 350 M M 0 10 260
================================================================================
SM 1685 936 697 0 2.96 14.2 144.8 M 147
================================================================================
AV 54.4 30.2 4.7 FASTST M M 5 MAX(MPH)
MISC ----> 43 240 59 260
================================================================================
NOTES:
# LAST OF SEVERAL OCCURRENCES
COLUMN 17 PEAK WIND IN M.P.H.
PRELIMINARY LOCAL CLIMATOLOGICAL DATA (WS FORM: F-6) , PAGE 2
STATION: MISSOULA MT
MONTH: OCTOBER
YEAR: 2020
LATITUDE: 46 55 N
LONGITUDE: 114 5 W
[TEMPERATURE DATA] [PRECIPITATION DATA] SYMBOLS USED IN COLUMN 16
AVERAGE MONTHLY: 42.3 TOTAL FOR MONTH: 2.96 1 = FOG OR MIST
DPTR FM NORMAL: -2.8 DPTR FM NORMAL: 2.08 2 = FOG REDUCING VISIBILITY
HIGHEST: 80 ON 7, 6 GRTST 24HR 1.06 ON 23-24 TO 1/4 MILE OR LESS
LOWEST: -7 ON 25 3 = THUNDER
SNOW, ICE PELLETS, HAIL 4 = ICE PELLETS
TOTAL MONTH: 14.2 INCHES 5 = HAIL
GRTST 24HR 8.4 ON 23-23 6 = FREEZING RAIN OR DRIZZLE
GRTST DEPTH: 13 ON 24 7 = DUSTSTORM OR SANDSTORM:
VSBY 1/2 MILE OR LESS
8 = SMOKE OR HAZE
[NO. OF DAYS WITH] [WEATHER - DAYS WITH] 9 = BLOWING SNOW
X = TORNADO
MAX 32 OR BELOW: 4 0.01 INCH OR MORE: 15
MAX 90 OR ABOVE: 0 0.10 INCH OR MORE: 10
MIN 32 OR BELOW: 11 0.50 INCH OR MORE: 1
MIN 0 OR BELOW: 2 1.00 INCH OR MORE: 0
[HDD (BASE 65) ]
TOTAL THIS MO. 697 CLEAR (SCALE 0-3) 11
DPTR FM NORMAL 80 PTCLDY (SCALE 4-7) 11
TOTAL FM JUL 1 948 CLOUDY (SCALE 8-10) 9
DPTR FM NORMAL 6
[CDD (BASE 65) ]
TOTAL THIS MO. 0
DPTR FM NORMAL 0 [PRESSURE DATA]
TOTAL FM JAN 1 326 HIGHEST SLP 30.79 ON 25
DPTR FM NORMAL -6 LOWEST SLP 29.54 ON 10
[REMARKS]
#FINAL-10-20#