291
CXUS54 KLIX 010910
CF6MSY
PRELIMINARY LOCAL CLIMATOLOGICAL DATA (WS FORM: F-6)
STATION: NEW ORLEANS
MONTH: NOVEMBER
YEAR: 2020
LATITUDE: 29 58 N
LONGITUDE: 90 15 W
TEMPERATURE IN F: :PCPN: SNOW: WIND :SUNSHINE: SKY :PK WND
================================================================================
1 2 3 4 5 6A 6B 7 8 9 10 11 12 13 14 15 16 17 18
12Z AVG MX 2MIN
DY MAX MIN AVG DEP HDD CDD WTR SNW DPTH SPD SPD DIR MIN PSBL S-S WX SPD DR
================================================================================
1 75 56 66 -1 0 1 0.00 0.0 M 10.1 18 20 M M 1 18 26 20
2 68 54 61 -5 4 0 0.00 0.0 M 11.5 21 40 M M 1 31 20
3 70 47 59 -7 6 0 0.00 0.0 M 3.6 10 50 M M 1 16 50
4 75 49 62 -4 3 0 0.00 0.0 M 4.7 14 100 M M 1 1 17 60
5 75 53 64 -2 1 0 0.00 0.0 M 4.6 10 100 M M 5 1 14 30
6 78 64 71 6 0 6 0.00 0.0 M 8.3 16 60 M M 6 20 60
7 74 68 71 6 0 6 0.36 0.0 M 7.1 15 70 M M 9 13 21 40
8 78 69 74 9 0 9 0.02 0.0 M 10.4 23 100 M M 9 26 100
9 81 69 75 11 0 10 0.00 0.0 M 7.0 15 60 M M 3 19 50
10 79 72 76 12 0 11 0.01 0.0 M 5.3 12 80 M M 9 18 14 50
11 81 72 77 13 0 12 0.00 0.0 M 5.4 10 360 M M 8 128 14 360
12 81 62 72 8 0 7 0.00 0.0 M 5.4 10 320 M M 4 18 14 350
13 80 60 70 7 0 5 0.00 0.0 M 3.9 12 40 M M 0 14 40
14 81 59 70 7 0 5 0.00 0.0 M 6.9 17 150 M M 2 18 22 150
15 83 63 73 10 0 8 0.00 0.0 M 9.7 21 350 M M 4 1 33 340
16 69 58 64 2 1 0 0.00 0.0 M 9.5 18 60 M M 1 26 50
17 73 49 61 -1 4 0 0.00 0.0 M 8.6 18 50 M M 1 26 50
18 70 52 61 -1 4 0 0.00 0.0 M 8.8 21 100 M M 1 25 100
19 75 56 66 4 0 1 T 0.0 M 9.3 18 100 M M 2 24 100
20 77 62 70 9 0 5 0.00 0.0 M 8.3 20 100 M M 2 24 100
21 77 59 68 7 0 3 0.00 0.0 M 6.2 16 100 M M 3 1 20 110
22 78 58 68 7 0 3 0.00 0.0 M 3.5 10 50 M M 2 1 16 30
23 68 56 62 1 3 0 0.00 0.0 M 8.1 15 30 M M 4 8 21 40
24 78 52 65 5 0 0 0.00 0.0 M 8.3 18 150 M M 3 8 23 170
25 80 68 74 14 0 9 3.68 0.0 M 9.0 21 160 M M 7 138 35 70
26 73 65 69 9 0 4 0.07 0.0 M 4.4 10 70 M M 10 128 13 70
27 82 67 75 15 0 10 0.36 0.0 M 6.1 18 360 M M 9 1 23 10
28 69 64 67 8 0 2 0.03 0.0 M 6.6 13 30 M M 10 17 50
29 72 53 63 4 2 0 1.86 0.0 M 13.0 26 300 M M 10 1 40 180
30 55 45 50 -9 15 0 0.00 0.0 M 15.0 24 310 M M 4 33 350
================================================================================
SM 2255 1781 43 117 6.39 0.0 228.6 M 132
================================================================================
AV 75.2 59.4 7.6 FASTST M M 4 MAX(MPH)
MISC ----> 26 300 40 180
================================================================================
NOTES:
# LAST OF SEVERAL OCCURRENCES
COLUMN 17 PEAK WIND IN M.P.H.
PRELIMINARY LOCAL CLIMATOLOGICAL DATA (WS FORM: F-6) , PAGE 2
STATION: NEW ORLEANS
MONTH: NOVEMBER
YEAR: 2020
LATITUDE: 29 58 N
LONGITUDE: 90 15 W
[TEMPERATURE DATA] [PRECIPITATION DATA] SYMBOLS USED IN COLUMN 16
AVERAGE MONTHLY: 67.3 TOTAL FOR MONTH: 6.39 1 = FOG OR MIST
DPTR FM NORMAL: 4.6 DPTR FM NORMAL: 1.90 2 = FOG REDUCING VISIBILITY
HIGHEST: 83 ON 15 GRTST 24HR 3.68 ON 25-25 TO 1/4 MILE OR LESS
LOWEST: 45 ON 30 3 = THUNDER
SNOW, ICE PELLETS, HAIL 4 = ICE PELLETS
TOTAL MONTH: 0.0 INCH 5 = HAIL
GRTST 24HR 0.0 6 = FREEZING RAIN OR DRIZZLE
GRTST DEPTH: M ON M 7 = DUSTSTORM OR SANDSTORM:
VSBY 1/2 MILE OR LESS
8 = SMOKE OR HAZE
[NO. OF DAYS WITH] [WEATHER - DAYS WITH] 9 = BLOWING SNOW
X = TORNADO
MAX 32 OR BELOW: 0 0.01 INCH OR MORE: 8
MAX 90 OR ABOVE: 0 0.10 INCH OR MORE: 4
MIN 32 OR BELOW: 0 0.50 INCH OR MORE: 2
MIN 0 OR BELOW: 0 1.00 INCH OR MORE: 2
[HDD (BASE 65) ]
TOTAL THIS MO. 43 CLEAR (SCALE 0-3) 12
DPTR FM NORMAL -96 PTCLDY (SCALE 4-7) 10
TOTAL FM JUL 1 53 CLOUDY (SCALE 8-10) 8
DPTR FM NORMAL -111
[CDD (BASE 65) ]
TOTAL THIS MO. 117
DPTR FM NORMAL 48 [PRESSURE DATA]
TOTAL FM JAN 1 3718 HIGHEST SLP 30.48 ON 18
DPTR FM NORMAL 740 LOWEST SLP 29.76 ON 29
[REMARKS]
#FINAL-11-20#