000
CXUS52 KKEY 012127 CCB
CF6MTH
PRELIMINARY LOCAL CLIMATOLOGICAL DATA (WS FORM: F-6)...CORRECTED
STATION: MARATHON
MONTH: JANUARY
YEAR: 2022
LATITUDE: 24 43 N
LONGITUDE: 81 5 W
TEMPERATURE IN F: :PCPN: SNOW: WIND :SUNSHINE: SKY :PK WND
================================================================================
1 2 3 4 5 6A 6B 7 8 9 10 11 12 13 14 15 16 17 18
12Z AVG MX 2MIN
DY MAX MIN AVG DEP HDD CDD WTR SNW DPTH SPD SPD DIR MIN PSBL S-S WX SPD DR
================================================================================
1 83 74 79 8 0 14 0.00 0.0 0 9.1 14 130 M M 1 21 130
2 83 73 78 8 0 13 T 0.0 0 7.6 13 170 M M 1 23 140
3 84 66 75 5 0 10 0.03 0.0 0 9.2 17 330 M M 4 1 31 330
4 76 62 69 -1 0 4 T 0.0 0 7.4 15 50 M M 7 20 50
5 79 67 73 3 0 8 T 0.0 0 6.3 12 290 M M 3 20 100
6 77 66 72 2 0 7 0.00 0.0 0 5.3 13 40 M M 2 17 50
7 85 70 78 8 0 13 0.00 0.0 0 3.3 12 160 M M 2 1 18 160
8 82 73 78 8 0 13 0.12 0.0 0 10.3 20 70 M M 3 18 29 70
9 81 75 78 8 0 13 T 0.0 0 9.5 16 90 M M 2 26 90
10 82 69 76 6 0 11 0.08 0.0 0 6.4 18 60 M M 2 1 24 50
11 78 68 73 3 0 8 0.00 0.0 0 13.3 21 30 M M 2 27 20
12 76 69 73 3 0 8 T 0.0 0 13.9 21 50 M M 5 30 30
13 77 68 73 3 0 8 T 0.0 0 8.6 15 310 M M 3 24 330
14 72 59 66 -4 0 1 0.00 0.0 0 7.5 16 330 M M 2 28 290
15 77 58 68 -2 0 3 0.00 0.0 0 7.0 17 150 M M 0 28 170
16 79 66 73 3 0 8 0.40 0.0 0 14.0 29 260 M M 5 13 43 260
17 74 63 69 -1 0 4 T 0.0 0 12.3 18 290 M M 5 28 300
18 69 60 65 -5 0 0 0.00 0.0 0 8.5 16 50 M M 0 22 50
19 73 61 67 -3 0 2 0.00 0.0 0 9.2 14 50 M M 3 20 80
20 81 72 77 7 0 12 0.08 0.0 0 5.5 10 140 M M 7 18 19 120
21 81 68 75 5 0 10 0.58 0.0 0 3.0 12 40 M M 3 138 15 50
22 78 67 73 3 0 8 T 0.0 0 6.5 14 360 M M 5 21 360
23 67 60 64 -6 1 0 T 0.0 0 11.0 16 300 M M 8 27 290
24 64 53 59 -11 6 0 0.00 0.0 0 7.9 15 360 M M 1 23 350
25 77 53 65 -5 0 0 0.00 0.0 0 6.3 13 50 M M 0 19 80
26 83 72 78 8 0 13 T 0.0 0 5.2 14 170 M M 3 1 23 170
27 75 69 72 2 0 7 T 0.0 0 6.1 10 300 M M 9 18 17 330
28 73 66 70 0 0 5 T 0.0 0 8.4 15 320 M M 6 24 320
29 68 54 61 -10 4 0 0.01 0.0 0 17.7 26 330 M M 7 1 42 340
30 57 46 52 -19 13 0 0.00 0.0 0 10.8 18 350 M M 0 28 10
31 68 53 61 -10 4 0 0.00 0.0 0 10.2 15 50 M M 1 21 50
================================================================================
SM 2359 2000 28 203 1.30 0.0 267.3 M 102
================================================================================
AV 76.1 64.5 8.6 FASTST M M 3 MAX(MPH)
MISC ----> 29 260 43 260
================================================================================
NOTES:
# LAST OF SEVERAL OCCURRENCES
COLUMN 17 PEAK WIND IN M.P.H.
PRELIMINARY LOCAL CLIMATOLOGICAL DATA (WS FORM: F-6) , PAGE 2
STATION: MARATHON
MONTH: JANUARY
YEAR: 2022
LATITUDE: 24 43 N
LONGITUDE: 81 5 W
[TEMPERATURE DATA] [PRECIPITATION DATA] SYMBOLS USED IN COLUMN 16
AVERAGE MONTHLY: 70.3 TOTAL FOR MONTH: 1.30 1 = FOG OR MIST
DPTR FM NORMAL: 0.3 DPTR FM NORMAL: -0.34 2 = FOG REDUCING VISIBILITY
HIGHEST: 85 ON 7 GRTST 24HR 0.58 ON 21-21 TO 1/4 MILE OR LESS
LOWEST: 46 ON 30 3 = THUNDER
SNOW, ICE PELLETS, HAIL 4 = ICE PELLETS
TOTAL MONTH: 0.0 INCH 5 = HAIL
GRTST 24HR 0.0 6 = FREEZING RAIN OR DRIZZLE
GRTST DEPTH: 0 7 = DUSTSTORM OR SANDSTORM:
VSBY 1/2 MILE OR LESS
8 = SMOKE OR HAZE
[NO. OF DAYS WITH] [WEATHER - DAYS WITH] 9 = BLOWING SNOW
X = TORNADO
MAX 32 OR BELOW: 0 0.01 INCH OR MORE: 7
MAX 90 OR ABOVE: 0 0.10 INCH OR MORE: 3
MIN 32 OR BELOW: 0 0.50 INCH OR MORE: 1
MIN 0 OR BELOW: 0 1.00 INCH OR MORE: 0
[HDD (BASE 65) ]
TOTAL THIS MO. 28 CLEAR (SCALE 0-3) 20
DPTR FM NORMAL -5 PTCLDY (SCALE 4-7) 9
TOTAL FM JUL 1 29 CLOUDY (SCALE 8-10) 2
DPTR FM NORMAL -22
[CDD (BASE 65) ]
TOTAL THIS MO. 203
DPTR FM NORMAL 15 [PRESSURE DATA]
TOTAL FM JAN 1 203 HIGHEST SLP M ON M
DPTR FM NORMAL 15 LOWEST SLP 29.84 ON 16
[REMARKS]
#FINAL-01-22#
CORRECTED GRTST 24HR PRECIPITATION TOTAL.
CORRECTED ALIGNMENT OF SNOW, ICE PELLETS, HAIL TABLE.
CORRECTED SKY COVER TABLE.
CORRECTED HDD DEPARTURE FROM NORMAL SINCE JUL 1.
ROSS