000
CXUS55 KGJT 010910
CF6MTJ
PRELIMINARY LOCAL CLIMATOLOGICAL DATA (WS FORM: F-6)
STATION: MONTROSE CO
MONTH: JUNE
YEAR: 2022
LATITUDE: 38 30 N
LONGITUDE: 107 53 W
TEMPERATURE IN F: :PCPN: SNOW: WIND :SUNSHINE: SKY :PK WND
================================================================================
1 2 3 4 5 6A 6B 7 8 9 10 11 12 13 14 15 16 17 18
12Z AVG MX 2MIN
DY MAX MIN AVG DEP HDD CDD WTR SNW DPTH SPD SPD DIR MIN PSBL S-S WX SPD DR
================================================================================
1 75 45 60 -4 5 0 0.00 M M 7.5 17 310 M M 0 22 350
2 82 44 63 -2 2 0 0.00 M M 7.9 15 330 M M 0 21 340
3 84 49 67 2 0 2 0.00 M M 8.0 23 250 M M 0 31 250
4 86 53 70 5 0 5 0.00 M M 8.8 25 250 M M 0 35 270
5 83 59 71 5 0 6 0.00 M M 5.8 15 320 M M 3 22 310
6 85 51 68 2 0 3 T M M 9.1 30 330 M M 2 8 40 330
7 88 53 71 5 0 6 T M M 6.8 20 330 M M 1 28 330
8 89 51 70 3 0 5 0.00 M M 7.7 15 340 M M 0 20 340
9 94 59 77 10 0 12 0.00 M M 9.4 26 260 M M 0 39 270
10 95 58 77 10 0 12 0.00 M M 7.9 15 140 M M 0 21 340
11 97 59 78 10 0 13 0.00 M M 8.0 25 190 M M 0 35 160
12 93 66 80 12 0 15 0.00 M M 12.1 28 240 M M 0 42 250
13 91 63 77 9 0 12 T M M 18.4 37 190 M M 2 8 54 210
14 82 51 67 -1 0 2 0.00 M M 8.4 26 250 M M 0 36 260
15 83 45 64 -5 1 0 0.00 M M 7.6 14 330 M M 0 20 320
16 95 47 71 2 0 6 0.00 M M 7.6 15 340 M M 0 20 330
17 93 60 77 8 0 12 T M M 9.6 25 150 M M 2 34 220
18 86 58 72 2 0 7 0.12 M M 8.1 32 220 M M 5 13 47 230
19 83 58 71 1 0 6 0.01 M M 11.3 29 190 M M 5 3 40 180
20 82 49 66 -4 0 1 0.00 M M 10.8 24 240 M M 0 34 230
21 86 41 64 -6 1 0 0.00 M M 7.7 16 340 M M 0 22 350
22 87 55 71 0 0 6 0.00 M M 10.0 31 130 M M 1 8 41 180
23 79 54 67 -4 0 2 T M M 7.6 24 180 M M 2 3 34 170
24 81 55 68 -3 0 3 0.00 M M 7.4 26 180 M M 2 3 34 320
25 87 52 70 -1 0 5 T M M 8.3 18 110 M M 1 24 310
26 81 54 68 -4 0 3 0.12 M M 7.6 26 130 M M 3 3 35 130
27 84 49 67 -5 0 2 0.00 M M 5.0 15 150 M M 0 19 140
28 88 55 72 0 0 7 0.00 M M 7.0 18 150 M M 0 23 290
29 90 59 75 3 0 10 0.01 M M 6.6 20 230 M M 2 3 27 300
30 82 62 72 0 0 7 0.17 M M 9.1 24 180 M M 3 38 31 190
================================================================================
SM 2591 1614 9 170 0.43 M 257.1 M 34
================================================================================
AV 86.4 53.8 8.6 FASTST M M 1 MAX(MPH)
MISC ----> 37 190 54 210
================================================================================
NOTES:
# LAST OF SEVERAL OCCURRENCES
COLUMN 17 PEAK WIND IN M.P.H.
PRELIMINARY LOCAL CLIMATOLOGICAL DATA (WS FORM: F-6) , PAGE 2
STATION: MONTROSE CO
MONTH: JUNE
YEAR: 2022
LATITUDE: 38 30 N
LONGITUDE: 107 53 W
[TEMPERATURE DATA] [PRECIPITATION DATA] SYMBOLS USED IN COLUMN 16
AVERAGE MONTHLY: 70.1 TOTAL FOR MONTH: 0.43 1 = FOG OR MIST
DPTR FM NORMAL: 1.4 DPTR FM NORMAL: 0.07 2 = FOG REDUCING VISIBILITY
HIGHEST: 97 ON 11 GRTST 24HR 0.18 ON 29-30 TO 1/4 MILE OR LESS
LOWEST: 41 ON 21 3 = THUNDER
SNOW, ICE PELLETS, HAIL 4 = ICE PELLETS
TOTAL MONTH: M 5 = HAIL
GRTST 24HR M ON M 6 = FREEZING RAIN OR DRIZZLE
GRTST DEPTH: M ON M 7 = DUSTSTORM OR SANDSTORM:
VSBY 1/2 MILE OR LESS
8 = SMOKE OR HAZE
[NO. OF DAYS WITH] [WEATHER - DAYS WITH] 9 = BLOWING SNOW
X = TORNADO
MAX 32 OR BELOW: 0 0.01 INCH OR MORE: 5
MAX 90 OR ABOVE: 8 0.10 INCH OR MORE: 3
MIN 32 OR BELOW: 0 0.50 INCH OR MORE: 0
MIN 0 OR BELOW: 0 1.00 INCH OR MORE: 0
[HDD (BASE 65) ]
TOTAL THIS MO. 9 CLEAR (SCALE 0-3) 26
DPTR FM NORMAL -26 PTCLDY (SCALE 4-7) 4
TOTAL FM JUL 1 5743 CLOUDY (SCALE 8-10) 0
DPTR FM NORMAL -271
[CDD (BASE 65) ]
TOTAL THIS MO. 170
DPTR FM NORMAL 24 [PRESSURE DATA]
TOTAL FM JAN 1 194 HIGHEST SLP M ON M
DPTR FM NORMAL 27 LOWEST SLP 29.38 ON 13
[REMARKS]
#FINAL-06-22#