463
CXUS55 KGJT 011000
CF6MTJ
PRELIMINARY LOCAL CLIMATOLOGICAL DATA (WS FORM: F-6)
STATION: MONTROSE CO
MONTH: SEPTEMBER
YEAR: 2020
LATITUDE: 38 30 N
LONGITUDE: 107 53 W
TEMPERATURE IN F: :PCPN: SNOW: WIND :SUNSHINE: SKY :PK WND
================================================================================
1 2 3 4 5 6A 6B 7 8 9 10 11 12 13 14 15 16 17 18
12Z AVG MX 2MIN
DY MAX MIN AVG DEP HDD CDD WTR SNW DPTH SPD SPD DIR MIN PSBL S-S WX SPD DR
================================================================================
1 73 48 61 -6 4 0 0.17 M M 6.3 24 120 M M 2 1 31 110
2 84 48 66 -1 0 1 0.00 M M 6.8 15 140 M M 0 21 320
3 88 50 69 2 0 4 0.00 M M 7.6 15 150 M M 0 17 150
4 93 49 71 5 0 6 0.00 M M 6.9 15 140 M M 0 18 130
5 95 52 74 8 0 9 0.00 M M 7.4 14 130 M M 0 17 130
6 94 53 74 8 0 9 0.00 M M 7.3 15 140 M M 0 18 140
7 86 54 70 5 0 5 0.00 M M 7.3 15 140 M M 2 8 18 140
8 65 37 51 -14 14 0 0.18 M M 10.1 28 310 M M 7 18 35 320
9 50 36 43 -22 22 0 0.00 M M 6.0 14 330 M M 9 17 340
10 55 41 48 -16 17 0 0.21 M M 4.0 16 320 M M 9 1 22 320
11 67 43 55 -9 10 0 0.00 M M 3.8 10 140 M M 4 1 13 360
12 75 41 58 -6 7 0 0.00 M M 7.2 14 140 M M 0 17 140
13 82 44 63 0 2 0 0.00 M M 7.3 14 140 M M 0 18 10
14 83 47 65 2 0 0 0.00 M M 8.0 17 320 M M 0 23 320
15 84 47 66 3 0 1 0.00 M M 6.9 14 300 M M 0 19 300
16 81 46 64 2 1 0 0.00 M M 8.0 14 130 M M 0 8 17 140
17 84 45 65 3 0 0 0.00 M M 6.6 14 130 M M 0 8 18 130
18 85 51 68 7 0 3 0.00 M M 7.7 13 130 M M 0 16 150
19 83 58 71 10 0 6 0.00 M M 9.4 22 240 M M 1 8 31 240
20 84 54 69 8 0 4 0.00 M M 6.8 20 250 M M 2 27 250
21 84 52 68 8 0 3 0.00 M M 8.0 23 150 M M 1 34 190
22 80 50 65 5 0 0 0.00 M M 7.4 21 320 M M 1 26 310
23 81 49 65 6 0 0 0.00 M M 7.1 16 130 M M 0 20 300
24 85 46 66 7 0 1 0.00 M M 7.2 15 130 M M 0 18 140
25 88 52 70 11 0 5 0.00 M M 8.1 21 270 M M 0 26 270
26 84 52 68 10 0 3 0.00 M M 6.8 17 310 M M 0 23 260
27 73 45 59 1 6 0 0.00 M M 9.4 21 320 M M 0 27 340
28 65 35 50 -7 15 0 0.00 M M 6.9 13 140 M M 0 19 280
29 73 34 54 -3 11 0 0.00 M M 6.3 13 150 M M 0 14 150
30 79 39 59 3 6 0 0.00 M M 7.5 15 150 M M 0 17 140
================================================================================
SM 2383 1398 115 60 0.56 M 216.1 M 38
================================================================================
AV 79.4 46.6 7.2 FASTST M M 1 MAX(MPH)
MISC ----> # 28 310 # 35 320
================================================================================
NOTES:
# LAST OF SEVERAL OCCURRENCES
COLUMN 17 PEAK WIND IN M.P.H.
PRELIMINARY LOCAL CLIMATOLOGICAL DATA (WS FORM: F-6) , PAGE 2
STATION: MONTROSE CO
MONTH: SEPTEMBER
YEAR: 2020
LATITUDE: 38 30 N
LONGITUDE: 107 53 W
[TEMPERATURE DATA] [PRECIPITATION DATA] SYMBOLS USED IN COLUMN 16
AVERAGE MONTHLY: 63.0 TOTAL FOR MONTH: 0.56 1 = FOG OR MIST
DPTR FM NORMAL: 0.8 DPTR FM NORMAL: -0.76 2 = FOG REDUCING VISIBILITY
HIGHEST: 95 ON 5 GRTST 24HR 0.21 ON 10-10 TO 1/4 MILE OR LESS
LOWEST: 34 ON 29 3 = THUNDER
SNOW, ICE PELLETS, HAIL 4 = ICE PELLETS
TOTAL MONTH: M 5 = HAIL
GRTST 24HR M ON M 6 = FREEZING RAIN OR DRIZZLE
GRTST DEPTH: M ON M 7 = DUSTSTORM OR SANDSTORM:
VSBY 1/2 MILE OR LESS
8 = SMOKE OR HAZE
[NO. OF DAYS WITH] [WEATHER - DAYS WITH] 9 = BLOWING SNOW
X = TORNADO
MAX 32 OR BELOW: 0 0.01 INCH OR MORE: 3
MAX 90 OR ABOVE: 3 0.10 INCH OR MORE: 3
MIN 32 OR BELOW: 0 0.50 INCH OR MORE: 0
MIN 0 OR BELOW: 0 1.00 INCH OR MORE: 0
[HDD (BASE 65) ]
TOTAL THIS MO. 115 CLEAR (SCALE 0-3) 26
DPTR FM NORMAL -7 PTCLDY (SCALE 4-7) 2
TOTAL FM JUL 1 115 CLOUDY (SCALE 8-10) 2
DPTR FM NORMAL -12
[CDD (BASE 65) ]
TOTAL THIS MO. 60
DPTR FM NORMAL 22 [PRESSURE DATA]
TOTAL FM JAN 1 896 HIGHEST SLP 30.41 ON 29
DPTR FM NORMAL 253 LOWEST SLP 29.32 ON 8
[REMARKS]
#FINAL-09-20#