000
CXUS53 KILX 010900
CF6MTO
PRELIMINARY LOCAL CLIMATOLOGICAL DATA (WS FORM: F-6)
STATION: MATTOON IL AIRPORT
MONTH: APRIL
YEAR: 2023
LATITUDE: 39 28 N
LONGITUDE: 88 17 W
TEMPERATURE IN F: :PCPN: SNOW: WIND :SUNSHINE: SKY :PK WND
================================================================================
1 2 3 4 5 6A 6B 7 8 9 10 11 12 13 14 15 16 17 18
12Z AVG MX 2MIN
DY MAX MIN AVG DEP HDD CDD WTR SNW DPTH SPD SPD DIR MIN PSBL S-S WX SPD DR
================================================================================
1 56 34 45 -3 20 0 0.00 M M 18.7 37 270 M M 6 56 270
2 58 29 44 -5 21 0 0.00 M M 9.7 23 150 M M 0 1 38 150
3 73 50 62 13 3 0 0.00 M M 12.5 23 150 M M 2 37 180
4 80 56 68 18 0 3 T M M 15.3 25 150 M M 4 1 47 160
5 74 39 57 7 8 0 0.51 M M 12.9 28 280 M M 5 13 51 170
6 49 35 42 -8 23 0 0.00 M M 5.2 13 320 M M 0 19 320
7 58 31 45 -6 20 0 0.00 M M 7.2 17 30 M M 0 22 50
8 65 33 49 -2 16 0 0.00 M M 8.5 17 110 M M 0 25 90
9 67 42 55 4 10 0 0.00 M M 8.1 17 120 M M 0 25 140
10 70 45 58 6 7 0 0.00 M M 5.6 10 150 M M 0 15 160
11 75 48 62 10 3 0 0.00 M M 7.7 16 190 M M 0 8 23 200
12 76 55 66 14 0 1 0.00 M M 9.2 18 190 M M 0 31 180
13 77 54 66 13 0 1 0.00 M M 5.9 15 190 M M 0 23 210
14 77 57 67 14 0 2 0.00 M M 7.1 15 150 M M 1 22 170
15 79 57 68 15 0 3 0.31 M M 11.1 25 240 M M 2 13 47 240
16 59 37 48 -6 17 0 0.19 M M 14.1 31 270 M M 9 1 46 260
17 59 37 48 -6 17 0 0.02 M M 19.0 36 270 M M 6 1 50 270
18 65 34 50 -4 15 0 0.00 M M 3.8 8 110 M M 1 12 90
19 79 50 65 10 0 0 0.00 M M 14.0 25 170 M M 0 47 170
20 81 51 66 11 0 1 0.84 M M 14.9 25 320 M M 4 13 50 200
21 62 44 53 -3 12 0 0.02 M M 6.5 21 310 M M 3 29 350
22 46 39 43 -13 22 0 0.00 M M 11.6 30 270 M M 6 42 270
23 49 33 41 -15 24 0 0.00 M M 9.9 18 320 M M 8 25 320
24 58 29 44 -13 21 0 0.00 M M 5.8 16 350 M M 2 28 350
25 63 40 52 -5 13 0 T M M 9.0 22 20 M M 9 34 20
26 61 36 49 -8 16 0 0.00 M M 9.2 15 20 M M 2 21 40
27 66 36 51 -7 14 0 T M M 6.8 13 150 M M 4 19 160
28 69 46 58 0 7 0 0.00 M M 9.0 20 350 M M 4 35 20
29 67 43 55 -3 10 0 0.27 M M 11.3 31 310 M M 4 1 42 260
30 52 41 47 -12 18 0 0.01 M M 16.3 35 280 M M 8 47 270
================================================================================
SM 1970 1261 337 11 2.17 M 305.9 M 90
================================================================================
AV 65.7 42.0 10.2 FASTST M M 3 MAX(MPH)
MISC ----> 37 270 56 270
================================================================================
NOTES:
# LAST OF SEVERAL OCCURRENCES
COLUMN 17 PEAK WIND IN M.P.H.
PRELIMINARY LOCAL CLIMATOLOGICAL DATA (WS FORM: F-6) , PAGE 2
STATION: MATTOON IL AIRPORT
MONTH: APRIL
YEAR: 2023
LATITUDE: 39 28 N
LONGITUDE: 88 17 W
[TEMPERATURE DATA] [PRECIPITATION DATA] SYMBOLS USED IN COLUMN 16
AVERAGE MONTHLY: 53.9 TOTAL FOR MONTH: 2.17 1 = FOG OR MIST
DPTR FM NORMAL: 0.3 DPTR FM NORMAL: -1.97 2 = FOG REDUCING VISIBILITY
HIGHEST: 81 ON 20 GRTST 24HR 0.86 ON 20-21 TO 1/4 MILE OR LESS
LOWEST: 29 ON 24, 2 3 = THUNDER
SNOW, ICE PELLETS, HAIL 4 = ICE PELLETS
TOTAL MONTH: M 5 = HAIL
GRTST 24HR M ON M 6 = FREEZING RAIN OR DRIZZLE
GRTST DEPTH: M ON M 7 = DUSTSTORM OR SANDSTORM:
VSBY 1/2 MILE OR LESS
8 = SMOKE OR HAZE
[NO. OF DAYS WITH] [WEATHER - DAYS WITH] 9 = BLOWING SNOW
X = TORNADO
MAX 32 OR BELOW: 0 0.01 INCH OR MORE: 8
MAX 90 OR ABOVE: 0 0.10 INCH OR MORE: 5
MIN 32 OR BELOW: 3 0.50 INCH OR MORE: 2
MIN 0 OR BELOW: 0 1.00 INCH OR MORE: 0
[HDD (BASE 65) ]
TOTAL THIS MO. 337 CLEAR (SCALE 0-3) 17
DPTR FM NORMAL -17 PTCLDY (SCALE 4-7) 11
TOTAL FM JUL 1 4647 CLOUDY (SCALE 8-10) 2
DPTR FM NORMAL -516
[CDD (BASE 65) ]
TOTAL THIS MO. 11
DPTR FM NORMAL -1 [PRESSURE DATA]
TOTAL FM JAN 1 11 HIGHEST SLP 30.53 ON 7
DPTR FM NORMAL -4 LOWEST SLP 29.40 ON 1
[REMARKS]
#FINAL-04-23#