000
CXUS55 KBOI 011002
CF6MUO
PRELIMINARY LOCAL CLIMATOLOGICAL DATA (WS FORM: F-6)
STATION: MOUNTAIN HOME AFB
MONTH: MAY
YEAR: 2021
LATITUDE: 43 2 N
LONGITUDE: 115 52 W
TEMPERATURE IN F: :PCPN: SNOW: WIND :SUNSHINE: SKY :PK WND
================================================================================
1 2 3 4 5 6A 6B 7 8 9 10 11 12 13 14 15 16 17 18
12Z AVG MX 2MIN
DY MAX MIN AVG DEP HDD CDD WTR SNW DPTH SPD SPD DIR MIN PSBL S-S WX SPD DR
================================================================================
1 76 50 63 9 2 0 T M M 19.9 50 310 M M 2 78 58 310
2 64 46 55 1 10 0 0.00 M M 23.7 33 310 M M 0 43 310
3 67 40 54 0 11 0 0.00 M M 11.7 20 290 M M 2 21 310
4 70 40 55 0 10 0 0.00 M M 13.2 24 320 M M 3 32 320
5 76 36 56 1 9 0 0.00 M M 7.0 13 70 M M 0 18 90
6 89 43 66 11 0 1 T M M 11.7 29 110 M M 1 36 120
7 70 44 57 1 8 0 0.00 M M 23.8 32 330 M M 3 43 330
8 60 37 49 -7 16 0 0.00 M M 17.5 24 320 M M 0 35 330
9 62 35 49 -7 16 0 0.00 M M 12.3 24 330 M M 1 31 330
10 66 37 52 -5 13 0 0.00 M M 13.0 23 330 M M 3 36 340
11 71 34 53 -4 12 0 0.00 M M 6.7 17 310 M M 0 25 290
12 80 38 59 2 6 0 0.00 M M 7.3 16 100 M M 1 M M
13 81 48 65 8 0 0 0.00 M M 7.2 23 330 M M 2 30 330
14 82 51 67 9 0 2 0.00 M M 9.0 16 340 M M 4 24 300
15 76 53 65 7 0 0 0.00 M M 5.6 15 130 M M 4 20 130
16 83 50 67 9 0 2 0.00 M M 5.8 23 90 M M 5 33 90
17 86 53 70 11 0 5 T M M 8.8 15 120 M M 1 M M
18 74 53 64 5 1 0 0.00 M M 16.5 26 320 M M 1 8 33 320
19 64 44 54 -5 11 0 0.00 M M 20.1 38 310 M M 3 7 46 310
20 63 39 51 -9 14 0 0.00 M M 18.4 29 290 M M 2 46 240
21 55 42 49 -11 16 0 0.02 M M 14.2 21 330 M M 7 25 310
22 59 42 51 -9 14 0 0.31 M M 7.3 16 300 M M 7 1 23 80
23 60 41 51 -10 14 0 0.10 M M 7.5 13 270 M M 8 1 16 310
24 69 44 57 -4 8 0 0.02 M M 7.4 21 260 M M 7 30 250
25 67 43 55 -6 10 0 0.09 M M 8.8 23 310 M M 4 1 38 300
26 71 44 58 -3 7 0 T M M 7.5 14 320 M M 2 20 330
27 84 42 63 1 2 0 T M M 9.3 20 110 M M 2 24 330
28 71 47 59 -3 6 0 0.00 M M 18.1 24 330 M M 1 35 320
29 78 40 59 -3 6 0 0.00 M M 7.6 14 310 M M 1 18 290
30 83 43 63 0 2 0 T M M 9.3 14 300 M M 0 M M
31 87 54 71 8 0 6 T M M 10.3 17 320 M M 1 27 290
================================================================================
SM 2244 1353 224 16 0.54 M 366.5 M 78
================================================================================
AV 72.4 43.6 11.8 FASTST M M 3 MAX(MPH)
MISC ----> 50 310 58 310
================================================================================
NOTES:
# LAST OF SEVERAL OCCURRENCES
COLUMN 17 PEAK WIND IN M.P.H.
PRELIMINARY LOCAL CLIMATOLOGICAL DATA (WS FORM: F-6) , PAGE 2
STATION: MOUNTAIN HOME AFB
MONTH: MAY
YEAR: 2021
LATITUDE: 43 2 N
LONGITUDE: 115 52 W
[TEMPERATURE DATA] [PRECIPITATION DATA] SYMBOLS USED IN COLUMN 16
AVERAGE MONTHLY: 58.0 TOTAL FOR MONTH: 0.54 1 = FOG OR MIST
DPTR FM NORMAL: -0.3 DPTR FM NORMAL: -0.72 2 = FOG REDUCING VISIBILITY
HIGHEST: 89 ON 6 GRTST 24HR 0.31 ON 22-22 TO 1/4 MILE OR LESS
LOWEST: 34 ON 11 3 = THUNDER
SNOW, ICE PELLETS, HAIL 4 = ICE PELLETS
TOTAL MONTH: M 5 = HAIL
GRTST 24HR M ON M 6 = FREEZING RAIN OR DRIZZLE
GRTST DEPTH: M ON M 7 = DUSTSTORM OR SANDSTORM:
VSBY 1/2 MILE OR LESS
8 = SMOKE OR HAZE
[NO. OF DAYS WITH] [WEATHER - DAYS WITH] 9 = BLOWING SNOW
X = TORNADO
MAX 32 OR BELOW: 0 0.01 INCH OR MORE: 5
MAX 90 OR ABOVE: 0 0.10 INCH OR MORE: 2
MIN 32 OR BELOW: 0 0.50 INCH OR MORE: 0
MIN 0 OR BELOW: 0 1.00 INCH OR MORE: 0
[HDD (BASE 65) ]
TOTAL THIS MO. 224 CLEAR (SCALE 0-3) 22
DPTR FM NORMAL -29 PTCLDY (SCALE 4-7) 9
TOTAL FM JUL 1 5403 CLOUDY (SCALE 8-10) 0
DPTR FM NORMAL -360
[CDD (BASE 65) ]
TOTAL THIS MO. 16
DPTR FM NORMAL -20 [PRESSURE DATA]
TOTAL FM JAN 1 19 HIGHEST SLP M ON M
DPTR FM NORMAL -17 LOWEST SLP M ON M
[REMARKS]
#FINAL-05-21#