000
CXUS51 KBTV 110242
CF6MVL
PRELIMINARY LOCAL CLIMATOLOGICAL DATA (WS FORM: F-6)
STATION: MORRISVILLE VT
MONTH: APRIL
YEAR: 2021
LATITUDE: 44 31 N
LONGITUDE: 72 37 W
TEMPERATURE IN F: :PCPN: SNOW: WIND :SUNSHINE: SKY :PK WND
================================================================================
1 2 3 4 5 6A 6B 7 8 9 10 11 12 13 14 15 16 17 18
12Z AVG MX 2MIN
DY MAX MIN AVG DEP HDD CDD WTR SNW DPTH SPD SPD DIR MIN PSBL S-S WX SPD DR
================================================================================
1 40 22 31 -3 34 0 0.45 M M 9.1 20 340 M M 10 1 28 350
2 31 19 25 -9 40 0 T M M 6.3 16 340 M M 9 25 360
3 46 13 30 -5 35 0 0.00 M M 2.8 14 330 M M 0 18 350
4 52 19 36 1 29 0 0.00 M M 4.2 17 360 M M 3 26 10
5 52 38 45 9 20 0 0.00 M M 11.8 25 360 M M 3 35 330
6 58 29 44 8 21 0 0.00 M M 5.8 21 10 M M 4 26 10
7 63 36 50 13 15 0 0.00 M M 4.8 17 20 M M 6 23 20
8 73 32 53 16 12 0 0.00 M M 1.5 9 90 M M 2 12 13 90
9 76 37 57 19 8 0 0.00 M M 3.3 12 200 M M 1 16 190
10 76 44 60 22 5 0 0.00 M M 1.6 8 340 M M 4 10 350
11 74 38 56 17 9 0 0.00 M M 4.0 17 10 M M 2 1 22 20
12 63 34 49 10 16 0 0.00 M M 3.7 17 40 M M 5 1 23 20
13 67 31 49 9 16 0 0.00 M M 2.5 14 10 M M 4 1 20 20
14 69 41 55 15 10 0 T M M 1.8 9 10 M M 8 13 310
15 52 36 44 4 21 0 0.60 M M 5.7 20 170 M M 10 18 27 180
16 37 33 35 -6 30 0 0.70 M M 4.2 10 10 M M 10 1 14 360
17 47 34 41 -1 24 0 0.05 M M 3.5 14 20 M M 10 1 17 40
18 56 32 44 2 21 0 0.00 M M 3.7 13 360 M M 7 1 17 340
19 61 30 46 4 19 0 T M M 3.3 16 200 M M 6 1 24 200
20 54 31 43 0 22 0 T M M 5.2 15 200 M M 9 1 29 220
21 41 27 34 -9 31 0 0.33 M M 6.4 17 340 M M 10 12 28 320
22 38 24 31 -13 34 0 0.24 M M 7.9 22 330 M M 10 12 33 350
23 54 37 46 2 19 0 0.00 M M 9.7 23 320 M M 5 33 360
24 67 33 50 5 15 0 0.00 M M 5.1 15 220 M M 3 23 220
25 59 35 47 2 18 0 0.02 M M 2.6 18 330 M M 9 1 27 330
26 43 26 35 -11 30 0 T M M 8.3 21 320 M M 8 34 320
27 61 24 43 -3 22 0 0.00 M M 4.5 16 330 M M 1 25 320
28 66 41 54 7 11 0 0.38 M M 2.4 14 10 M M 9 1 17 10
29 57 48 53 6 12 0 0.27 M M 1.9 6 170 M M 10 1 8 140
30 52 37 45 -3 20 0 0.89 M M 5.8 17 310 M M 10 18 30 330
================================================================================
SM 1685 961 619 0 3.93 M 143.4 M 188
================================================================================
AV 56.2 32.0 4.8 FASTST M M 6 MAX(MPH)
MISC ----> 25 360 35 330
================================================================================
NOTES:
# LAST OF SEVERAL OCCURRENCES
COLUMN 17 PEAK WIND IN M.P.H.
PRELIMINARY LOCAL CLIMATOLOGICAL DATA (WS FORM: F-6) , PAGE 2
STATION: MORRISVILLE VT
MONTH: APRIL
YEAR: 2021
LATITUDE: 44 31 N
LONGITUDE: 72 37 W
[TEMPERATURE DATA] [PRECIPITATION DATA] SYMBOLS USED IN COLUMN 16
AVERAGE MONTHLY: 44.1 TOTAL FOR MONTH: 3.93 1 = FOG OR MIST
DPTR FM NORMAL: 3.3 DPTR FM NORMAL: 1.13 2 = FOG REDUCING VISIBILITY
HIGHEST: 76 ON 10, 9 GRTST 24HR 1.08 ON 29-30 TO 1/4 MILE OR LESS
LOWEST: 13 ON 3 3 = THUNDER
SNOW, ICE PELLETS, HAIL 4 = ICE PELLETS
TOTAL MONTH: M 5 = HAIL
GRTST 24HR M ON M 6 = FREEZING RAIN OR DRIZZLE
GRTST DEPTH: M ON M 7 = DUSTSTORM OR SANDSTORM:
VSBY 1/2 MILE OR LESS
8 = SMOKE OR HAZE
[NO. OF DAYS WITH] [WEATHER - DAYS WITH] 9 = BLOWING SNOW
X = TORNADO
MAX 32 OR BELOW: 1 0.01 INCH OR MORE: 10
MAX 90 OR ABOVE: 0 0.10 INCH OR MORE: 8
MIN 32 OR BELOW: 14 0.50 INCH OR MORE: 3
MIN 0 OR BELOW: 0 1.00 INCH OR MORE: 0
[HDD (BASE 65) ]
TOTAL THIS MO. 619 CLEAR (SCALE 0-3) 7
DPTR FM NORMAL -109 PTCLDY (SCALE 4-7) 11
TOTAL FM JUL 1 7117 CLOUDY (SCALE 8-10) 12
DPTR FM NORMAL -797
[CDD (BASE 65) ]
TOTAL THIS MO. 0
DPTR FM NORMAL -1 [PRESSURE DATA]
TOTAL FM JAN 1 0 HIGHEST SLP 30.32 ON 3
DPTR FM NORMAL -1 LOWEST SLP 29.20 ON 30
[REMARKS]
#FINAL-04-21#