000
CXUS54 KFWD 041950
CF6MWL
PRELIMINARY LOCAL CLIMATOLOGICAL DATA (WS FORM: F-6)
STATION: MINERAL WELLS
MONTH: MARCH
YEAR: 2023
LATITUDE: 32 46 N
LONGITUDE: 98 4 W
TEMPERATURE IN F: :PCPN: SNOW: WIND :SUNSHINE: SKY :PK WND
================================================================================
1 2 3 4 5 6A 6B 7 8 9 10 11 12 13 14 15 16 17 18
12Z AVG MX 2MIN
DY MAX MIN AVG DEP HDD CDD WTR SNW DPTH SPD SPD DIR MIN PSBL S-S WX SPD DR
================================================================================
1 69 53 61 8 4 0 0.01 M M 4.8 13 360 M M 3 3 17 360
2 83 51 67 13 0 2 1.04 M M 7.4 53 300 M M 7 1238 71 310
3 66 43 55 1 10 0 0.04 M M 11.0 23 320 M M 2 33 300
4 79 40 60 6 5 0 0.00 M M 7.2 20 210 M M 0 29 210
5 82 47 65 11 0 0 0.00 M M 12.6 25 170 M M 0 33 160
6 87 53 70 15 0 5 0.00 M M 8.4 15 130 M M 0 20 200
7 81 54 68 13 0 3 0.00 M M 7.8 17 360 M M 4 18 25 360
8 54 45 50 -5 15 0 0.01 M M 8.6 18 360 M M 10 18 24 350
9 64 50 57 1 8 0 0.04 M M 7.1 18 10 M M 10 18 25 20
10 69 44 57 1 8 0 0.00 M M 7.9 16 140 M M 3 25 50
11 92 55 74 18 0 9 0.00 M M 11.1 21 230 M M 2 1 31 230
12 68 49 59 2 6 0 0.00 M M 12.6 21 10 M M 0 30 360
13 61 44 53 -4 12 0 0.00 M M 9.0 17 40 M M 2 23 40
14 59 37 48 -9 17 0 T M M 7.6 15 120 M M 5 21 110
15 71 44 58 0 7 0 0.00 M M 13.7 26 160 M M 7 38 170
16 84 42 63 5 2 0 0.06 M M 17.7 35 330 M M 7 3 51 300
17 56 37 47 -11 18 0 0.00 M M 12.7 24 360 M M 1 34 360
18 57 31 44 -14 21 0 0.00 M M 6.9 21 330 M M 0 27 350
19 57 29 43 -16 22 0 0.00 M M 5.8 14 140 M M 0 17 130
20 62 35 49 -10 16 0 0.00 M M 14.8 29 170 M M 6 41 170
21 80 52 66 7 0 1 0.00 M M 13.6 22 140 M M 6 30 140
22 89 64 77 17 0 12 0.00 M M 12.2 22 170 M M 4 29 170
23 87 66 77 17 0 12 0.00 M M 10.8 23 180 M M 6 32 160
24 77 55 66 6 0 1 1.23 M M 10.9 45 290 M M 7 13 60 300
25 76 46 61 1 4 0 0.00 M M 9.5 28 290 M M 0 39 290
26 76 41 59 -2 6 0 0.00 M M 7.1 15 30 M M 0 21 340
27 69 45 57 -4 8 0 0.00 M M 5.8 14 40 M M 4 19 60
28 65 44 55 -6 10 0 0.00 M M 10.7 24 340 M M 0 31 340
29 64 45 55 -6 10 0 0.01 M M 8.5 16 140 M M 7 21 120
30 72 58 65 3 0 0 0.01 M M 14.4 24 140 M M 10 1 34 160
31 84 52 68 6 0 3 0.00 M M 14.1 32 290 M M 6 45 290
================================================================================
SM 2240 1451 209 48 2.45 M 312.3 M 119
================================================================================
AV 72.3 46.8 10.1 FASTST M M 4 MAX(MPH)
MISC ----> 53 300 71 310
================================================================================
NOTES:
# LAST OF SEVERAL OCCURRENCES
COLUMN 17 PEAK WIND IN M.P.H.
PRELIMINARY LOCAL CLIMATOLOGICAL DATA (WS FORM: F-6) , PAGE 2
STATION: MINERAL WELLS
MONTH: MARCH
YEAR: 2023
LATITUDE: 32 46 N
LONGITUDE: 98 4 W
[TEMPERATURE DATA] [PRECIPITATION DATA] SYMBOLS USED IN COLUMN 16
AVERAGE MONTHLY: 59.5 TOTAL FOR MONTH: 2.45 1 = FOG OR MIST
DPTR FM NORMAL: 1.8 DPTR FM NORMAL: -0.53 2 = FOG REDUCING VISIBILITY
HIGHEST: 92 ON 11 GRTST 24HR 1.23 ON 24-24 TO 1/4 MILE OR LESS
LOWEST: 29 ON 19 3 = THUNDER
SNOW, ICE PELLETS, HAIL 4 = ICE PELLETS
TOTAL MONTH: M 5 = HAIL
GRTST 24HR M ON M 6 = FREEZING RAIN OR DRIZZLE
GRTST DEPTH: M ON M 7 = DUSTSTORM OR SANDSTORM:
VSBY 1/2 MILE OR LESS
8 = SMOKE OR HAZE
[NO. OF DAYS WITH] [WEATHER - DAYS WITH] 9 = BLOWING SNOW
X = TORNADO
MAX 32 OR BELOW: 0 0.01 INCH OR MORE: 9
MAX 90 OR ABOVE: 1 0.10 INCH OR MORE: 2
MIN 32 OR BELOW: 2 0.50 INCH OR MORE: 2
MIN 0 OR BELOW: 0 1.00 INCH OR MORE: 2
[HDD (BASE 65) ]
TOTAL THIS MO. 209 CLEAR (SCALE 0-3) 15
DPTR FM NORMAL -51 PTCLDY (SCALE 4-7) 13
TOTAL FM JUL 1 2018 CLOUDY (SCALE 8-10) 3
DPTR FM NORMAL -277
[CDD (BASE 65) ]
TOTAL THIS MO. 48
DPTR FM NORMAL 13 [PRESSURE DATA]
TOTAL FM JAN 1 74 HIGHEST SLP 30.57 ON 19
DPTR FM NORMAL 31 LOWEST SLP 29.23 ON 2
[REMARKS]
#FINAL-03-23#