000
CXUS55 KBOI 011002
CF6MYL
PRELIMINARY LOCAL CLIMATOLOGICAL DATA (WS FORM: F-6)
STATION: MCCALL ID
MONTH: SEPTEMBER
YEAR: 2021
LATITUDE: 44 52 N
LONGITUDE: 116 6 W
TEMPERATURE IN F: :PCPN: SNOW: WIND :SUNSHINE: SKY :PK WND
================================================================================
1 2 3 4 5 6A 6B 7 8 9 10 11 12 13 14 15 16 17 18
12Z AVG MX 2MIN
DY MAX MIN AVG DEP HDD CDD WTR SNW DPTH SPD SPD DIR MIN PSBL S-S WX SPD DR
================================================================================
1 73 33 53 -6 12 0 0.00 M M 4.6 15 10 M M 0 26 350
2 72 34 53 -6 12 0 0.00 M M 4.3 13 10 M M 0 20 250
3 75 36 56 -2 9 0 0.00 M M 3.2 13 330 M M 0 18 320
4 80 36 58 0 7 0 0.00 M M 2.8 17 210 M M 0 27 200
5 84 40 62 4 3 0 0.00 M M 4.0 17 190 M M 0 23 180
6 84 40 62 4 3 0 0.00 M M 3.2 15 290 M M 1 8 22 260
7 86 46 66 9 0 1 0.00 M M 2.5 12 210 M M 0 8 17 200
8 86 44 65 8 0 0 0.00 M M 3.7 17 200 M M 2 8 23 190
9 85 49 67 10 0 2 0.00 M M 3.2 18 180 M M 5 8 24 180
10 75 51 63 7 2 0 0.11 M M 5.8 28 230 M M 6 1 39 220
11 69 44 57 1 8 0 0.00 M M 2.7 13 190 M M 4 12 19 180
12 71 37 54 -2 11 0 0.00 M M 2.7 12 220 M M 0 14 200
13 73 38 56 1 9 0 0.00 M M 3.6 15 290 M M 0 24 330
14 74 37 56 1 9 0 0.00 M M 2.8 13 310 M M 0 22 180
15 74 38 56 1 9 0 0.00 M M 4.8 22 200 M M 1 27 190
16 62 37 50 -4 15 0 0.00 M M 6.1 20 10 M M 0 30 10
17 75 28 52 -2 13 0 0.00 M M 5.5 22 190 M M 0 30 200
18 69 44 57 3 8 0 0.06 M M 9.6 29 190 M M 3 40 180
19 49 35 42 -11 23 0 0.21 M M 3.1 16 280 M M 8 1 23 280
20 57 32 45 -8 20 0 0.00 M M 2.9 10 250 M M 6 12 15 240
21 68 29 49 -3 16 0 0.00 M M 2.3 10 190 M M 0 12 15 200
22 70 34 52 0 13 0 T M M 5.2 26 280 M M 1 41 290
23 70 39 55 3 10 0 0.00 M M 6.8 13 270 M M 0 18 270
24 76 36 56 5 9 0 0.00 M M 2.6 10 250 M M 0 15 280
25 78 37 58 7 7 0 0.00 M M 2.8 16 190 M M 0 21 190
26 75 39 57 7 8 0 0.00 M M 4.1 20 180 M M 0 25 190
27 72 37 55 5 10 0 0.00 M M 6.5 21 200 M M 0 29 200
28 47 33 40 -10 25 0 0.13 M M 3.5 10 210 M M 5 1 13 200
29 56 29 43 -6 22 0 0.00 M M 2.3 9 340 M M 5 12 13 340
30 64 29 47 -2 18 0 0.00 M M 2.2 12 300 M M 0 16 280
================================================================================
SM 2149 1121 311 3 0.51 M 119.4 M 47
================================================================================
AV 71.6 37.4 4.0 FASTST M M 2 MAX(MPH)
MISC ----> 29 190 41 290
================================================================================
NOTES:
# LAST OF SEVERAL OCCURRENCES
COLUMN 17 PEAK WIND IN M.P.H.
PRELIMINARY LOCAL CLIMATOLOGICAL DATA (WS FORM: F-6) , PAGE 2
STATION: MCCALL ID
MONTH: SEPTEMBER
YEAR: 2021
LATITUDE: 44 52 N
LONGITUDE: 116 6 W
[TEMPERATURE DATA] [PRECIPITATION DATA] SYMBOLS USED IN COLUMN 16
AVERAGE MONTHLY: 54.5 TOTAL FOR MONTH: 0.51 1 = FOG OR MIST
DPTR FM NORMAL: 0.3 DPTR FM NORMAL: -0.45 2 = FOG REDUCING VISIBILITY
HIGHEST: 86 ON 8, 7 GRTST 24HR 0.27 ON 18-19 TO 1/4 MILE OR LESS
LOWEST: 28 ON 17 3 = THUNDER
SNOW, ICE PELLETS, HAIL 4 = ICE PELLETS
TOTAL MONTH: M 5 = HAIL
GRTST 24HR M ON M 6 = FREEZING RAIN OR DRIZZLE
GRTST DEPTH: M ON M 7 = DUSTSTORM OR SANDSTORM:
VSBY 1/2 MILE OR LESS
8 = SMOKE OR HAZE
[NO. OF DAYS WITH] [WEATHER - DAYS WITH] 9 = BLOWING SNOW
X = TORNADO
MAX 32 OR BELOW: 0 0.01 INCH OR MORE: 4
MAX 90 OR ABOVE: 0 0.10 INCH OR MORE: 3
MIN 32 OR BELOW: 5 0.50 INCH OR MORE: 0
MIN 0 OR BELOW: 0 1.00 INCH OR MORE: 0
[HDD (BASE 65) ]
TOTAL THIS MO. 311 CLEAR (SCALE 0-3) 22
DPTR FM NORMAL -18 PTCLDY (SCALE 4-7) 8
TOTAL FM JUL 1 434 CLOUDY (SCALE 8-10) 0
DPTR FM NORMAL -86
[CDD (BASE 65) ]
TOTAL THIS MO. 3
DPTR FM NORMAL -2 [PRESSURE DATA]
TOTAL FM JAN 1 325 HIGHEST SLP 30.51 ON 21
DPTR FM NORMAL 214 LOWEST SLP 29.74 ON 18
[REMARKS]
#FINAL-09-21#