000
CXUS55 KBOI 011750
CF6MYL
PRELIMINARY LOCAL CLIMATOLOGICAL DATA (WS FORM: F-6)
STATION: MCCALL ID
MONTH: JANUARY
YEAR: 2024
LATITUDE: 44 52 N
LONGITUDE: 116 6 W
TEMPERATURE IN F: :PCPN: SNOW: WIND :SUNSHINE: SKY :PK WND
================================================================================
1 2 3 4 5 6A 6B 7 8 9 10 11 12 13 14 15 16 17 18
12Z AVG MX 2MIN
DY MAX MIN AVG DEP HDD CDD WTR SNW DPTH SPD SPD DIR MIN PSBL S-S WX SPD DR
================================================================================
1 32 17 25 4 40 0 0.00 M M 0.9 6 220 M M 7 128 7 230
2 32 13 23 2 42 0 0.00 M M 0.8 7 70 M M 5 128 7 70
3 38 22 30 9 35 0 T M M 1.0 8 300 M M 10 10 270
4 31 17 24 3 41 0 T M M 1.8 7 180 M M 7 1 10 340
5 31 13 22 1 43 0 0.09 M M 3.7 13 260 M M 6 1 18 280
6 26 13 20 -2 45 0 0.11 M M 4.4 17 180 M M 9 1 24 180
7 26 -2 12 -10 53 0 T M M 3.2 13 290 M M 3 1 18 330
8 20 -6 7 -15 58 0 0.08 M M 0.6 6 70 M M 7 1 6 80
9 30 19 25 3 40 0 0.31 M M 8.5 22 200 M M 9 128 33 250
10 24 16 20 -2 45 0 0.12 M M 7.7 18 160 M M 10 1 29 180
11 24 12 18 -4 47 0 0.15 M M 8.3 29 230 M M M 40 230
12 22 -13 5 -17 60 0 0.19 M M 7.7 20 250 M M M 27 250
13 5 -25 -10 -32 75 0 0.30 M M 1.4 9 30 M M M 13 20
14 18 -8 5 -17 60 0 T M M 1.9 8 310 M M M 12 320
15 12 -12 0 -22 65 0 0.00 M M 1.5 7 180 M M 0 8 180
16 15 -9 3 -19 62 0 0.03 M M 0.5 6 180 M M 2 7 210
17 30 13 22 0 43 0 0.36 M M 4.5 21 190 M M 10 30 190
18 35 24 30 8 35 0 0.16 M M 0.2 7 340 M M M 9 340
19 35 31 33 11 32 0 0.08 M M 0.3 6 200 M M M 6 180
20 34 30 32 10 33 0 0.05 M M 2.6 8 150 M M M 12 160
21 36 32 34 12 31 0 0.13 M M M 13 160 M M M 18 150
22 35 32 34 12 31 0 0.11 M M 5.0 16 170 M M 10 1 24 180
23 34 31 33 11 32 0 0.05 M M 1.2 7 240 M M 10 12 8 240
24 35 30 33 11 32 0 0.01 M M 4.2 15 180 M M 10 1 21 170
25 39 23 31 9 34 0 0.18 M M 3.0 12 300 M M 8 12 16 310
26 31 20 26 3 39 0 T M M 0.8 7 240 M M 8 12 8 240
27 35 29 32 9 33 0 0.14 M M 1.0 6 350 M M 10 1 8 360
28 39 32 36 13 29 0 0.09 M M 1.1 7 340 M M 10 12 9 330
29 39 26 33 10 32 0 0.00 M M 0.6 6 170 M M 8 12 7 170
30 45 24 35 12 30 0 0.00 M M 0.8 8 80 M M 5 12 10 80
31 50 21 36 13 29 0 0.00 M M 3.5 14 180 M M 0 19 180
================================================================================
SM 938 465 1306 0 2.74 M 82.7 M 164
================================================================================
AV 30.3 15.0 2.8 FASTST M M 7 MAX(MPH)
MISC ----> 29 230 40 230
================================================================================
NOTES:
# LAST OF SEVERAL OCCURRENCES
COLUMN 17 PEAK WIND IN M.P.H.
PRELIMINARY LOCAL CLIMATOLOGICAL DATA (WS FORM: F-6) , PAGE 2
STATION: MCCALL ID
MONTH: JANUARY
YEAR: 2024
LATITUDE: 44 52 N
LONGITUDE: 116 6 W
[TEMPERATURE DATA] [PRECIPITATION DATA] SYMBOLS USED IN COLUMN 16
AVERAGE MONTHLY: 22.6 TOTAL FOR MONTH: 2.74 1 = FOG OR MIST
DPTR FM NORMAL: 0.5 DPTR FM NORMAL: 0.28 2 = FOG REDUCING VISIBILITY
HIGHEST: 50 ON 31 GRTST 24HR 0.36 ON 17-17 TO 1/4 MILE OR LESS
LOWEST: -25 ON 13 3 = THUNDER
SNOW, ICE PELLETS, HAIL 4 = ICE PELLETS
TOTAL MONTH: M 5 = HAIL
GRTST 24HR M ON M 6 = FREEZING RAIN OR DRIZZLE
GRTST DEPTH: M ON M 7 = DUSTSTORM OR SANDSTORM:
VSBY 1/2 MILE OR LESS
8 = SMOKE OR HAZE
[NO. OF DAYS WITH] [WEATHER - DAYS WITH] 9 = BLOWING SNOW
X = TORNADO
MAX 32 OR BELOW: 17 0.01 INCH OR MORE: 20
MAX 90 OR ABOVE: 0 0.10 INCH OR MORE: 12
MIN 32 OR BELOW: 31 0.50 INCH OR MORE: 0
MIN 0 OR BELOW: 7 1.00 INCH OR MORE: 0
[HDD (BASE 65) ]
TOTAL THIS MO. 1306 CLEAR (SCALE 0-3) 4
DPTR FM NORMAL -26 PTCLDY (SCALE 4-7) 8
TOTAL FM JUL 1 4336 CLOUDY (SCALE 8-10) 19
DPTR FM NORMAL -570
[CDD (BASE 65) ]
TOTAL THIS MO. 0
DPTR FM NORMAL 0 [PRESSURE DATA]
TOTAL FM JAN 1 0 HIGHEST SLP 30.58 ON 15
DPTR FM NORMAL 0 LOWEST SLP 29.48 ON 10
[REMARKS]
#FINAL-01-24#