000
CXUS55 KBOI 011002
CF6MYL
PRELIMINARY LOCAL CLIMATOLOGICAL DATA (WS FORM: F-6)
STATION: MCCALL ID
MONTH: APRIL
YEAR: 2020
LATITUDE: 44 52 N
LONGITUDE: 116 6 W
TEMPERATURE IN F: :PCPN: SNOW: WIND :SUNSHINE: SKY :PK WND
================================================================================
1 2 3 4 5 6A 6B 7 8 9 10 11 12 13 14 15 16 17 18
12Z AVG MX 2MIN
DY MAX MIN AVG DEP HDD CDD WTR SNW DPTH SPD SPD DIR MIN PSBL S-S WX SPD DR
================================================================================
1 31 9 20 -13 45 0 0.02 M M 3.5 10 30 M M 3 14 270
2 31 10 21 -12 44 0 0.01 M M 3.5 15 190 M M 5 18 17 220
3 35 15 25 -8 40 0 0.00 M M 3.7 17 190 M M 8 22 190
4 41 13 27 -7 38 0 0.03 M M 4.3 16 150 M M 5 1 20 150
5 46 31 39 5 26 0 0.12 M M 5.1 20 190 M M 8 1 24 190
6 46 30 38 4 27 0 0.04 M M 2.3 10 210 M M 7 1 12 200
7 50 26 38 4 27 0 0.00 M M 2.5 8 160 M M 2 10 170
8 57 23 40 5 25 0 0.00 M M 4.6 13 10 M M 0 18 280
9 61 25 43 8 22 0 0.00 M M 5.2 12 300 M M 0 16 310
10 57 26 42 7 23 0 0.00 M M 3.2 10 250 M M 0 13 230
11 47 30 39 4 26 0 T M M 7.3 21 340 M M 6 32 320
12 38 23 31 -5 34 0 0.00 M M 7.4 20 20 M M 3 25 350
13 40 14 27 -9 38 0 0.00 M M 5.6 16 350 M M 2 24 280
14 45 16 31 -5 34 0 T M M 3.2 14 280 M M 7 20 290
15 41 31 36 0 29 0 0.26 M M 5.9 20 340 M M 8 18 28 330
16 42 25 34 -3 31 0 0.00 M M 6.9 14 340 M M 0 18 360
17 48 18 33 -4 32 0 0.00 M M 1.9 7 160 M M 0 9 190
18 54 21 38 1 27 0 0.00 M M 3.3 13 20 M M 0 16 20
19 56 29 43 5 22 0 0.00 M M 2.8 15 340 M M 5 18 330
20 57 27 42 4 23 0 0.00 M M 3.4 10 350 M M 0 12 350
21 59 27 43 5 22 0 T M M 4.3 14 310 M M 4 20 290
22 52 27 40 1 25 0 0.11 M M 5.2 18 240 M M 4 1 25 230
23 50 37 44 5 21 0 0.72 M M 4.2 20 300 M M 9 1 26 300
24 51 30 41 2 24 0 0.00 M M 2.2 14 190 M M 6 16 190
25 58 28 43 3 22 0 0.08 M M 4.6 18 200 M M 6 22 200
26 60 37 49 9 16 0 0.00 M M 4.4 16 190 M M 5 1 19 190
27 54 36 45 5 20 0 0.21 M M 4.9 22 230 M M 7 13 35 210
28 64 31 48 7 17 0 0.00 M M 2.6 9 30 M M 4 12 14 20
29 73 34 54 13 11 0 0.05 M M 5.2 22 180 M M 3 3 27 180
30 59 35 47 6 18 0 0.12 M M 5.3 21 280 M M 6 3 28 290
================================================================================
SM 1503 764 809 0 1.77 M 128.5 M 123
================================================================================
AV 50.1 25.5 4.3 FASTST M M 4 MAX(MPH)
MISC ----> # 22 230 35 210
================================================================================
NOTES:
# LAST OF SEVERAL OCCURRENCES
COLUMN 17 PEAK WIND IN M.P.H.
PRELIMINARY LOCAL CLIMATOLOGICAL DATA (WS FORM: F-6) , PAGE 2
STATION: MCCALL ID
MONTH: APRIL
YEAR: 2020
LATITUDE: 44 52 N
LONGITUDE: 116 6 W
[TEMPERATURE DATA] [PRECIPITATION DATA] SYMBOLS USED IN COLUMN 16
AVERAGE MONTHLY: 37.8 TOTAL FOR MONTH: 1.77 1 = FOG OR MIST
DPTR FM NORMAL: 1.0 DPTR FM NORMAL: -0.15 2 = FOG REDUCING VISIBILITY
HIGHEST: 73 ON 29 GRTST 24HR 0.83 ON 22-23 TO 1/4 MILE OR LESS
LOWEST: 9 ON 1 3 = THUNDER
SNOW, ICE PELLETS, HAIL 4 = ICE PELLETS
TOTAL MONTH: M 5 = HAIL
GRTST 24HR M ON M 6 = FREEZING RAIN OR DRIZZLE
GRTST DEPTH: M ON M 7 = DUSTSTORM OR SANDSTORM:
VSBY 1/2 MILE OR LESS
8 = SMOKE OR HAZE
[NO. OF DAYS WITH] [WEATHER - DAYS WITH] 9 = BLOWING SNOW
X = TORNADO
MAX 32 OR BELOW: 2 0.01 INCH OR MORE: 12
MAX 90 OR ABOVE: 0 0.10 INCH OR MORE: 6
MIN 32 OR BELOW: 25 0.50 INCH OR MORE: 1
MIN 0 OR BELOW: 0 1.00 INCH OR MORE: 0
[HDD (BASE 65) ]
TOTAL THIS MO. 809 CLEAR (SCALE 0-3) 12
DPTR FM NORMAL -37 PTCLDY (SCALE 4-7) 16
TOTAL FM JUL 1 7882 CLOUDY (SCALE 8-10) 2
DPTR FM NORMAL -753
[CDD (BASE 65) ]
TOTAL THIS MO. 0
DPTR FM NORMAL 0 [PRESSURE DATA]
TOTAL FM JAN 1 0 HIGHEST SLP 30.35 ON 13
DPTR FM NORMAL 0 LOWEST SLP 29.59 ON 5
[REMARKS]
#FINAL-04-20#