000
CXUS56 KSTO 011400
CF6MYV
PRELIMINARY LOCAL CLIMATOLOGICAL DATA (WS FORM: F-6)
STATION: MARYSVILLE
MONTH: FEBRUARY
YEAR: 2023
LATITUDE: 39 6 N
LONGITUDE: 121-34 E
TEMPERATURE IN F: :PCPN: SNOW: WIND :SUNSHINE: SKY :PK WND
================================================================================
1 2 3 4 5 6A 6B 7 8 9 10 11 12 13 14 15 16 17 18
12Z AVG MX 2MIN
DY MAX MIN AVG DEP HDD CDD WTR SNW DPTH SPD SPD DIR MIN PSBL S-S WX SPD DR
================================================================================
1 57 30 44 -4 21 0 0.00 M M 1.6 6 280 M M 0 18 8 340
2 56 31 44 -4 21 0 0.00 M M 2.8 13 90 M M 0 1 16 80
3 60 36 48 -1 17 0 0.19 M M 4.6 21 260 M M 7 18 27 260
4 57 38 48 -1 17 0 0.17 M M 8.2 28 180 M M 7 12 35 180
5 59 39 49 0 16 0 0.01 0.0 M 9.3 20 240 M M 4 23 210
6 62 34 48 -1 17 0 0.00 M M 10.0 21 330 M M 0 1 25 330
7 60 33 47 -2 18 0 0.00 M M 2.0 9 170 M M 0 18 13 160
8 63 32 48 -2 17 0 0.00 M M 1.7 7 260 M M 1 12 11 320
9 64 35 50 0 15 0 0.00 0.0 M 2.9 10 150 M M 0 1 13 140
10 63 35 49 -1 16 0 0.00 M M 7.1 22 260 M M 1 1 26 260
11 60 38 49 -1 16 0 0.00 M M 7.4 20 330 M M 3 24 330
12 72 38 55 5 10 0 0.00 M M 12.5 25 320 M M 0 32 330
13 65 35 50 0 15 0 0.00 M M 8.4 23 330 M M 0 33 340
14 54 39 47 -4 18 0 0.00 M M 12.8 24 330 M M 1 31 320
15 59 34 47 -4 18 0 0.00 M M 9.9 21 310 M M 0 27 310
16 56 28 42 -9 23 0 0.00 M M 3.1 9 180 M M 0 11 180
17 64 34 49 -2 16 0 0.00 M M 6.7 17 310 M M 0 21 310
18 62 29 46 -5 19 0 0.00 M M 2.1 9 330 M M 0 11 340
19 65 35 50 -2 15 0 0.00 M M 3.9 9 170 M M 0 12 360
20 68 36 52 0 13 0 0.00 M M 2.1 8 170 M M 0 10 210
21 65 40 53 1 12 0 0.00 M M 9.6 32 310 M M 1 39 310
22 53 30 42 -10 23 0 T M M 8.8 22 210 M M 2 26 200
23 51 32 42 -10 23 0 0.05 M M 15.9 35 170 M M 6 1 43 180
24 47 40 44 -8 21 0 0.92 M M 12.3 45 170 M M 10 1 64 170
25 48 38 43 -10 22 0 0.00 M M 6.9 15 170 M M 10 19 160
26 47 43 45 -8 20 0 0.33 M M 15.7 26 170 M M 10 1 31 180
27 48 39 44 -9 21 0 0.28 M M 15.4 35 160 M M 5 1 48 160
28 49 34 42 -11 23 0 0.24 M M 14.6 32 160 M M 8 1 40 170
================================================================================
SM 1634 985 503 0 2.19 0.0 218.3 M 76
================================================================================
AV 58.4 35.2 7.8 FASTST M M 3 MAX(MPH)
MISC ----> 45 170 64 170
================================================================================
NOTES:
# LAST OF SEVERAL OCCURRENCES
COLUMN 17 PEAK WIND IN M.P.H.
PRELIMINARY LOCAL CLIMATOLOGICAL DATA (WS FORM: F-6) , PAGE 2
STATION: MARYSVILLE
MONTH: FEBRUARY
YEAR: 2023
LATITUDE: 39 6 N
LONGITUDE: 121-34 E
[TEMPERATURE DATA] [PRECIPITATION DATA] SYMBOLS USED IN COLUMN 16
AVERAGE MONTHLY: 46.8 TOTAL FOR MONTH: 2.19 1 = FOG OR MIST
DPTR FM NORMAL: -4.0 DPTR FM NORMAL: -1.46 2 = FOG REDUCING VISIBILITY
HIGHEST: 72 ON 12 GRTST 24HR 0.96 ON 23-24 TO 1/4 MILE OR LESS
LOWEST: 28 ON 16 3 = THUNDER
SNOW, ICE PELLETS, HAIL 4 = ICE PELLETS
TOTAL MONTH: 0.0 INCH 5 = HAIL
GRTST 24HR 0.0 6 = FREEZING RAIN OR DRIZZLE
GRTST DEPTH: M ON M 7 = DUSTSTORM OR SANDSTORM:
VSBY 1/2 MILE OR LESS
8 = SMOKE OR HAZE
[NO. OF DAYS WITH] [WEATHER - DAYS WITH] 9 = BLOWING SNOW
X = TORNADO
MAX 32 OR BELOW: 0 0.01 INCH OR MORE: 8
MAX 90 OR ABOVE: 0 0.10 INCH OR MORE: 6
MIN 32 OR BELOW: 7 0.50 INCH OR MORE: 1
MIN 0 OR BELOW: 0 1.00 INCH OR MORE: 0
[HDD (BASE 65) ]
TOTAL THIS MO. 503 CLEAR (SCALE 0-3) 19
DPTR FM NORMAL 104 PTCLDY (SCALE 4-7) 6
TOTAL FM JUL 1 1803 CLOUDY (SCALE 8-10) 3
DPTR FM NORMAL -190
[CDD (BASE 65) ]
TOTAL THIS MO. 0
DPTR FM NORMAL 0 [PRESSURE DATA]
TOTAL FM JAN 1 0 HIGHEST SLP 30.45 ON 7
DPTR FM NORMAL 0 LOWEST SLP 29.61 ON 21
[REMARKS]
#FINAL-02-23#