278
CXUS56 KSTO 091827
CF6MYV
PRELIMINARY LOCAL CLIMATOLOGICAL DATA (WS FORM: F-6)
STATION: MARYSVILLE AIRPORT CA
MONTH: AUGUST
YEAR: 2020
LATITUDE: 39 5 N
LONGITUDE: 121 34 W
TEMPERATURE IN F: :PCPN: SNOW: WIND :SUNSHINE: SKY :PK WND
================================================================================
1 2 3 4 5 6A 6B 7 8 9 10 11 12 13 14 15 16 17 18
12Z AVG MX 2MIN
DY MAX MIN AVG DEP HDD CDD WTR SNW DPTH SPD SPD DIR MIN PSBL S-S WX SPD DR
================================================================================
1 98 55 77 0 0 12 0.00 0.0 0 4.6 10 150 M M 0 14 200
2 98 61 80 3 0 15 0.00 0.0 0 6.5 13 190 M M 0 16 170
3 99 62 81 4 0 16 0.00 0.0 0 6.0 15 150 M M 0 19 150
4 96 63 80 3 0 15 0.00 0.0 0 8.3 17 160 M M 0 21 160
5 85 60 73 -4 0 8 0.00 0.0 0 12.3 21 170 M M 0 24 180
6 89 54 72 -5 0 7 0.00 0.0 0 6.3 14 140 M M 0 18 140
7 93 59 76 -1 0 11 0.00 0.0 0 4.2 10 210 M M 0 8 13 210
8 97 65 81 4 0 16 0.00 0.0 0 5.1 13 150 M M 0 17 150
9 100 68 84 7 0 19 0.00 0.0 0 5.4 12 180 M M 0 14 230
10 101 67 84 8 0 19 0.00 0.0 0 7.4 16 160 M M 0 20 190
11 92 63 78 2 0 13 0.00 0.0 0 12.1 20 170 M M 0 24 160
12 99 60 80 4 0 15 0.00 0.0 0 6.9 13 190 M M 0 18 170
13 103 58 81 5 0 16 0.00 0.0 0 5.2 14 200 M M 0 19 210
14 107 68 88 12 0 23 0.00 0.0 0 4.7 13 310 M M 0 16 310
15 109 70 90 14 0 25 0.00 0.0 0 3.6 9 230 M M 0 13 260
16 110 75 93 17 0 28 0.01 0.0 0 5.2 20 190 M M 0 3 28 180
17 101 75 88 12 0 23 0.10 0.0 0 10.2 23 290 M M 0 38 30 280
18 107 70 89 13 0 24 0.00 0.0 0 3.7 15 340 M M 3 19 320
19 104 73 89 13 0 24 0.00 0.0 0 4.3 9 220 M M 8 8 12 140
20 88 64 76 0 0 11 0.00 0.0 0 4.2 13 160 M M 10 8 18 160
21 95 58 77 1 0 12 0.00 0.0 0 2.2 8 230 M M 10 18 12 300
22 96 64 80 4 0 15 0.00 0.0 0 3.3 8 210 M M 10 8 12 170
23 97 62 80 5 0 15 0.00 0.0 0 5.2 13 150 M M 2 8 16 160
24 92 68 80 5 0 15 T 0.0 0 4.9 18 210 M M 8 8 24 200
25 94 68 81 6 0 16 0.00 0.0 0 6.7 14 140 M M 4 8 18 140
26 94 66 80 5 0 15 0.00 0.0 0 7.3 16 150 M M 0 8 20 150
27 95 58 77 2 0 12 0.00 0.0 0 4.2 13 170 M M 0 8 17 170
28 95 63 79 4 0 14 0.00 0.0 0 5.8 13 200 M M 1 8 16 180
29 92 62 77 2 0 12 0.00 0.0 0 5.2 13 140 M M 3 8 16 140
30 95 61 78 4 0 13 0.00 0.0 0 3.8 10 160 M M 1 8 13 160
31 94 62 78 4 0 13 0.00 0.0 0 2.9 8 270 M M 4 8 10 270
================================================================================
SM 3015 1982 0 492 0.11 0.0 177.7 M 64
================================================================================
AV 97.3 63.9 5.7 FASTST M M 2 MAX(MPH)
MISC ----> # 23 290 # 30 280
================================================================================
NOTES:
# LAST OF SEVERAL OCCURRENCES
COLUMN 17 PEAK WIND IN M.P.H.
PRELIMINARY LOCAL CLIMATOLOGICAL DATA (WS FORM: F-6) , PAGE 2
STATION: MARYSVILLE AIRPORT CA
MONTH: AUGUST
YEAR: 2020
LATITUDE: 39 5 N
LONGITUDE: 121 34 W
[TEMPERATURE DATA] [PRECIPITATION DATA] SYMBOLS USED IN COLUMN 16
AVERAGE MONTHLY: 80.6 TOTAL FOR MONTH: 0.11 1 = FOG OR MIST
DPTR FM NORMAL: 4.6 DPTR FM NORMAL: 0.00 2 = FOG REDUCING VISIBILITY
HIGHEST: 110 ON 16 GRTST 24HR 0.10 ON 17-17 TO 1/4 MILE OR LESS
LOWEST: 54 ON 6 3 = THUNDER
SNOW, ICE PELLETS, HAIL 4 = ICE PELLETS
TOTAL MONTH: 0.0 INCH 5 = HAIL
GRTST 24HR 0.0 6 = FREEZING RAIN OR DRIZZLE
GRTST DEPTH: 0 7 = DUSTSTORM OR SANDSTORM:
VSBY 1/2 MILE OR LESS
8 = SMOKE OR HAZE
[NO. OF DAYS WITH] [WEATHER - DAYS WITH] 9 = BLOWING SNOW
X = TORNADO
MAX 32 OR BELOW: 0 0.01 INCH OR MORE: 2
MAX 90 OR ABOVE: 28 0.10 INCH OR MORE: 1
MIN 32 OR BELOW: 0 0.50 INCH OR MORE: 0
MIN 0 OR BELOW: 0 1.00 INCH OR MORE: 0
[HDD (BASE 65) ]
TOTAL THIS MO. 0 CLEAR (SCALE 0-3) 24
DPTR FM NORMAL 0 PTCLDY (SCALE 4-7) 4
TOTAL FM JUL 1 0 CLOUDY (SCALE 8-10) 3
DPTR FM NORMAL 0
[CDD (BASE 65) ]
TOTAL THIS MO. 492
DPTR FM NORMAL 153 [PRESSURE DATA]
TOTAL FM JAN 1 1476 HIGHEST SLP 30.01 ON 1
DPTR FM NORMAL 370 LOWEST SLP 29.69 ON 26
[REMARKS]
#FINAL-08-20#