000
CXUS53 KBIS 021235
CF6N60
PRELIMINARY LOCAL CLIMATOLOGICAL DATA (WS FORM: F-6)
STATION: GARRISON (AMOS) ND
MONTH: SEPTEMBER
YEAR: 2023
LATITUDE: 47 39 N
LONGITUDE: 101 23 W
TEMPERATURE IN F: :PCPN: SNOW: WIND :SUNSHINE: SKY :PK WND
================================================================================
1 2 3 4 5 6A 6B 7 8 9 10 11 12 13 14 15 16 17 18
12Z AVG MX 2MIN
DY MAX MIN AVG DEP HDD CDD WTR SNW DPTH SPD SPD DIR MIN PSBL S-S WX SPD DR
================================================================================
1 88 57 73 9 0 8 0.00 M M 7.9 16 200 M M 0 23 250
2 96 51 74 10 0 9 0.00 M M 5.9 16 240 M M 0 22 220
3 91 54 73 10 0 8 0.00 M M 7.6 16 100 M M 0 25 140
4 87 60 74 11 0 9 M M M 10.4 26 340 M M 0 38 360
5 66 43 55 -7 10 0 0.54 M M 12.6 24 340 M M 0 36 350
6 71 39 55 -7 10 0 0.00 M M 7.4 16 150 M M 0 20 180
7 79 53 66 4 0 1 0.00 M M 10.0 17 300 M M 0 24 160
8 73 52 63 2 2 0 0.01 M M 6.3 18 310 M M 0 23 300
9 74 47 61 0 4 0 0.08 M M 3.5 16 280 M M 0 20 280
10 70 48 59 -2 6 0 0.00 M M 3.0 12 180 M M 0 17 170
11 69 44 57 -3 8 0 0.00 M M 7.4 20 70 M M 0 28 100
12 71 44 58 -2 7 0 0.00 M M M M M M M 0 M M
13 75 48 62 3 3 0 0.00 M M 8.6 17 140 M M 0 25 140
14 78 53 66 7 0 1 0.07 M M 10.5 22 330 M M 0 30 280
15 68 41 55 -3 10 0 0.00 M M 11.5 25 320 M M 0 36 330
16 69 40 55 -3 10 0 0.00 M M 5.4 13 190 M M 0 18 130
17 81 46 64 6 1 0 0.00 M M 11.4 22 170 M M 0 29 170
18 88 50 69 12 0 4 0.00 M M 7.7 21 250 M M 0 28 280
19 86 45 66 9 0 1 0.00 M M 7.7 24 270 M M 0 35 280
20 68 38 53 -3 12 0 0.06 M M 7.9 14 70 M M 0 23 70
21 72 53 63 7 2 0 0.14 M M 11.0 23 100 M M 0 30 70
22 62 53 58 3 7 0 0.29 M M 9.2 17 80 M M 0 23 80
23 66 57 62 7 3 0 0.52 M M 6.3 14 110 M M 0 21 80
24 61 56 59 5 6 0 0.01 M M 13.7 22 330 M M 0 29 330
25 69 51 60 6 5 0 0.00 M M 4.9 10 310 M M 0 13 60
26 64 43 54 1 11 0 0.00 M M 9.2 17 150 M M 0 23 150
27 69 54 62 9 3 0 0.00 M M 13.9 23 150 M M 0 30 160
28 73 44 59 7 6 0 0.00 M M 8.1 22 300 M M 0 28 280
29 72 43 58 6 7 0 0.00 M M 3.9 13 160 M M 0 17 260
30 76 43 60 8 5 0 0.00 M M 11.0 24 100 M M 0 31 100
================================================================================
SM 2232 1450 138 41 1.72 M 243.9 M 0
================================================================================
AV 74.4 48.3 8.4 FASTST M M 0 MAX(MPH)
MISC ----> 26 340 38 360
================================================================================
NOTES:
# LAST OF SEVERAL OCCURRENCES
COLUMN 17 PEAK WIND IN M.P.H.
PRELIMINARY LOCAL CLIMATOLOGICAL DATA (WS FORM: F-6) , PAGE 2
STATION: GARRISON (AMOS) ND
MONTH: SEPTEMBER
YEAR: 2023
LATITUDE: 47 39 N
LONGITUDE: 101 23 W
[TEMPERATURE DATA] [PRECIPITATION DATA] SYMBOLS USED IN COLUMN 16
AVERAGE MONTHLY: 61.4 TOTAL FOR MONTH: 1.72 1 = FOG OR MIST
DPTR FM NORMAL: 3.4 DPTR FM NORMAL: 0.05 2 = FOG REDUCING VISIBILITY
HIGHEST: 96 ON 2 GRTST 24HR 0.74 ON 22-23 TO 1/4 MILE OR LESS
LOWEST: 38 ON 20 3 = THUNDER
SNOW, ICE PELLETS, HAIL 4 = ICE PELLETS
TOTAL MONTH: M 5 = HAIL
GRTST 24HR M ON M 6 = FREEZING RAIN OR DRIZZLE
GRTST DEPTH: M ON M 7 = DUSTSTORM OR SANDSTORM:
VSBY 1/2 MILE OR LESS
8 = SMOKE OR HAZE
[NO. OF DAYS WITH] [WEATHER - DAYS WITH] 9 = BLOWING SNOW
X = TORNADO
MAX 32 OR BELOW: 0 0.01 INCH OR MORE: 9
MAX 90 OR ABOVE: 2 0.10 INCH OR MORE: 4
MIN 32 OR BELOW: 0 0.50 INCH OR MORE: 2
MIN 0 OR BELOW: 0 1.00 INCH OR MORE: 0
[HDD (BASE 65) ]
TOTAL THIS MO. 138 CLEAR (SCALE 0-3) 30
DPTR FM NORMAL -101 PTCLDY (SCALE 4-7) 0
TOTAL FM JUL 1 214 CLOUDY (SCALE 8-10) 0
DPTR FM NORMAL -104
[CDD (BASE 65) ]
TOTAL THIS MO. 41
DPTR FM NORMAL 11 [PRESSURE DATA]
TOTAL FM JAN 1 462 HIGHEST SLP 30.34 ON 10
DPTR FM NORMAL 127 LOWEST SLP 29.47 ON 4
[REMARKS]
#FINAL-09-23#