000
CXHW50 PHFO 011250
CF6NGF
PRELIMINARY LOCAL CLIMATOLOGICAL DATA (WS FORM: F-6)
STATION: KANEOHE BAY MCAS HI
MONTH: SEPTEMBER
YEAR: 2023
LATITUDE: 21 25 N
LONGITUDE: 157 46 W
TEMPERATURE IN F: :PCPN: SNOW: WIND :SUNSHINE: SKY :PK WND
================================================================================
1 2 3 4 5 6A 6B 7 8 9 10 11 12 13 14 15 16 17 18
12Z AVG MX 2MIN
DY MAX MIN AVG DEP HDD CDD WTR SNW DPTH SPD SPD DIR MIN PSBL S-S WX SPD DR
================================================================================
1 89 77 83 3 0 18 0.00 M M 11.7 16 90 M M 8 1 33 80
2 90 81 86 6 0 21 0.03 M M 12.9 15 60 M M 7 24 90
3 90 79 85 5 0 20 0.01 M M 9.4 16 60 M M 4 21 90
4 89 76 83 3 0 18 0.00 M M 5.0 10 30 M M 2 M M
5 90 77 84 4 0 19 0.00 M M 5.1 12 50 M M 3 M M
6 90 78 84 4 0 19 0.00 M M 6.1 10 40 M M 4 M M
7 90 81 86 6 0 21 0.00 M M 8.3 10 70 M M 2 M M
8 89 81 85 5 0 20 T M M 9.5 15 80 M M 5 M M
9 87 79 83 3 0 18 0.08 M M 9.5 14 90 M M 6 1 24 90
10 89 80 85 5 0 20 0.03 M M 12.9 20 60 M M 4 30 60
11 89 79 84 4 0 19 0.03 M M 12.1 16 60 M M 5 32 80
12 90 79 85 5 0 20 0.09 M M 12.3 16 50 M M 6 29 50
13 88 80 84 4 0 19 0.02 M M 9.8 13 60 M M 6 1 22 80
14 88 77 83 3 0 18 0.41 M M 9.5 20 60 M M 8 1 30 M
15 90 79 85 5 0 20 0.01 M M 8.1 14 50 M M 6 18 70
16 89 78 84 4 0 19 0.23 M M 10.7 18 80 M M 4 33 60
17 88 81 85 5 0 20 0.00 M M 11.4 15 70 M M 6 28 70
18 88 81 85 5 0 20 T M M 10.0 15 80 M M 8 31 90
19 89 81 85 5 0 20 0.00 M M 12.7 16 80 M M 5 30 70
20 89 81 85 5 0 20 T M M 11.3 15 60 M M 5 24 90
21 89 78 84 4 0 19 0.08 M M 12.8 16 60 M M 6 1 30 M
22 88 81 85 5 0 20 0.00 M M 13.2 16 60 M M 4 22 70
23 M M M M M M 0.00 M M M M M M M M M M
24 M M M M M M 0.00 M M M M M M M M M M
25 89 80 85 5 0 20 T M M 12.7 15 80 M M 2 25 90
26 88 77 83 3 0 18 0.01 M M 12.5 16 80 M M 5 30 90
27 87 79 83 3 0 18 0.04 M M 12.3 20 60 M M 6 32 60
28 88 77 83 3 0 18 0.00 M M 9.6 15 80 M M 6 24 80
29 87 79 83 3 0 18 0.14 M M 9.8 14 70 M M 7 1 25 60
30 89 81 85 5 0 20 T M M 11.6 17 60 M M 6 29 60
================================================================================
SM 2486 2217 0 540 1.21 M 292.8 M 146
================================================================================
AV 88.8 79.2 10.5 FASTST M M 5 MAX(MPH)
MISC ----> # 20 60 # 33 80
================================================================================
NOTES:
# LAST OF SEVERAL OCCURRENCES
COLUMN 17 PEAK WIND IN M.P.H.
PRELIMINARY LOCAL CLIMATOLOGICAL DATA (WS FORM: F-6) , PAGE 2
STATION: KANEOHE BAY MCAS HI
MONTH: SEPTEMBER
YEAR: 2023
LATITUDE: 21 25 N
LONGITUDE: 157 46 W
[TEMPERATURE DATA] [PRECIPITATION DATA] SYMBOLS USED IN COLUMN 16
AVERAGE MONTHLY: 84.0 TOTAL FOR MONTH: 1.21 1 = FOG OR MIST
DPTR FM NORMAL: 4.1 DPTR FM NORMAL: -0.29 2 = FOG REDUCING VISIBILITY
HIGHEST: 90 ON 15,12 GRTST 24HR 0.41 ON 14-14 TO 1/4 MILE OR LESS
LOWEST: 76 ON 4 3 = THUNDER
SNOW, ICE PELLETS, HAIL 4 = ICE PELLETS
TOTAL MONTH: M 5 = HAIL
GRTST 24HR M ON M 6 = FREEZING RAIN OR DRIZZLE
GRTST DEPTH: M ON M 7 = DUSTSTORM OR SANDSTORM:
VSBY 1/2 MILE OR LESS
8 = SMOKE OR HAZE
[NO. OF DAYS WITH] [WEATHER - DAYS WITH] 9 = BLOWING SNOW
X = TORNADO
MAX 32 OR BELOW: 0 0.01 INCH OR MORE: 14
MAX 90 OR ABOVE: 7 0.10 INCH OR MORE: 3
MIN 32 OR BELOW: 0 0.50 INCH OR MORE: 0
MIN 0 OR BELOW: 0 1.00 INCH OR MORE: 0
[HDD (BASE 65) ]
TOTAL THIS MO. 0 CLEAR (SCALE 0-3) 4
DPTR FM NORMAL 0 PTCLDY (SCALE 4-7) 23
TOTAL FM JUL 1 0 CLOUDY (SCALE 8-10) 3
DPTR FM NORMAL 0
[CDD (BASE 65) ]
TOTAL THIS MO. 540
DPTR FM NORMAL 94 [PRESSURE DATA]
TOTAL FM JAN 1 3985 HIGHEST SLP M ON M
DPTR FM NORMAL 832 LOWEST SLP 31.99 ON 1
[REMARKS]
#FINAL-09-23#