000
CXUS55 KPSR 011005
CF6NYL
PRELIMINARY LOCAL CLIMATOLOGICAL DATA (WS FORM: F-6)
STATION: YUMA AZ
MONTH: MAY
YEAR: 2021
LATITUDE: 32 39 N
LONGITUDE: 114 37 W
TEMPERATURE IN F: :PCPN: SNOW: WIND :SUNSHINE: SKY :PK WND
================================================================================
1 2 3 4 5 6A 6B 7 8 9 10 11 12 13 14 15 16 17 18
12Z AVG MX 2MIN
DY MAX MIN AVG DEP HDD CDD WTR SNW DPTH SPD SPD DIR MIN PSBL S-S WX SPD DR
================================================================================
1 100 65 83 7 0 18 0.00 M M 8.9 16 230 M M 0 21 220
2 93 64 79 2 0 14 0.00 M M 10.7 23 300 M M 0 30 290
3 94 60 77 0 0 12 0.00 M M 7.4 17 300 M M 0 27 330
4 95 63 79 2 0 14 0.00 M M 6.0 13 160 M M 0 14 270
5 98 68 83 5 0 18 0.00 M M 5.3 13 260 M M 1 17 230
6 98 69 84 6 0 19 0.00 M M 8.4 16 200 M M 0 21 170
7 95 68 82 4 0 17 0.00 M M 8.0 16 170 M M 0 20 180
8 93 68 81 3 0 16 0.00 M M 5.7 13 160 M M 0 16 150
9 95 65 80 1 0 15 0.00 M M 9.9 20 170 M M 0 22 180
10 93 67 80 1 0 15 0.00 M M 7.9 17 160 M M 0 21 160
11 95 66 81 2 0 16 0.00 M M 4.9 12 260 M M 0 14 250
12 98 65 82 2 0 17 0.00 M M 6.3 15 200 M M 0 20 190
13 99 67 83 3 0 18 0.00 M M 5.7 14 180 M M 0 18 190
14 99 67 83 3 0 18 0.00 M M 6.5 15 150 M M 0 18 160
15 95 68 82 2 0 17 0.00 M M 10.9 20 150 M M 0 24 150
16 89 62 76 -5 0 11 0.00 M M 10.2 23 300 M M 0 27 290
17 91 61 76 -5 0 11 0.00 M M 9.1 16 300 M M 0 21 300
18 96 67 82 1 0 17 0.00 M M 8.2 16 160 M M 1 20 150
19 101 72 87 6 0 22 0.00 M M 10.1 17 300 M M 0 26 300
20 99 68 84 2 0 19 0.00 M M 10.6 24 280 M M 4 30 300
21 81 59 70 -12 0 5 0.00 M M 13.6 24 280 M M 0 29 280
22 80 55 68 -14 0 3 0.00 M M 9.0 18 290 M M 0 8 25 290
23 87 56 72 -11 0 7 0.00 M M 3.4 13 180 M M 0 16 170
24 97 63 80 -3 0 15 0.00 M M 5.9 17 10 M M 0 26 360
25 99 63 81 -2 0 16 0.00 M M 5.8 18 200 M M 2 23 210
26 99 74 87 4 0 22 0.00 M M 7.6 14 280 M M 3 18 220
27 98 67 83 -1 0 18 0.00 M M 5.1 14 270 M M 0 17 280
28 99 67 83 -1 0 18 0.00 M M 6.3 15 200 M M 0 19 160
29 99 67 83 -1 0 18 0.00 M M 7.4 18 190 M M 0 24 200
30 98 70 84 -1 0 19 0.00 M M 7.5 17 160 M M 0 22 160
31 99 70 85 0 0 20 0.00 M M 7.5 17 190 M M 0 20 180
================================================================================
SM 2952 2031 0 485 0.00 M 239.8 M 11
================================================================================
AV 95.2 65.5 7.7 FASTST M M 0 MAX(MPH)
MISC ----> # 24 280 # 30 290
================================================================================
NOTES:
# LAST OF SEVERAL OCCURRENCES
COLUMN 17 PEAK WIND IN M.P.H.
PRELIMINARY LOCAL CLIMATOLOGICAL DATA (WS FORM: F-6) , PAGE 2
STATION: YUMA AZ
MONTH: MAY
YEAR: 2021
LATITUDE: 32 39 N
LONGITUDE: 114 37 W
[TEMPERATURE DATA] [PRECIPITATION DATA] SYMBOLS USED IN COLUMN 16
AVERAGE MONTHLY: 80.4 TOTAL FOR MONTH: 0.00 1 = FOG OR MIST
DPTR FM NORMAL: -0.2 DPTR FM NORMAL: -0.06 2 = FOG REDUCING VISIBILITY
HIGHEST: 101 ON 19 GRTST 24HR 0.00 ON 1- 1 TO 1/4 MILE OR LESS
LOWEST: 55 ON 22 3 = THUNDER
SNOW, ICE PELLETS, HAIL 4 = ICE PELLETS
TOTAL MONTH: M 5 = HAIL
GRTST 24HR M ON M 6 = FREEZING RAIN OR DRIZZLE
GRTST DEPTH: M ON M 7 = DUSTSTORM OR SANDSTORM:
VSBY 1/2 MILE OR LESS
8 = SMOKE OR HAZE
[NO. OF DAYS WITH] [WEATHER - DAYS WITH] 9 = BLOWING SNOW
X = TORNADO
MAX 32 OR BELOW: 0 0.01 INCH OR MORE: 0
MAX 90 OR ABOVE: 27 0.10 INCH OR MORE: 0
MIN 32 OR BELOW: 0 0.50 INCH OR MORE: 0
MIN 0 OR BELOW: 0 1.00 INCH OR MORE: 0
[HDD (BASE 65) ]
TOTAL THIS MO. 0 CLEAR (SCALE 0-3) 30
DPTR FM NORMAL -1 PTCLDY (SCALE 4-7) 1
TOTAL FM JUL 1 677 CLOUDY (SCALE 8-10) 0
DPTR FM NORMAL 0
[CDD (BASE 65) ]
TOTAL THIS MO. 485
DPTR FM NORMAL 1 [PRESSURE DATA]
TOTAL FM JAN 1 864 HIGHEST SLP 30.04 ON 23
DPTR FM NORMAL -37 LOWEST SLP 29.50 ON 2
[REMARKS]
#FINAL-05-21#