000
CXUS55 KPSR 011025
CLMNYL
CLIMATE REPORT
NATIONAL WEATHER SERVICE PHOENIX AZ
325 AM MST MON MAY 01 2023
...................................
...THE YUMA AZ CLIMATE SUMMARY FOR THE MONTH OF APRIL 2023...
CLIMATE NORMAL PERIOD 1991 TO 2020
CLIMATE RECORD PERIOD 1876 TO 2023
WEATHER OBSERVED NORMAL DEPART LAST YEAR`S
VALUE DATE(S) VALUE FROM VALUE
NORMAL
..............................................................
TEMPERATURE (F)
RECORD
HIGH 107 04/06/1989
04/21/1958
04/18/1954
LOW 38 04/08/1929
04/05/1901
HIGHEST 103 04/30 100 3
LOWEST 45 04/04 49 -4
04/05
AVG. MAXIMUM 88.2 86.4 1.8
AVG. MINIMUM 58.7 59.8 -1.1
MEAN 73.4 73.1 0.3
DAYS MAX >= 90 16 12.0 4.0
DAYS MAX >= 100 3
DAYS MAX >= 110 0
DAYS MIN <= 32 0 0.0 0.0
DAYS MIN >= 90 0
PRECIPITATION (INCHES)
RECORD
MAXIMUM 1.20 1965
MINIMUM 0.00 2022
TOTALS 0.00R 0.14 -0.14
DAYS >= .01 0 0.8 -0.8
DAYS >= .10 0 0.5 -0.5
DAYS >= .50 0 0.0 0.0
DAYS >= 1.00 0 0.0 0.0
GREATEST
24 HR. TOTAL 0.00 03/31 TO 03/31
DEGREE DAYS
HEATING TOTAL 15 11 4
SINCE 7/1 928 671 257
COOLING TOTAL 276 254 22
SINCE 1/1 317 417 -100
..............................................................
WIND (MPH)
AVERAGE WIND SPEED 6.4
HIGHEST GUST SPEED/DIRECTION 42/280 DATE 04/03
AVERAGE RH (PERCENT) 27
WEATHER CONDITIONS. NUMBER OF DAYS WITH
THUNDERSTORM 0 HEAVY RAIN 0
RAIN 0 LIGHT RAIN 0
FOG W/VIS <= 1/4 MILE 0
- INDICATES NEGATIVE NUMBERS.
R INDICATES RECORD WAS SET OR TIED.
MM INDICATES DATA IS MISSING.
T INDICATES TRACE AMOUNT.
$$