000
CXUS53 KOAX 051610
CF6OAX
PRELIMINARY LOCAL CLIMATOLOGICAL DATA (WS FORM: F-6)
STATION: VALLEY NWS NE
MONTH: DECEMBER
YEAR: 2022
LATITUDE: 41 19 N
LONGITUDE: 96 22 W
TEMPERATURE IN F: :PCPN: SNOW: WIND :SUNSHINE: SKY :PK WND
================================================================================
1 2 3 4 5 6A 6B 7 8 9 10 11 12 13 14 15 16 17 18
12Z AVG MX 2MIN
DY MAX MIN AVG DEP HDD CDD WTR SNW DPTH SPD SPD DIR MIN PSBL S-S WX SPD DR
================================================================================
1 49 22 36 2 29 0 0.00 0.0 T M M M M M M 37 M
2 54 18 36 3 29 0 T T 0 M M M M M M 46 M
3 33 10 22 -11 43 0 0.00 0.0 0 M M M M M M 24 M
4 48 20 34 2 31 0 0.00 0.0 0 M M M M M M 17 M
5 43 24 34 2 31 0 0.00 0.0 0 M M M M M M 25 M
6 42 22 32 0 33 0 0.00 0.0 0 M M M M M M 15 M
7 35 17 26 -5 39 0 0.00 0.0 0 M M M M M M 23 M
8 36 15 26 -5 39 0 0.10 T 0 M M M M M M 6 10 M
9 35 32 34 4 31 0 0.01 0.0 0 M M M M M M 22 M
10 44 26 35 5 30 0 0.00 0.0 0 M M M M M M 1 18 M
11 45 21 33 3 32 0 0.00 0.0 0 M M M M M M 1 22 M
12 37 31 34 4 31 0 0.55 0.0 0 M M M M M M 13 31 M
13 47 31 39 10 26 0 0.31 0.0 0 M M M M M M 1 40 M
14 37 29 33 4 32 0 T T 0 M M M M M M 30 M
15 29 21 25 -3 40 0 0.02 0.2 T M M M M M M 1 38 M
16 24 18 21 -7 44 0 T T T M M M M M M 33 M
17 24 12 18 -10 47 0 T T T M M M M M M 28 M
18 26 7 17 -11 48 0 0.00 0.0 T M M M M M M 15 M
19 34 11 23 -4 42 0 0.04 0.4 T M M M M M M 168 26 M
20 12 2 7 -20 58 0 T T T M M M M M M 23 M
21 17 -2 8 -19 57 0 0.02 1.0 1 M M M M M M 19 41 M
22 -2 -14 -8 -35 73 0 T T 1 M M M M M M 89 40 M
23 5 -8 -1 -27 66 0 T T 1 M M M M M M 9 39 M
24 11 -1 5 -21 60 0 0.00 0.0 1 M M M M M M 23 M
25 35 -3 16 -10 49 0 T T 1 M M M M M M 46 39 M
26 27 9 18 -8 47 0 T T T M M M M M M 40 M
27 36 14 25 -1 40 0 0.00 0.0 T M M M M M M 30 M
28 44 32 38 13 27 0 0.00 0.0 T M M M M M M 24 M
29 46 27 37 12 28 0 T T 0 M M M M M M 31 M
30 44 23 34 9 31 0 0.00 0.0 0 M M M M M M 15 M
31 46 31 39 14 26 0 0.00 0.0 0 M M M M M M 21 M
================================================================================
SM 1043 497 1239 0 1.05 1.6 M M M
================================================================================
AV 33.6 16.0 M FASTST M M M MAX(MPH)
MISC ----> M M 46 9999
================================================================================
NOTES:
# LAST OF SEVERAL OCCURRENCES
COLUMN 17 PEAK WIND IN M.P.H.
PRELIMINARY LOCAL CLIMATOLOGICAL DATA (WS FORM: F-6) , PAGE 2
STATION: VALLEY NWS NE
MONTH: DECEMBER
YEAR: 2022
LATITUDE: 41 19 N
LONGITUDE: 96 22 W
[TEMPERATURE DATA] [PRECIPITATION DATA] SYMBOLS USED IN COLUMN 16
AVERAGE MONTHLY: 24.8 TOTAL FOR MONTH: 1.05 1 = FOG OR MIST
DPTR FM NORMAL: -3.8 DPTR FM NORMAL: -0.27 2 = FOG REDUCING VISIBILITY
HIGHEST: 54 ON 2 GRTST 24HR 0.55 ON 12-12 TO 1/4 MILE OR LESS
LOWEST: -14 ON 22 3 = THUNDER
SNOW, ICE PELLETS, HAIL 4 = ICE PELLETS
TOTAL MONTH: 1.6 INCHES 5 = HAIL
GRTST 24HR 1.0 ON 21-21 6 = FREEZING RAIN OR DRIZZLE
GRTST DEPTH: 1 ON 25,24 7 = DUSTSTORM OR SANDSTORM:
VSBY 1/2 MILE OR LESS
8 = SMOKE OR HAZE
[NO. OF DAYS WITH] [WEATHER - DAYS WITH] 9 = BLOWING SNOW
X = TORNADO
MAX 32 OR BELOW: 10 0.01 INCH OR MORE: 7
MAX 90 OR ABOVE: 0 0.10 INCH OR MORE: 3
MIN 32 OR BELOW: 31 0.50 INCH OR MORE: 1
MIN 0 OR BELOW: 5 1.00 INCH OR MORE: 0
[HDD (BASE 65) ]
TOTAL THIS MO. 1239 CLEAR (SCALE 0-3) 0
DPTR FM NORMAL 111 PTCLDY (SCALE 4-7) 0
TOTAL FM JUL 1 2399 CLOUDY (SCALE 8-10) 31
DPTR FM NORMAL 91
[CDD (BASE 65) ]
TOTAL THIS MO. 0
DPTR FM NORMAL 0 [PRESSURE DATA]
TOTAL FM JAN 1 1529 HIGHEST SLP M ON M
DPTR FM NORMAL 326 LOWEST SLP M ON M
[REMARKS]
#FINAL-12-22#