086
CXUS54 KMAF 011110
CF6ODO
PRELIMINARY LOCAL CLIMATOLOGICAL DATA (WS FORM: F-6)
STATION: ODESSA SCHLEYMEYER
MONTH: JULY
YEAR: 2020
LATITUDE: 31 55 N
LONGITUDE: 102 23 W
TEMPERATURE IN F: :PCPN: SNOW: WIND :SUNSHINE: SKY :PK WND
================================================================================
1 2 3 4 5 6A 6B 7 8 9 10 11 12 13 14 15 16 17 18
12Z AVG MX 2MIN
DY MAX MIN AVG DEP HDD CDD WTR SNW DPTH SPD SPD DIR MIN PSBL S-S WX SPD DR
================================================================================
1 103 77 90 7 0 25 0.00 M M 11.3 35 140 M M 0 39 140
2 98 72 85 2 0 20 0.00 M M 12.3 22 170 M M 0 3 27 170
3 98 76 87 4 0 22 0.00 M M 11.4 20 120 M M 0 24 180
4 100 75 88 5 0 23 0.00 M M 7.8 16 160 M M 0 23 120
5 102 70 86 3 0 21 T M M 11.4 32 300 M M 1 38 39 340
6 95 68 82 -1 0 17 0.00 M M 7.3 16 60 M M 0 21 80
7 100 70 85 2 0 20 0.00 M M 7.9 23 140 M M 1 29 130
8 102 71 87 4 0 22 0.00 M M 11.3 21 170 M M 0 26 190
9 106 77 92 9 0 27 0.00 0.0 0 15.2 24 170 M M 0 31 160
10 105 78 92 9 0 27 0.00 0.0 0 13.3 23 160 M M 0 31 160
11 107 79 93 10 0 28 0.00 0.0 0 12.1 18 160 M M 0 23 150
12 106 76 91 8 0 26 0.00 0.0 0 12.5 23 170 M M 0 31 190
13 109 80 95 12 0 30 0.00 M M 15.3 23 210 M M 0 31 200
14 111 86 99 16 0 34 0.00 M M 15.1 25 210 M M 0 31 180
15 107 82 95 12 0 30 0.00 M M 15.8 24 160 M M 0 32 160
16 101 76 89 6 0 24 0.00 M M 12.7 24 150 M M 0 31 150
17 103 78 91 8 0 26 0.00 M M 12.7 23 160 M M 0 30 180
18 100 76 88 4 0 23 0.00 M M 12.2 21 130 M M 0 29 130
19 96 72 84 0 0 19 0.00 M M 12.0 23 190 M M 0 28 130
20 98 76 87 3 0 22 0.00 0.0 0 11.5 24 150 M M 0 29 150
21 98 77 88 4 0 23 T 0.0 0 10.1 24 50 M M 1 32 50
22 97 74 86 2 0 21 0.00 0.0 0 9.9 25 70 M M 1 38 38 90
23 97 72 85 1 0 20 T M M 10.4 23 110 M M 1 3 33 140
24 97 74 86 2 0 21 0.00 0.0 0 11.7 22 140 M M 1 28 150
25 97 75 86 2 0 21 0.00 M M 11.7 23 90 M M 2 29 100
26 93 72 83 -1 0 18 0.00 M M 11.8 20 150 M M 2 25 130
27 95 72 84 0 0 19 0.00 M M 11.0 17 120 M M 1 23 120
28 99 77 88 4 0 23 0.00 M M 10.9 20 180 M M 1 23 200
29 100 77 89 5 0 24 0.00 M M 15.9 22 180 M M 0 27 170
30 101 74 88 4 0 23 0.00 0.0 0 13.5 24 140 M M 0 28 140
31 93 68 81 -3 0 16 T 0.0 0 10.9 37 330 M M 2 138 48 320
================================================================================
SM 3114 2327 0 715 T 0.0 368.9 M 14
================================================================================
AV100.5 75.1 11.9 FASTST M M 0 MAX(MPH)
MISC ----> 37 330 48 320
================================================================================
NOTES:
# LAST OF SEVERAL OCCURRENCES
COLUMN 17 PEAK WIND IN M.P.H.
PRELIMINARY LOCAL CLIMATOLOGICAL DATA (WS FORM: F-6) , PAGE 2
STATION: ODESSA SCHLEYMEYER
MONTH: JULY
YEAR: 2020
LATITUDE: 31 55 N
LONGITUDE: 102 23 W
[TEMPERATURE DATA] [PRECIPITATION DATA] SYMBOLS USED IN COLUMN 16
AVERAGE MONTHLY: 87.8 TOTAL FOR MONTH: T 1 = FOG OR MIST
DPTR FM NORMAL: 4.5 DPTR FM NORMAL: -1.79 2 = FOG REDUCING VISIBILITY
HIGHEST: 111 ON 14 GRTST 24HR T ON 5- 5 TO 1/4 MILE OR LESS
LOWEST: 68 ON 31, 6 3 = THUNDER
SNOW, ICE PELLETS, HAIL 4 = ICE PELLETS
TOTAL MONTH: 0.0 INCH 5 = HAIL
GRTST 24HR 0.0 6 = FREEZING RAIN OR DRIZZLE
GRTST DEPTH: 0 7 = DUSTSTORM OR SANDSTORM:
VSBY 1/2 MILE OR LESS
8 = SMOKE OR HAZE
[NO. OF DAYS WITH] [WEATHER - DAYS WITH] 9 = BLOWING SNOW
X = TORNADO
MAX 32 OR BELOW: 0 0.01 INCH OR MORE: 0
MAX 90 OR ABOVE: 31 0.10 INCH OR MORE: 0
MIN 32 OR BELOW: 0 0.50 INCH OR MORE: 0
MIN 0 OR BELOW: 0 1.00 INCH OR MORE: 0
[HDD (BASE 65) ]
TOTAL THIS MO. 0 CLEAR (SCALE 0-3) 31
DPTR FM NORMAL 0 PTCLDY (SCALE 4-7) 0
TOTAL FM JUL 1 0 CLOUDY (SCALE 8-10) 0
DPTR FM NORMAL 0
[CDD (BASE 65) ]
TOTAL THIS MO. 715
DPTR FM NORMAL 148 [PRESSURE DATA]
TOTAL FM JAN 1 1761 HIGHEST SLP 30.04 ON 31
DPTR FM NORMAL 275 LOWEST SLP 29.65 ON 14
[REMARKS]
#FINAL-07-20#