000
CXUS53 KOAX 011531
CF6OFK
PRELIMINARY LOCAL CLIMATOLOGICAL DATA (WS FORM: F-6)
STATION: NORFOLK NE
MONTH: JUNE
YEAR: 2020
LATITUDE: 41 58 N
LONGITUDE: 97 26 W
TEMPERATURE IN F: :PCPN: SNOW: WIND :SUNSHINE: SKY :PK WND
================================================================================
1 2 3 4 5 6A 6B 7 8 9 10 11 12 13 14 15 16 17 18
12Z AVG MX 2MIN
DY MAX MIN AVG DEP HDD CDD WTR SNW DPTH SPD SPD DIR MIN PSBL S-S WX SPD DR
================================================================================
1 94 69 82 16 0 17 0.00 0.0 0 17.1 30 180 M M 0 41 180
2 97 67 82 16 0 17 0.00 0.0 0 13.3 26 220 M M 0 36 190
3 91 61 76 10 0 11 0.05 0.0 0 6.9 26 320 M M 0 3 38 320
4 90 58 74 7 0 9 T 0.0 0 6.5 31 190 M M 0 1 45 200
5 91 67 79 12 0 14 T 0.0 0 9.6 16 20 M M 0 23 40
6 94 71 83 16 0 18 0.00 0.0 0 16.3 28 170 M M 1 40 160
7 95 76 86 18 0 21 0.00 0.0 0 22.3 35 160 M M 0 49 170
8 93 74 84 16 0 19 0.00 0.0 0 18.5 29 160 M M 1 44 170
9 79 57 68 0 0 3 0.08 0.0 0 17.0 40 340 M M 6 13 61 340
10 75 52 64 -5 1 0 0.00 0.0 0 16.9 30 320 M M 3 41 300
11 86 50 68 -1 0 3 0.00 0.0 0 6.2 14 290 M M 0 19 310
12 90 50 70 1 0 5 0.00 0.0 0 6.4 15 140 M M 0 24 130
13 92 60 76 6 0 11 0.00 0.0 0 14.7 24 130 M M 0 33 120
14 92 71 82 12 0 17 0.00 0.0 0 18.5 29 170 M M 0 42 170
15 94 71 83 13 0 18 T 0.0 0 17.0 29 170 M M 0 41 180
16 92 72 82 11 0 17 0.00 0.0 0 19.1 30 170 M M 0 43 170
17 93 72 83 12 0 18 0.00 0.0 0 19.9 32 160 M M 0 45 160
18 80 57 69 -2 0 4 0.05 0.0 0 11.9 22 340 M M 6 38 30 170
19 80 54 67 -4 0 2 0.00 0.0 0 4.9 16 40 M M 4 1 25 60
20 81 63 72 0 0 7 0.05 0.0 0 3.1 10 130 M M 7 1 15 170
21 86 62 74 2 0 9 0.01 0.0 0 9.9 22 290 M M 3 3 31 300
22 82 59 71 -1 0 6 0.22 0.0 0 7.8 32 320 M M 3 13 48 310
23 78 54 66 -6 0 1 0.00 0.0 0 8.4 20 350 M M 2 27 340
24 83 50 67 -6 0 2 0.00 0.0 0 3.3 9 190 M M 1 12 140
25 91 59 75 2 0 10 T 0.0 0 11.2 26 360 M M 1 3 36 360
26 89 66 78 5 0 13 T 0.0 0 5.5 14 310 M M 1 21 340
27 90 65 78 5 0 13 T 0.0 0 6.4 17 170 M M 1 18 24 170
28 91 69 80 6 0 15 0.00 0.0 0 13.3 25 160 M M 1 34 150
29 89 75 82 8 0 17 0.00 0.0 0 15.9 24 140 M M 5 32 160
30 90 66 78 4 0 13 0.19 0.0 0 13.1 36 210 M M 8 13 48 230
================================================================================
SM 2648 1897 1 330 0.65 0.0 360.9 M 54
================================================================================
AV 88.3 63.2 12.0 FASTST M M 2 MAX(MPH)
MISC ----> # 40 340 # 61 340
================================================================================
NOTES:
# LAST OF SEVERAL OCCURRENCES
COLUMN 17 PEAK WIND IN M.P.H.
PRELIMINARY LOCAL CLIMATOLOGICAL DATA (WS FORM: F-6) , PAGE 2
STATION: NORFOLK NE
MONTH: JUNE
YEAR: 2020
LATITUDE: 41 58 N
LONGITUDE: 97 26 W
[TEMPERATURE DATA] [PRECIPITATION DATA] SYMBOLS USED IN COLUMN 16
AVERAGE MONTHLY: 75.8 TOTAL FOR MONTH: 0.65 1 = FOG OR MIST
DPTR FM NORMAL: 5.6 DPTR FM NORMAL: -3.61 2 = FOG REDUCING VISIBILITY
HIGHEST: 97 ON 2 GRTST 24HR 0.23 ON 21-22 TO 1/4 MILE OR LESS
LOWEST: 50 ON 24,12 3 = THUNDER
SNOW, ICE PELLETS, HAIL 4 = ICE PELLETS
TOTAL MONTH: 0.0 INCH 5 = HAIL
GRTST 24HR 0.0 6 = FREEZING RAIN OR DRIZZLE
GRTST DEPTH: 0 7 = DUSTSTORM OR SANDSTORM:
VSBY 1/2 MILE OR LESS
8 = SMOKE OR HAZE
[NO. OF DAYS WITH] [WEATHER - DAYS WITH] 9 = BLOWING SNOW
X = TORNADO
MAX 32 OR BELOW: 0 0.01 INCH OR MORE: 7
MAX 90 OR ABOVE: 18 0.10 INCH OR MORE: 2
MIN 32 OR BELOW: 0 0.50 INCH OR MORE: 0
MIN 0 OR BELOW: 0 1.00 INCH OR MORE: 0
[HDD (BASE 65) ]
TOTAL THIS MO. 1 CLEAR (SCALE 0-3) 24
DPTR FM NORMAL -29 PTCLDY (SCALE 4-7) 6
TOTAL FM JUL 1 6403 CLOUDY (SCALE 8-10) 0
DPTR FM NORMAL -240
[CDD (BASE 65) ]
TOTAL THIS MO. 330
DPTR FM NORMAL 144 [PRESSURE DATA]
TOTAL FM JAN 1 353 HIGHEST SLP 30.26 ON 12
DPTR FM NORMAL 106 LOWEST SLP 29.48 ON 9
[REMARKS]
#FINAL-06-20#