000
CXUS52 KCAE 011500
CF6OGB
PRELIMINARY LOCAL CLIMATOLOGICAL DATA (WS FORM: F-6)
STATION: ORANGEBURG AIRPORT SC
MONTH: DECEMBER
YEAR: 2022
LATITUDE: 33 27 N
LONGITUDE: 80 51 W
TEMPERATURE IN F: :PCPN: SNOW: WIND :SUNSHINE: SKY :PK WND
================================================================================
1 2 3 4 5 6A 6B 7 8 9 10 11 12 13 14 15 16 17 18
12Z AVG MX 2MIN
DY MAX MIN AVG DEP HDD CDD WTR SNW DPTH SPD SPD DIR MIN PSBL S-S WX SPD DR
================================================================================
1 58 34 46 -6 19 0 0.00 M M 3.9 13 40 M M 0 17 50
2 64 33 49 -3 16 0 0.00 M M 3.9 10 40 M M 1 14 40
3 76 53 65 13 0 0 T M M 4.2 23 240 M M 7 1 26 240
4 66 52 59 7 6 0 0.00 M M 3.5 13 40 M M 3 1 17 30
5 55 50 53 2 12 0 0.41 M M 4.2 9 60 M M 10 1 13 80
6 67 50 59 8 6 0 0.25 M M 0.9 6 160 M M 10 12 7 30
7 77 56 67 16 0 2 0.00 M M 3.2 15 250 M M 5 12 20 240
8 70 58 64 13 1 0 0.00 M M 2.0 8 300 M M 8 12 11 290
9 63 52 58 7 7 0 0.08 M M 5.5 15 50 M M 10 12 21 40
10 56 49 53 3 12 0 0.01 M M 5.8 10 30 M M 10 1 15 40
11 57 50 54 4 11 0 0.08 M M 4.4 12 10 M M 10 1 14 10
12 63 47 55 5 10 0 0.00 M M 4.6 12 60 M M 7 1 15 60
13 53 38 46 -4 19 0 0.00 M M 5.5 14 80 M M 1 21 80
14 51 39 45 -5 20 0 0.05 M M 5.5 10 80 M M 9 18 15 70
15 70 41 56 6 9 0 0.27 M M 8.1 23 220 M M 8 12 32 230
16 59 37 48 -2 17 0 0.00 M M 8.8 22 260 M M 0 1 29 260
17 53 37 45 -4 20 0 T M M 6.0 16 280 M M 5 22 270
18 53 32 43 -6 22 0 0.00 M M 5.8 12 310 M M 0 17 310
19 52 29 41 -8 24 0 0.00 M M 3.2 9 50 M M 0 16 70
20 45 37 41 -8 24 0 0.66 M M 5.9 13 20 M M 10 1 17 50
21 42 37 40 -9 25 0 0.24 M M 9.0 15 30 M M 10 1 21 20
22 49 41 45 -4 20 0 0.50 M M 8.1 22 200 M M 10 13 25 200
23 54 21 38 -10 27 0 T M M 18.3 38 280 M M 3 1 52 280
24 29 14 22 -26 43 0 0.00 M M 12.3 21 280 M M 0 28 290
25 40 18 29 -19 36 0 0.00 M M 5.3 13 250 M M 0 15 250
26 47 18 33 -15 32 0 0.00 M M 1.3 7 230 M M 0 9 210
27 54 24 39 -9 26 0 0.00 M M 0.8 7 210 M M 1 9 190
28 59 26 43 -5 22 0 0.00 M M 1.2 8 200 M M 0 9 120
29 67 29 48 0 17 0 0.00 M M 1.9 8 20 M M 0 11 10
30 68 42 55 7 10 0 0.04 M M 1.4 8 40 M M 8 1 10 40
31 68 53 61 13 4 0 0.11 M M 4.0 13 230 M M 6 12 18 210
================================================================================
SM 1785 1197 517 2 2.70 M 158.5 M 152
================================================================================
AV 57.6 38.6 5.1 FASTST M M 5 MAX(MPH)
MISC ----> 38 280 52 280
================================================================================
NOTES:
# LAST OF SEVERAL OCCURRENCES
COLUMN 17 PEAK WIND IN M.P.H.
PRELIMINARY LOCAL CLIMATOLOGICAL DATA (WS FORM: F-6) , PAGE 2
STATION: ORANGEBURG AIRPORT SC
MONTH: DECEMBER
YEAR: 2022
LATITUDE: 33 27 N
LONGITUDE: 80 51 W
[TEMPERATURE DATA] [PRECIPITATION DATA] SYMBOLS USED IN COLUMN 16
AVERAGE MONTHLY: 48.1 TOTAL FOR MONTH: 2.70 1 = FOG OR MIST
DPTR FM NORMAL: -1.5 DPTR FM NORMAL: -0.53 2 = FOG REDUCING VISIBILITY
HIGHEST: 77 ON 7 GRTST 24HR 0.86 ON 20-21 TO 1/4 MILE OR LESS
LOWEST: 14 ON 24 3 = THUNDER
SNOW, ICE PELLETS, HAIL 4 = ICE PELLETS
TOTAL MONTH: M 5 = HAIL
GRTST 24HR M ON M 6 = FREEZING RAIN OR DRIZZLE
GRTST DEPTH: M ON M 7 = DUSTSTORM OR SANDSTORM:
VSBY 1/2 MILE OR LESS
8 = SMOKE OR HAZE
[NO. OF DAYS WITH] [WEATHER - DAYS WITH] 9 = BLOWING SNOW
X = TORNADO
MAX 32 OR BELOW: 1 0.01 INCH OR MORE: 12
MAX 90 OR ABOVE: 0 0.10 INCH OR MORE: 7
MIN 32 OR BELOW: 9 0.50 INCH OR MORE: 2
MIN 0 OR BELOW: 0 1.00 INCH OR MORE: 0
[HDD (BASE 65) ]
TOTAL THIS MO. 517 CLEAR (SCALE 0-3) 13
DPTR FM NORMAL 35 PTCLDY (SCALE 4-7) 9
TOTAL FM JUL 1 839 CLOUDY (SCALE 8-10) 9
DPTR FM NORMAL -16
[CDD (BASE 65) ]
TOTAL THIS MO. 2
DPTR FM NORMAL -4 [PRESSURE DATA]
TOTAL FM JAN 1 2320 HIGHEST SLP 30.54 ON 2
DPTR FM NORMAL 86 LOWEST SLP 29.68 ON 23
[REMARKS]
#FINAL-12-22#