000
CXUS53 KEAX 010736
CF6OJC
PRELIMINARY LOCAL CLIMATOLOGICAL DATA (WS FORM: F-6)
STATION: JOHNSON COUNTY EXECUTIVE KS
MONTH: MAY
YEAR: 2023
LATITUDE: 38 50 N
LONGITUDE: 94 44 W
TEMPERATURE IN F: :PCPN: SNOW: WIND :SUNSHINE: SKY :PK WND
================================================================================
1 2 3 4 5 6A 6B 7 8 9 10 11 12 13 14 15 16 17 18
12Z AVG MX 2MIN
DY MAX MIN AVG DEP HDD CDD WTR SNW DPTH SPD SPD DIR MIN PSBL S-S WX SPD DR
================================================================================
1 65 42 54 -5 11 0 0.00 M M 10.0 23 310 M M 0 34 310
2 67 42 55 -5 10 0 0.00 M M 9.6 20 340 M M 0 29 350
3 74 40 57 -3 8 0 0.00 M M 2.8 9 180 M M 0 13 320
4 72 47 60 0 5 0 0.01 M M 8.6 17 160 M M 6 24 200
5 77 54 66 5 0 1 0.01 M M 11.0 18 150 M M 9 1 25 140
6 93 62 78 17 0 13 0.00 M M 11.1 21 180 M M 5 1 31 200
7 90 70 80 19 0 15 0.00 M M 11.6 23 180 M M 1 18 32 170
8 87 64 76 14 0 11 T M M 6.1 13 20 M M 3 19 270
9 83 62 73 11 0 8 0.16 M M 9.4 26 140 M M 1 13 42 140
10 81 60 71 9 0 6 0.00 M M 8.2 21 170 M M 0 28 160
11 72 63 68 5 0 3 0.23 M M 7.9 17 110 M M 7 1 24 120
12 83 66 75 12 0 10 0.00 M M 9.7 18 160 M M 5 26 160
13 85 67 76 12 0 11 0.00 M M 6.9 14 210 M M 1 22 240
14 86 65 76 12 0 11 0.31 M M 3.7 17 50 M M 3 13 25 50
15 68 59 64 0 1 0 0.06 M M 8.4 15 60 M M 10 1 20 60
16 66 58 62 -3 3 0 0.05 M M 5.1 10 350 M M 8 1 14 360
17 83 57 70 5 0 5 0.00 M M 4.2 10 170 M M 2 1 14 170
18 82 59 71 6 0 6 0.00 M M 3.9 14 160 M M 2 20 170
19 68 51 60 -6 5 0 0.53 M M 6.5 18 20 M M 6 1 25 10
20 71 46 59 -7 6 0 0.00 M M 5.2 14 360 M M 0 21 10
21 75 48 62 -4 3 0 0.00 M M 3.2 14 160 M M 0 18 170
22 78 52 65 -2 0 0 0.00 M M 3.6 12 180 M M 1 16 190
23 82 55 69 2 0 4 0.00 M M 3.2 15 150 M M 0 20 170
24 85 56 71 3 0 6 0.07 M M 4.2 20 140 M M 2 3 28 150
25 85 62 74 6 0 9 0.00 M M 6.6 15 100 M M 2 23 120
26 80 59 70 2 0 5 0.00 M M 7.6 15 90 M M 0 21 100
27 80 56 68 -1 0 3 0.00 M M 6.4 14 100 M M 0 21 170
28 83 52 68 -1 0 3 0.00 M M 4.4 13 80 M M 0 19 60
29 85 64 75 6 0 10 0.00 M M 5.1 13 170 M M 2 20 160
30 86 63 75 5 0 10 0.41 M M 6.8 24 240 M M 4 13 43 240
31 84 63 74 4 0 9 0.79 M M 7.2 15 180 M M 4 13 23 170
================================================================================
SM 2456 1764 52 159 2.63 M 208.2 M 84
================================================================================
AV 79.2 56.9 6.7 FASTST M M 3 MAX(MPH)
MISC ----> 26 140 43 240
================================================================================
NOTES:
# LAST OF SEVERAL OCCURRENCES
COLUMN 17 PEAK WIND IN M.P.H.
PRELIMINARY LOCAL CLIMATOLOGICAL DATA (WS FORM: F-6) , PAGE 2
STATION: JOHNSON COUNTY EXECUTIVE KS
MONTH: MAY
YEAR: 2023
LATITUDE: 38 50 N
LONGITUDE: 94 44 W
[TEMPERATURE DATA] [PRECIPITATION DATA] SYMBOLS USED IN COLUMN 16
AVERAGE MONTHLY: 68.1 TOTAL FOR MONTH: 2.63 1 = FOG OR MIST
DPTR FM NORMAL: 3.5 DPTR FM NORMAL: -2.75 2 = FOG REDUCING VISIBILITY
HIGHEST: 93 ON 6 GRTST 24HR 1.03 ON 30-31 TO 1/4 MILE OR LESS
LOWEST: 40 ON 3 3 = THUNDER
SNOW, ICE PELLETS, HAIL 4 = ICE PELLETS
TOTAL MONTH: M 5 = HAIL
GRTST 24HR M ON M 6 = FREEZING RAIN OR DRIZZLE
GRTST DEPTH: M ON M 7 = DUSTSTORM OR SANDSTORM:
VSBY 1/2 MILE OR LESS
8 = SMOKE OR HAZE
[NO. OF DAYS WITH] [WEATHER - DAYS WITH] 9 = BLOWING SNOW
X = TORNADO
MAX 32 OR BELOW: 0 0.01 INCH OR MORE: 11
MAX 90 OR ABOVE: 2 0.10 INCH OR MORE: 6
MIN 32 OR BELOW: 0 0.50 INCH OR MORE: 2
MIN 0 OR BELOW: 0 1.00 INCH OR MORE: 0
[HDD (BASE 65) ]
TOTAL THIS MO. 52 CLEAR (SCALE 0-3) 19
DPTR FM NORMAL -53 PTCLDY (SCALE 4-7) 10
TOTAL FM JUL 1 4525 CLOUDY (SCALE 8-10) 2
DPTR FM NORMAL -393
[CDD (BASE 65) ]
TOTAL THIS MO. 159
DPTR FM NORMAL 67 [PRESSURE DATA]
TOTAL FM JAN 1 172 HIGHEST SLP M ON M
DPTR FM NORMAL 61 LOWEST SLP 29.66 ON 7
[REMARKS]
#FINAL-05-23#