000
CXUS53 KEAX 010836
CF6OJC
PRELIMINARY LOCAL CLIMATOLOGICAL DATA (WS FORM: F-6)
STATION: JOHNSON COUNTY EXECUTIVE KS
MONTH: JANUARY
YEAR: 2024
LATITUDE: 38 50 N
LONGITUDE: 94 44 W
TEMPERATURE IN F: :PCPN: SNOW: WIND :SUNSHINE: SKY :PK WND
================================================================================
1 2 3 4 5 6A 6B 7 8 9 10 11 12 13 14 15 16 17 18
12Z AVG MX 2MIN
DY MAX MIN AVG DEP HDD CDD WTR SNW DPTH SPD SPD DIR MIN PSBL S-S WX SPD DR
================================================================================
1 36 23 30 0 35 0 0.00 M M 4.8 10 320 M M 6 15 330
2 44 22 33 3 32 0 0.00 M M 5.2 13 240 M M 0 19 220
3 44 25 35 5 30 0 0.00 M M 4.9 12 350 M M 3 12 15 350
4 34 25 30 0 35 0 0.00 M M 7.5 14 90 M M 3 1 18 70
5 33 29 31 1 34 0 0.15 M M 5.3 10 70 M M 6 12 18 80
6 33 30 32 2 33 0 0.01 M M 6.4 15 320 M M 10 1 20 320
7 37 30 34 4 31 0 0.00 M M 6.4 14 120 M M 4 23 120
8 38 32 35 5 30 0 0.43 M M 11.1 17 110 M M 8 1 26 90
9 32 20 26 -4 39 0 0.24 M M 13.8 28 320 M M 9 18 42 320
10 36 12 24 -6 41 0 0.00 M M 8.4 15 170 M M 0 22 230
11 36 17 27 -3 38 0 0.00 M M 9.9 21 60 M M 2 1 29 50
12 30 6 18 -12 47 0 T M M 14.7 24 310 M M 9 168 35 300
13 6 -9 -1 -31 66 0 T M M 13.3 23 330 M M 4 8 31 310
14 -1 -9 -5 -35 70 0 0.00 M M 10.4 21 310 M M 3 31 310
15 2 -9 -3 -33 68 0 T M M 8.2 18 310 M M 5 8 25 300
16 10 -6 2 -28 63 0 0.00 M M 8.3 15 240 M M 0 23 250
17 34 7 21 -9 44 0 0.00 M M 9.0 16 200 M M 0 22 210
18 36 11 24 -6 41 0 T M M 8.0 28 340 M M 5 18 39 350
19 11 1 6 -24 59 0 0.00 M M 11.6 23 340 M M 1 8 35 340
20 14 -4 5 -25 60 0 0.00 M M 4.7 12 340 M M 0 15 340
21 31 4 18 -12 47 0 T M M 13.3 22 180 M M 5 34 170
22 33 28 31 1 34 0 0.20 M M 9.1 20 190 M M 10 16 29 200
23 37 32 35 5 30 0 0.19 M M 4.2 9 40 M M 10 12 12 30
24 39 33 36 6 29 0 0.03 M M 3.6 9 50 M M 10 12 12 20
25 40 35 38 8 27 0 0.45 M M 3.4 10 300 M M 10 12 14 300
26 37 32 35 5 30 0 0.00 M M 4.7 13 10 M M 10 1 16 350
27 36 31 34 4 31 0 0.00 M M 8.2 14 330 M M 10 1 20 330
28 53 28 41 11 24 0 0.00 M M 4.9 14 330 M M 3 1 19 330
29 59 31 45 15 20 0 0.00 M M 6.3 13 310 M M 0 21 300
30 57 32 45 14 20 0 0.00 M M 7.9 20 320 M M 0 27 330
31 62 28 45 14 20 0 0.00 M M 7.2 14 200 M M 0 1 19 190
================================================================================
SM 1029 567 1208 0 1.70 M 244.7 M 146
================================================================================
AV 33.2 18.3 7.9 FASTST M M 5 MAX(MPH)
MISC ----> # 28 320 42 320
================================================================================
NOTES:
# LAST OF SEVERAL OCCURRENCES
COLUMN 17 PEAK WIND IN M.P.H.
PRELIMINARY LOCAL CLIMATOLOGICAL DATA (WS FORM: F-6) , PAGE 2
STATION: JOHNSON COUNTY EXECUTIVE KS
MONTH: JANUARY
YEAR: 2024
LATITUDE: 38 50 N
LONGITUDE: 94 44 W
[TEMPERATURE DATA] [PRECIPITATION DATA] SYMBOLS USED IN COLUMN 16
AVERAGE MONTHLY: 25.7 TOTAL FOR MONTH: 1.70 1 = FOG OR MIST
DPTR FM NORMAL: -4.3 DPTR FM NORMAL: 0.64 2 = FOG REDUCING VISIBILITY
HIGHEST: 62 ON 31 GRTST 24HR 0.76 ON 8- 9 TO 1/4 MILE OR LESS
LOWEST: -9 ON 14,13 3 = THUNDER
SNOW, ICE PELLETS, HAIL 4 = ICE PELLETS
TOTAL MONTH: M 5 = HAIL
GRTST 24HR M ON M 6 = FREEZING RAIN OR DRIZZLE
GRTST DEPTH: M ON M 7 = DUSTSTORM OR SANDSTORM:
VSBY 1/2 MILE OR LESS
8 = SMOKE OR HAZE
[NO. OF DAYS WITH] [WEATHER - DAYS WITH] 9 = BLOWING SNOW
X = TORNADO
MAX 32 OR BELOW: 9 0.01 INCH OR MORE: 8
MAX 90 OR ABOVE: 0 0.10 INCH OR MORE: 6
MIN 32 OR BELOW: 29 0.50 INCH OR MORE: 0
MIN 0 OR BELOW: 5 1.00 INCH OR MORE: 0
[HDD (BASE 65) ]
TOTAL THIS MO. 1208 CLEAR (SCALE 0-3) 13
DPTR FM NORMAL 122 PTCLDY (SCALE 4-7) 9
TOTAL FM JUL 1 2749 CLOUDY (SCALE 8-10) 9
DPTR FM NORMAL -268
[CDD (BASE 65) ]
TOTAL THIS MO. 0
DPTR FM NORMAL 0 [PRESSURE DATA]
TOTAL FM JAN 1 0 HIGHEST SLP 30.76 ON 20
DPTR FM NORMAL 0 LOWEST SLP 29.34 ON 9
[REMARKS]
#FINAL-01-24#