000
CXUS53 KARX 011000
CF6OLZ
PRELIMINARY LOCAL CLIMATOLOGICAL DATA (WS FORM: F-6)
STATION: OELWEIN IA
MONTH: JANUARY
YEAR: 2022
LATITUDE: 42 40 N
LONGITUDE: 91 58 W
TEMPERATURE IN F: :PCPN: SNOW: WIND :SUNSHINE: SKY :PK WND
================================================================================
1 2 3 4 5 6A 6B 7 8 9 10 11 12 13 14 15 16 17 18
12Z AVG MX 2MIN
DY MAX MIN AVG DEP HDD CDD WTR SNW DPTH SPD SPD DIR MIN PSBL S-S WX SPD DR
================================================================================
1 12 -2 5 M 60 0 M M M 17.3 22 360 M M 4 29 360
2 5 -11 -3 M 68 0 0.00 0.0 M 8.5 16 340 M M 1 16 350
3 21 -2 10 M 55 0 0.00 0.0 M 12.0 17 160 M M 0 20 170
4 32 19 26 M 39 0 0.00 0.0 M 16.8 36 290 M M 2 1 41 290
5 19 0 10 M 55 0 M M M 26.8 37 290 M M 7 189 44 290
6 0 -11 -5 M 70 0 0.00 M M 16.2 23 310 M M 3 31 310
7 7 -11 -2 M 67 0 M M M 9.9 21 160 M M 4 8 25 140
8 28 7 18 M 47 0 M M M 16.4 26 320 M M 8 1 32 320
9 19 0 10 M 55 0 0.00 M M 15.4 30 310 M M 3 37 310
10 12 1 7 M 58 0 0.00 M M 6.8 17 340 M M 2 18 340
11 36 1 19 M 46 0 0.00 M M 14.8 22 190 M M 0 38 170
12 39 25 32 M 33 0 0.00 M M 5.6 10 320 M M 4 M M
13 39 23 31 M 34 0 0.00 M M 6.6 16 360 M M 6 1 21 350
14 32 16 24 M 41 0 M M M 13.8 23 70 M M 9 12 32 70
15 16 1 9 M 56 0 M M M 11.7 22 50 M M 3 1 29 50
16 27 3 15 M 50 0 M M M 10.8 16 180 M M 9 1 20 340
17 27 18 23 M 42 0 0.00 0.0 M 10.5 15 310 M M 9 18 310
18 36 19 28 M 37 0 0.00 0.0 M 14.7 27 330 M M 4 35 300
19 19 -4 8 M 57 0 0.00 0.0 M 21.2 31 330 M M 3 36 330
20 0 -11 -5 M 70 0 0.00 0.0 M 8.0 16 320 M M 0 M M
21 12 -17 -2 M 67 0 M M M 10.9 21 190 M M 2 18 28 180
22 23 12 18 M 47 0 M M M 12.8 23 300 M M 7 1 29 300
23 14 -2 6 M 59 0 M M M 11.0 18 20 M M 5 1 24 40
24 21 -4 9 M 56 0 M M M 15.7 25 320 M M 6 1 28 320
25 1 -15 -7 M 72 0 0.00 0.0 M 10.8 15 320 M M 0 17 310
26 16 -20 -2 M 67 0 0.00 0.0 M 12.1 21 170 M M 1 24 180
27 32 12 22 M 43 0 0.00 0.0 M 13.1 21 320 M M 9 1 25 320
28 10 -6 2 M 63 0 0.00 0.0 M 6.4 12 350 M M 2 M M
29 25 1 13 M 52 0 0.00 0.0 M 11.0 17 170 M M 2 18 180
30 21 9 15 M 50 0 0.00 0.0 M 10.0 17 310 M M 5 1 17 320
31 34 9 22 M 43 0 M M M 15.2 24 160 M M 0 1 26 140
================================================================================
SM 635 60 1659 0 0.00 0.0 392.9 M 120
================================================================================
AV 20.5 1.9 12.7 FASTST M M 4 MAX(MPH)
MISC ----> 37 290 44 290
================================================================================
NOTES:
# LAST OF SEVERAL OCCURRENCES
COLUMN 17 PEAK WIND IN M.P.H.
PRELIMINARY LOCAL CLIMATOLOGICAL DATA (WS FORM: F-6) , PAGE 2
STATION: OELWEIN IA
MONTH: JANUARY
YEAR: 2022
LATITUDE: 42 40 N
LONGITUDE: 91 58 W
[TEMPERATURE DATA] [PRECIPITATION DATA] SYMBOLS USED IN COLUMN 16
AVERAGE MONTHLY: 11.2 TOTAL FOR MONTH: 0.00 1 = FOG OR MIST
DPTR FM NORMAL: 0.0 DPTR FM NORMAL: M 2 = FOG REDUCING VISIBILITY
HIGHEST: 39 ON 13,12 GRTST 24HR 0.44 ON 14-14 TO 1/4 MILE OR LESS
LOWEST: -20 ON 26 3 = THUNDER
SNOW, ICE PELLETS, HAIL 4 = ICE PELLETS
TOTAL MONTH: 0.0 INCH 5 = HAIL
GRTST 24HR 0.0 6 = FREEZING RAIN OR DRIZZLE
GRTST DEPTH: M ON M 7 = DUSTSTORM OR SANDSTORM:
VSBY 1/2 MILE OR LESS
8 = SMOKE OR HAZE
[NO. OF DAYS WITH] [WEATHER - DAYS WITH] 9 = BLOWING SNOW
X = TORNADO
MAX 32 OR BELOW: 26 0.01 INCH OR MORE: 0
MAX 90 OR ABOVE: 0 0.10 INCH OR MORE: 0
MIN 32 OR BELOW: 31 0.50 INCH OR MORE: 0
MIN 0 OR BELOW: 15 1.00 INCH OR MORE: 0
[HDD (BASE 65) ]
TOTAL THIS MO. 1659 CLEAR (SCALE 0-3) 16
DPTR FM NORMAL M PTCLDY (SCALE 4-7) 10
TOTAL FM JUL 1 3954 CLOUDY (SCALE 8-10) 5
DPTR FM NORMAL M
[CDD (BASE 65) ]
TOTAL THIS MO. 0
DPTR FM NORMAL M [PRESSURE DATA]
TOTAL FM JAN 1 0 HIGHEST SLP M ON M
DPTR FM NORMAL M LOWEST SLP M ON M
[REMARKS]
#FINAL-01-22#