000
CXUS53 KOAX 010930
CF6OMA
PRELIMINARY LOCAL CLIMATOLOGICAL DATA (WS FORM: F-6)
STATION: OMAHA NE
MONTH: JULY
YEAR: 2023
LATITUDE: 41 17 N
LONGITUDE: 95 54 W
TEMPERATURE IN F: :PCPN: SNOW: WIND :SUNSHINE: SKY :PK WND
================================================================================
1 2 3 4 5 6A 6B 7 8 9 10 11 12 13 14 15 16 17 18
12Z AVG MX 2MIN
DY MAX MIN AVG DEP HDD CDD WTR SNW DPTH SPD SPD DIR MIN PSBL S-S WX SPD DR
================================================================================
1 75 64 70 -7 0 5 1.60 0.0 0 5.7 23 40 M M 10 138 29 30
2 88 64 76 -1 0 11 0.00 0.0 0 4.8 10 310 M M 3 1 14 280
3 91 67 79 2 0 14 0.00 0.0 0 7.9 15 160 M M 2 22 200
4 92 69 81 3 0 16 0.07 0.0 0 9.4 23 20 M M 5 13 32 360
5 79 61 70 -8 0 5 0.08 0.0 0 9.6 17 330 M M 7 1 25 350
6 78 55 67 -11 0 2 0.00 0.0 0 5.3 10 350 M M 4 15 300
7 69 59 64 -14 1 0 0.80 0.0 0 9.7 30 140 M M 9 13 36 150
8 77 55 66 -12 0 1 T 0.0 0 5.6 15 350 M M 8 1 18 350
9 85 57 71 -7 0 6 0.00 0.0 0 4.2 12 300 M M 4 18 15 260
10 89 64 77 -1 0 12 0.01 0.0 0 10.7 21 200 M M 3 3 28 190
11 90 67 79 1 0 14 0.00 0.0 0 6.1 13 160 M M 5 17 100
12 86 64 75 -3 0 10 0.58 T 0 8.4 51 310 M M 5 135 67 310
13 88 66 77 -1 0 12 0.00 0.0 0 5.9 14 270 M M 5 1 21 220
14 84 69 77 -1 0 12 0.35 0.0 0 5.1 28 310 M M 6 13 36 310
15 87 63 75 -3 0 10 0.00 0.0 0 4.3 15 290 M M 0 18 21 280
16 85 67 76 -2 0 11 0.20 0.0 0 4.9 14 210 M M 6 138 23 220
17 78 62 70 -8 0 5 0.44 T 0 6.0 23 280 M M 7 1358 28 360
18 80 60 70 -8 0 5 0.19 0.0 0 6.9 26 160 M M 7 1 32 170
19 82 66 74 -4 0 9 0.00 0.0 0 5.8 13 130 M M 8 16 150
20 83 66 75 -3 0 10 0.00 0.0 0 8.3 16 340 M M 4 1 20 330
21 83 61 72 -6 0 7 0.00 0.0 0 4.0 10 350 M M 4 18 14 360
22 89 66 78 0 0 13 0.13 0.0 0 4.9 15 330 M M 4 13 19 210
23 89 66 78 0 0 13 0.00 0.0 0 4.6 10 100 M M 4 14 100
24 89 67 78 0 0 13 0.33 0.0 0 9.2 48 330 M M 5 13 66 330
25 85 75 80 2 0 15 T 0.0 0 8.4 23 140 M M 7 3 27 140
26 96 71 84 6 0 19 0.00 0.0 0 5.1 16 350 M M 4 20 350
27 97 78 88 10 0 23 0.00 0.0 0 9.4 20 150 M M 4 3 26 130
28 102 76 89 11 0 24 T 0.0 0 7.5 14 310 M M 3 3 19 180
29 89 69 79 1 0 14 0.00 0.0 0 8.5 16 20 M M 6 22 70
30 89 66 78 0 0 13 0.06 0.0 0 5.4 17 120 M M 5 3 23 130
31 85 68 77 -1 0 12 1.46 0.0 0 7.4 16 260 M M 7 13 22 80
================================================================================
SM 2659 2028 1 336 6.30 T 209.0 M 161
================================================================================
AV 85.8 65.4 6.7 FASTST M M 5 MAX(MPH)
MISC ----> 51 310 67 310
================================================================================
NOTES:
# LAST OF SEVERAL OCCURRENCES
COLUMN 17 PEAK WIND IN M.P.H.
PRELIMINARY LOCAL CLIMATOLOGICAL DATA (WS FORM: F-6) , PAGE 2
STATION: OMAHA NE
MONTH: JULY
YEAR: 2023
LATITUDE: 41 17 N
LONGITUDE: 95 54 W
[TEMPERATURE DATA] [PRECIPITATION DATA] SYMBOLS USED IN COLUMN 16
AVERAGE MONTHLY: 75.6 TOTAL FOR MONTH: 6.30 1 = FOG OR MIST
DPTR FM NORMAL: -2.5 DPTR FM NORMAL: 2.75 2 = FOG REDUCING VISIBILITY
HIGHEST: 102 ON 28 GRTST 24HR 1.60 ON 1- 1 TO 1/4 MILE OR LESS
LOWEST: 55 ON 8, 6 3 = THUNDER
SNOW, ICE PELLETS, HAIL 4 = ICE PELLETS
TOTAL MONTH: T 5 = HAIL
GRTST 24HR T ON 12-12 6 = FREEZING RAIN OR DRIZZLE
GRTST DEPTH: 0 7 = DUSTSTORM OR SANDSTORM:
VSBY 1/2 MILE OR LESS
8 = SMOKE OR HAZE
[NO. OF DAYS WITH] [WEATHER - DAYS WITH] 9 = BLOWING SNOW
X = TORNADO
MAX 32 OR BELOW: 0 0.01 INCH OR MORE: 14
MAX 90 OR ABOVE: 6 0.10 INCH OR MORE: 10
MIN 32 OR BELOW: 0 0.50 INCH OR MORE: 4
MIN 0 OR BELOW: 0 1.00 INCH OR MORE: 2
[HDD (BASE 65) ]
TOTAL THIS MO. 1 CLEAR (SCALE 0-3) 3
DPTR FM NORMAL 1 PTCLDY (SCALE 4-7) 24
TOTAL FM JUL 1 1 CLOUDY (SCALE 8-10) 4
DPTR FM NORMAL 1
[CDD (BASE 65) ]
TOTAL THIS MO. 336
DPTR FM NORMAL -69 [PRESSURE DATA]
TOTAL FM JAN 1 817 HIGHEST SLP 30.18 ON 29
DPTR FM NORMAL 28 LOWEST SLP 29.67 ON 12
[REMARKS]
#FINAL-07-23#