000
CXUS53 KOAX 011030
CF6OMA
PRELIMINARY LOCAL CLIMATOLOGICAL DATA (WS FORM: F-6)
STATION: OMAHA NE
MONTH: NOVEMBER
YEAR: 2023
LATITUDE: 41 17 N
LONGITUDE: 95 54 W
TEMPERATURE IN F: :PCPN: SNOW: WIND :SUNSHINE: SKY :PK WND
================================================================================
1 2 3 4 5 6A 6B 7 8 9 10 11 12 13 14 15 16 17 18
12Z AVG MX 2MIN
DY MAX MIN AVG DEP HDD CDD WTR SNW DPTH SPD SPD DIR MIN PSBL S-S WX SPD DR
================================================================================
1 52 20 36 -11 29 0 0.00 0.0 0 11.0 22 200 M M 4 28 200
2 58 26 42 -4 23 0 0.00 0.0 0 7.4 15 160 M M 2 20 150
3 61 34 48 2 17 0 T 0.0 0 8.2 15 350 M M 8 19 340
4 60 30 45 0 20 0 0.00 0.0 0 4.4 9 140 M M 3 1 13 190
5 67 38 53 8 12 0 0.00 0.0 0 13.1 28 180 M M 6 37 190
6 68 40 54 10 11 0 0.00 0.0 0 3.9 12 130 M M 5 16 270
7 68 35 52 8 13 0 0.00 0.0 0 7.5 20 140 M M 6 25 140
8 66 35 51 7 14 0 0.00 0.0 0 13.9 32 340 M M 4 41 340
9 63 29 46 3 19 0 0.00 0.0 0 9.0 25 320 M M 3 36 270
10 50 25 38 -5 27 0 0.00 0.0 0 4.8 10 150 M M 1 13 150
11 56 35 46 4 19 0 0.00 0.0 0 14.9 24 170 M M 6 31 180
12 67 36 52 10 13 0 0.00 0.0 0 7.8 15 160 M M 1 19 160
13 69 29 49 8 16 0 0.00 0.0 0 7.0 18 170 M M 1 8 23 180
14 70 41 56 15 9 0 0.00 0.0 0 14.6 29 210 M M 3 40 190
15 66 32 49 9 16 0 0.00 0.0 0 6.7 13 140 M M 3 16 170
16 66 42 54 14 11 0 0.00 0.0 0 15.0 30 210 M M 7 43 200
17 51 27 39 -1 26 0 0.00 0.0 0 6.3 16 350 M M 1 21 340
18 64 30 47 8 18 0 0.00 0.0 0 3.7 9 170 M M 0 11 190
19 55 35 45 6 20 0 0.08 0.0 0 9.0 18 120 M M 8 25 120
20 45 43 44 6 21 0 0.22 0.0 0 9.5 16 340 M M 10 21 30
21 45 27 36 -2 29 0 0.01 0.0 0 15.5 31 320 M M 4 1 40 330
22 56 24 40 3 25 0 0.00 0.0 0 8.1 20 190 M M 4 27 200
23 42 24 33 -4 32 0 0.00 0.0 0 13.5 23 10 M M 4 28 10
24 30 22 26 -10 39 0 0.00 0.0 0 10.3 18 30 M M 10 23 360
25 28 25 27 -9 38 0 0.04 0.4 0 2.4 8 310 M M 10 18 12 270
26 38 21 30 -6 35 0 0.07 1.0 1 10.8 33 310 M M 6 1 46 330
27 36 15 26 -9 39 0 0.00 0.0 0 6.5 20 310 M M 3 26 310
28 40 16 28 -7 37 0 0.00 0.0 0 9.4 21 180 M M 1 29 180
29 52 23 38 4 27 0 0.00 0.0 0 7.8 15 170 M M 4 21 170
30 49 27 38 4 27 0 0.00 0.0 0 9.9 18 360 M M 6 24 360
================================================================================
SM 1638 886 682 0 0.42 1.4 271.9 M 134
================================================================================
AV 54.6 29.5 9.1 FASTST M M 4 MAX(MPH)
MISC ----> 33 310 46 330
================================================================================
NOTES:
# LAST OF SEVERAL OCCURRENCES
COLUMN 17 PEAK WIND IN M.P.H.
PRELIMINARY LOCAL CLIMATOLOGICAL DATA (WS FORM: F-6) , PAGE 2
STATION: OMAHA NE
MONTH: NOVEMBER
YEAR: 2023
LATITUDE: 41 17 N
LONGITUDE: 95 54 W
[TEMPERATURE DATA] [PRECIPITATION DATA] SYMBOLS USED IN COLUMN 16
AVERAGE MONTHLY: 42.1 TOTAL FOR MONTH: 0.42 1 = FOG OR MIST
DPTR FM NORMAL: 1.9 DPTR FM NORMAL: -1.03 2 = FOG REDUCING VISIBILITY
HIGHEST: 70 ON 14 GRTST 24HR 0.29 ON 19-20 TO 1/4 MILE OR LESS
LOWEST: 15 ON 27 3 = THUNDER
SNOW, ICE PELLETS, HAIL 4 = ICE PELLETS
TOTAL MONTH: 1.4 INCHES 5 = HAIL
GRTST 24HR 1.0 ON 26-26 6 = FREEZING RAIN OR DRIZZLE
GRTST DEPTH: 1 ON 26 7 = DUSTSTORM OR SANDSTORM:
VSBY 1/2 MILE OR LESS
8 = SMOKE OR HAZE
[NO. OF DAYS WITH] [WEATHER - DAYS WITH] 9 = BLOWING SNOW
X = TORNADO
MAX 32 OR BELOW: 2 0.01 INCH OR MORE: 5
MAX 90 OR ABOVE: 0 0.10 INCH OR MORE: 1
MIN 32 OR BELOW: 19 0.50 INCH OR MORE: 0
MIN 0 OR BELOW: 0 1.00 INCH OR MORE: 0
[HDD (BASE 65) ]
TOTAL THIS MO. 682 CLEAR (SCALE 0-3) 9
DPTR FM NORMAL -61 PTCLDY (SCALE 4-7) 17
TOTAL FM JUL 1 1036 CLOUDY (SCALE 8-10) 4
DPTR FM NORMAL -132
[CDD (BASE 65) ]
TOTAL THIS MO. 0
DPTR FM NORMAL 0 [PRESSURE DATA]
TOTAL FM JAN 1 1418 HIGHEST SLP 30.65 ON 24
DPTR FM NORMAL 125 LOWEST SLP 29.67 ON 8
[REMARKS]
#FINAL-11-23#