000
CXUS56 KOTX 091313
CF6OMK
PRELIMINARY LOCAL CLIMATOLOGICAL DATA (WS FORM: F-6)
STATION: OMAK WA AIRPORT
MONTH: AUGUST
YEAR: 2021
LATITUDE: 48 27 N
LONGITUDE: 119 31 W
TEMPERATURE IN F: :PCPN: SNOW: WIND :SUNSHINE: SKY :PK WND
================================================================================
1 2 3 4 5 6A 6B 7 8 9 10 11 12 13 14 15 16 17 18
12Z AVG MX 2MIN
DY MAX MIN AVG DEP HDD CDD WTR SNW DPTH SPD SPD DIR MIN PSBL S-S WX SPD DR
================================================================================
1 89 72 81 5 0 16 T M M 7.8 16 10 M M 9 38 20 10
2 96 65 81 5 0 16 0.00 M M 5.8 13 300 M M 8 8 17 300
3 102 67 85 9 0 20 T M M 8.4 33 210 M M 0 38 46 210
4 99 63 81 5 0 16 0.00 M M 6.9 18 300 M M 1 3 24 300
5 93 63 78 3 0 13 0.00 M M 6.4 15 160 M M 0 8 18 160
6 95 66 81 6 0 16 T M M 8.1 22 200 M M 1 28 200
7 91 63 77 2 0 12 T M M 7.3 21 10 M M 2 8 27 20
8 75 55 65 -10 0 0 0.00 M M 8.1 32 10 M M 7 40 10
9 89 47 68 -7 0 3 0.00 M M 6.7 15 200 M M 0 8 19 210
10 98 58 78 4 0 13 0.00 M M 6.8 14 10 M M 0 19 360
11 104 62 83 9 0 18 0.00 M M 8.8 22 360 M M 1 8 29 360
12 99 75 87 13 0 22 0.00 M M 15.8 31 360 M M 6 8 40 360
13 99 68 84 10 0 19 0.00 M M 9.5 18 360 M M 8 8 23 360
14 101 63 82 8 0 17 0.00 M M 3.7 12 310 M M 3 8 15 300
15 104 63 84 11 0 19 0.00 M M 8.8 24 300 M M 1 8 29 300
16 92 69 81 8 0 16 0.00 M M 12.2 26 360 M M 3 36 350
17 77 64 71 -2 0 6 T M M 18.8 33 30 M M 4 8 41 20
18 88 58 73 1 0 8 0.00 M M 8.2 20 20 M M 2 23 10
19 91 57 74 2 0 9 0.00 M M 8.4 21 10 M M 3 8 28 10
20 84 59 72 0 0 7 0.26 M M 8.3 20 180 M M 4 138 23 180
21 75 59 67 -5 0 2 0.26 M M 5.9 15 350 M M 8 138 18 350
22 80 53 67 -4 0 2 0.00 M M 9.8 24 10 M M 3 18 34 360
23 76 47 62 -9 3 0 0.00 M M 8.1 17 290 M M 1 8 21 290
24 79 50 65 -6 0 0 0.00 M M 6.6 17 360 M M 0 22 20
25 84 49 67 -3 0 2 0.00 M M 6.5 13 10 M M 0 16 10
26 83 54 69 -1 0 4 0.00 M M 8.0 23 10 M M 2 30 10
27 81 54 68 -2 0 3 0.00 M M 9.4 17 360 M M 3 23 20
28 86 53 70 0 0 5 0.00 M M 7.9 13 200 M M 0 17 190
29 89 49 69 0 0 4 0.00 M M 5.9 14 170 M M 0 8 17 210
30 87 49 68 -1 0 3 0.00 M M 6.7 18 10 M M 0 8 23 10
31 75 47 61 -8 4 0 0.00 M M 7.9 22 360 M M 2 27 10
================================================================================
SM 2761 1821 7 291 0.52 M 257.5 M 82
================================================================================
AV 89.1 58.7 8.3 FASTST M M 3 MAX(MPH)
MISC ----> # 33 210 46 210
================================================================================
NOTES:
# LAST OF SEVERAL OCCURRENCES
COLUMN 17 PEAK WIND IN M.P.H.
PRELIMINARY LOCAL CLIMATOLOGICAL DATA (WS FORM: F-6) , PAGE 2
STATION: OMAK WA AIRPORT
MONTH: AUGUST
YEAR: 2021
LATITUDE: 48 27 N
LONGITUDE: 119 31 W
[TEMPERATURE DATA] [PRECIPITATION DATA] SYMBOLS USED IN COLUMN 16
AVERAGE MONTHLY: 73.9 TOTAL FOR MONTH: 0.52 1 = FOG OR MIST
DPTR FM NORMAL: 1.1 DPTR FM NORMAL: 0.25 2 = FOG REDUCING VISIBILITY
HIGHEST: 104 ON 15,11 GRTST 24HR 0.26 ON 20-20 TO 1/4 MILE OR LESS
LOWEST: 47 ON 31,23 3 = THUNDER
SNOW, ICE PELLETS, HAIL 4 = ICE PELLETS
TOTAL MONTH: M 5 = HAIL
GRTST 24HR M ON M 6 = FREEZING RAIN OR DRIZZLE
GRTST DEPTH: M ON M 7 = DUSTSTORM OR SANDSTORM:
VSBY 1/2 MILE OR LESS
8 = SMOKE OR HAZE
[NO. OF DAYS WITH] [WEATHER - DAYS WITH] 9 = BLOWING SNOW
X = TORNADO
MAX 32 OR BELOW: 0 0.01 INCH OR MORE: 2
MAX 90 OR ABOVE: 14 0.10 INCH OR MORE: 2
MIN 32 OR BELOW: 0 0.50 INCH OR MORE: 0
MIN 0 OR BELOW: 0 1.00 INCH OR MORE: 0
[HDD (BASE 65) ]
TOTAL THIS MO. 7 CLEAR (SCALE 0-3) 21
DPTR FM NORMAL -4 PTCLDY (SCALE 4-7) 8
TOTAL FM JUL 1 7 CLOUDY (SCALE 8-10) 2
DPTR FM NORMAL -10
[CDD (BASE 65) ]
TOTAL THIS MO. 291
DPTR FM NORMAL 38 [PRESSURE DATA]
TOTAL FM JAN 1 1126 HIGHEST SLP 30.13 ON 28
DPTR FM NORMAL 490 LOWEST SLP 29.56 ON 30
[REMARKS]
#FINAL-08-21#
AG WXNET SITE POGUE FLATS USED TO SUPPLEMENT OMAK PRECIPITATION AUG 20 AND 21 DUE TO MALFUNCTIONING RAIN GAUGE.