000
CXUS56 KOTX 032003
CF6OMK
PRELIMINARY LOCAL CLIMATOLOGICAL DATA (WS FORM: F-6)
STATION: OMAK WA AIRPORT
MONTH: AUGUST
YEAR: 2023
LATITUDE: 48 27 N
LONGITUDE: 119 31 W
TEMPERATURE IN F: :PCPN: SNOW: WIND :SUNSHINE: SKY :PK WND
================================================================================
1 2 3 4 5 6A 6B 7 8 9 10 11 12 13 14 15 16 17 18
12Z AVG MX 2MIN
DY MAX MIN AVG DEP HDD CDD WTR SNW DPTH SPD SPD DIR MIN PSBL S-S WX SPD DR
================================================================================
1 93 58 76 0 0 11 0.00 M M 7.3 14 340 M M 0 18 330
2 96 55 76 0 0 11 0.00 M M 7.0 17 350 M M 0 21 350
3 95 66 81 5 0 16 0.00 M M 10.1 22 10 M M 0 27 10
4 97 66 82 6 0 17 0.00 M M 8.4 17 10 M M 0 22 360
5 89 63 76 1 0 11 T M M 5.7 14 210 M M 0 17 200
6 92 63 78 3 0 13 T M M 5.6 15 150 M M 1 3 20 160
7 85 65 75 0 0 10 0.08 M M 6.3 15 200 M M 3 3 18 190
8 90 58 74 -1 0 9 0.00 M M 7.7 20 160 M M 1 24 170
9 89 63 76 1 0 11 T M M 7.1 23 10 M M 4 28 10
10 89 55 72 -2 0 7 0.00 M M 6.8 14 300 M M 1 17 10
11 92 62 77 3 0 12 0.00 M M 8.6 17 10 M M 0 22 10
12 94 69 82 8 0 17 0.00 M M 13.6 23 10 M M 0 29 20
13 101 63 82 8 0 17 0.00 M M 8.8 20 10 M M 0 24 20
14 107 66 87 13 0 22 0.00 M M 8.6 20 340 M M 0 24 350
15 109 73 91 18 0 26 0.00 M M 9.3 17 10 M M 1 8 22 20
16 100 73 87 14 0 22 0.00 M M 12.2 25 10 M M 7 8 31 10
17 105 67 86 13 0 21 0.00 M M 7.8 15 190 M M 2 8 20 200
18 93 67 80 8 0 15 0.00 M M 12.4 25 10 M M 4 8 32 10
19 84 56 70 -2 0 5 0.00 M M 12.3 20 10 M M 7 8 25 10
20 83 55 69 -3 0 4 0.00 M M 10.6 18 10 M M 10 8 23 340
21 84 57 71 -1 0 6 T M M 9.2 17 10 M M 7 8 20 10
22 79 63 71 0 0 6 0.00 M M 10.6 23 170 M M 2 8 28 170
23 80 58 69 -2 0 4 0.00 M M 7.0 16 20 M M 4 3 21 10
24 84 53 69 -2 0 4 0.00 M M 9.0 17 10 M M 0 21 10
25 85 57 71 1 0 6 0.00 M M 8.7 23 360 M M 1 29 360
26 94 50 72 2 0 7 0.00 M M 5.8 13 210 M M 0 17 350
27 98 66 82 12 0 17 0.00 M M 9.8 21 360 M M 0 27 10
28 100 69 85 15 0 20 0.00 M M 9.3 22 10 M M 0 25 10
29 82 66 74 5 0 9 M M M 10.4 29 20 M M 3 3 35 360
30 73 56 65 -4 0 0 M M M 3.2 7 300 M M 7 1 10 40
31 77 57 67 -2 0 2 M M M 3.5 14 10 M M 6 16 10
================================================================================
SM 2819 1915 0 358 0.08 M 262.7 M 71
================================================================================
AV 90.9 61.8 8.5 FASTST M M 2 MAX(MPH)
MISC ----> 29 20 35 360
================================================================================
NOTES:
# LAST OF SEVERAL OCCURRENCES
COLUMN 17 PEAK WIND IN M.P.H.
PRELIMINARY LOCAL CLIMATOLOGICAL DATA (WS FORM: F-6) , PAGE 2
STATION: OMAK WA AIRPORT
MONTH: AUGUST
YEAR: 2023
LATITUDE: 48 27 N
LONGITUDE: 119 31 W
[TEMPERATURE DATA] [PRECIPITATION DATA] SYMBOLS USED IN COLUMN 16
AVERAGE MONTHLY: 76.4 TOTAL FOR MONTH: 0.08 1 = FOG OR MIST
DPTR FM NORMAL: 3.6 DPTR FM NORMAL: -0.19 2 = FOG REDUCING VISIBILITY
HIGHEST: 109 ON 15 GRTST 24HR 0.08 ON 7- 7 TO 1/4 MILE OR LESS
LOWEST: 50 ON 26 3 = THUNDER
SNOW, ICE PELLETS, HAIL 4 = ICE PELLETS
TOTAL MONTH: M 5 = HAIL
GRTST 24HR M ON M 6 = FREEZING RAIN OR DRIZZLE
GRTST DEPTH: M ON M 7 = DUSTSTORM OR SANDSTORM:
VSBY 1/2 MILE OR LESS
8 = SMOKE OR HAZE
[NO. OF DAYS WITH] [WEATHER - DAYS WITH] 9 = BLOWING SNOW
X = TORNADO
MAX 32 OR BELOW: 0 0.01 INCH OR MORE: 1
MAX 90 OR ABOVE: 17 0.10 INCH OR MORE: 0
MIN 32 OR BELOW: 0 0.50 INCH OR MORE: 0
MIN 0 OR BELOW: 0 1.00 INCH OR MORE: 0
[HDD (BASE 65) ]
TOTAL THIS MO. 0 CLEAR (SCALE 0-3) 22
DPTR FM NORMAL -11 PTCLDY (SCALE 4-7) 8
TOTAL FM JUL 1 0 CLOUDY (SCALE 8-10) 1
DPTR FM NORMAL -17
[CDD (BASE 65) ]
TOTAL THIS MO. 358
DPTR FM NORMAL 105 [PRESSURE DATA]
TOTAL FM JAN 1 1000 HIGHEST SLP 30.18 ON 13
DPTR FM NORMAL 364 LOWEST SLP 29.51 ON 17
[REMARKS]
#FINAL-08-23#