000
CXUS56 KBOI 011002
CF6ONO
PRELIMINARY LOCAL CLIMATOLOGICAL DATA (WS FORM: F-6)
STATION: ONTARIO OR
MONTH: NOVEMBER
YEAR: 2021
LATITUDE: 44 1 N
LONGITUDE: 117 1 W
TEMPERATURE IN F: :PCPN: SNOW: WIND :SUNSHINE: SKY :PK WND
================================================================================
1 2 3 4 5 6A 6B 7 8 9 10 11 12 13 14 15 16 17 18
12Z AVG MX 2MIN
DY MAX MIN AVG DEP HDD CDD WTR SNW DPTH SPD SPD DIR MIN PSBL S-S WX SPD DR
================================================================================
1 55 40 48 3 17 0 0.12 M M 2.3 8 260 M M 7 18 10 260
2 60 48 54 9 11 0 0.00 M M 2.2 8 260 M M 6 128 10 250
3 61 42 52 8 13 0 0.00 M M 1.1 7 250 M M 4 128 9 10
4 68 42 55 11 10 0 0.01 M M 5.8 16 280 M M 5 18 23 250
5 60 41 51 7 14 0 0.00 M M 2.2 10 260 M M 1 8 13 260
6 57 40 49 6 16 0 0.02 M M 3.8 18 270 M M 6 8 25 240
7 54 31 43 0 22 0 T M M 4.4 12 220 M M 1 8 15 260
8 53 26 40 -2 25 0 0.00 M M 3.4 9 120 M M 0 15 120
9 50 39 45 3 20 0 0.38 M M 5.7 26 160 M M 8 1 37 330
10 53 34 44 2 21 0 0.00 M M 1.3 8 270 M M 2 10 360
11 50 42 46 5 19 0 0.05 M M 3.1 8 10 M M 10 11 10
12 57 43 50 9 15 0 T M M 4.5 12 250 M M 4 18 17 260
13 62 40 51 11 14 0 0.02 M M 1.9 8 160 M M 5 128 10 150
14 59 43 51 11 14 0 0.00 M M 1.9 7 260 M M 1 18 8 260
15 58 39 49 9 16 0 0.00 M M 3.3 16 250 M M 4 12 23 250
16 55 33 44 5 21 0 0.00 M M 13.6 32 340 M M 2 42 350
17 46 25 36 -3 29 0 0.00 M M 3.3 12 330 M M 0 15 340
18 45 35 40 1 25 0 0.00 M M 5.0 12 130 M M 5 18 140
19 51 37 44 6 21 0 0.06 M M 5.1 24 330 M M 9 1 31 330
20 52 31 42 4 23 0 0.00 M M 5.9 20 310 M M 1 25 320
21 46 25 36 -2 29 0 0.00 M M 3.3 7 260 M M 0 1 8 340
22 45 25 35 -2 30 0 0.00 M M 3.3 9 260 M M 1 128 11 260
23 48 26 37 0 28 0 T M M 5.1 17 300 M M 5 128 26 300
24 48 27 38 2 27 0 0.00 M M 4.7 14 320 M M 0 20 290
25 44 23 34 -2 31 0 0.00 M M 3.1 9 270 M M 0 8 11 270
26 47 29 38 2 27 0 T M M 2.8 9 170 M M 5 10 170
27 47 31 39 3 26 0 0.00 M M 1.5 8 310 M M 7 10 250
28 51 29 40 5 25 0 0.00 M M 2.3 8 250 M M 2 18 10 250
29 51 26 39 4 26 0 0.00 M M 1.5 10 250 M M 3 128 12 250
30 45 27 36 1 29 0 0.00 M M 2.5 9 250 M M 7 128 11 250
================================================================================
SM 1578 1019 644 0 0.66 M 109.9 M 111
================================================================================
AV 52.6 34.0 3.7 FASTST M M 4 MAX(MPH)
MISC ----> 32 340 42 350
================================================================================
NOTES:
# LAST OF SEVERAL OCCURRENCES
COLUMN 17 PEAK WIND IN M.P.H.
PRELIMINARY LOCAL CLIMATOLOGICAL DATA (WS FORM: F-6) , PAGE 2
STATION: ONTARIO OR
MONTH: NOVEMBER
YEAR: 2021
LATITUDE: 44 1 N
LONGITUDE: 117 1 W
[TEMPERATURE DATA] [PRECIPITATION DATA] SYMBOLS USED IN COLUMN 16
AVERAGE MONTHLY: 43.3 TOTAL FOR MONTH: 0.66 1 = FOG OR MIST
DPTR FM NORMAL: 3.6 DPTR FM NORMAL: -0.22 2 = FOG REDUCING VISIBILITY
HIGHEST: 68 ON 4 GRTST 24HR 0.38 ON 9- 9 TO 1/4 MILE OR LESS
LOWEST: 23 ON 25 3 = THUNDER
SNOW, ICE PELLETS, HAIL 4 = ICE PELLETS
TOTAL MONTH: M 5 = HAIL
GRTST 24HR M ON M 6 = FREEZING RAIN OR DRIZZLE
GRTST DEPTH: M ON M 7 = DUSTSTORM OR SANDSTORM:
VSBY 1/2 MILE OR LESS
8 = SMOKE OR HAZE
[NO. OF DAYS WITH] [WEATHER - DAYS WITH] 9 = BLOWING SNOW
X = TORNADO
MAX 32 OR BELOW: 0 0.01 INCH OR MORE: 7
MAX 90 OR ABOVE: 0 0.10 INCH OR MORE: 2
MIN 32 OR BELOW: 14 0.50 INCH OR MORE: 0
MIN 0 OR BELOW: 0 1.00 INCH OR MORE: 0
[HDD (BASE 65) ]
TOTAL THIS MO. 644 CLEAR (SCALE 0-3) 13
DPTR FM NORMAL -116 PTCLDY (SCALE 4-7) 15
TOTAL FM JUL 1 1031 CLOUDY (SCALE 8-10) 2
DPTR FM NORMAL -188
[CDD (BASE 65) ]
TOTAL THIS MO. 0
DPTR FM NORMAL 0 [PRESSURE DATA]
TOTAL FM JAN 1 1485 HIGHEST SLP M ON M
DPTR FM NORMAL 385 LOWEST SLP 29.87 ON 15
[REMARKS]
#FINAL-11-21#