000
CXUS56 KSGX 100918
CF6ONT
PRELIMINARY LOCAL CLIMATOLOGICAL DATA (WS FORM: F-6)
STATION: ONTARIO INTL AIRPORT CA
MONTH: DECEMBER
YEAR: 2022
LATITUDE: 34 2 N
LONGITUDE: 117 37 W
TEMPERATURE IN F: :PCPN: SNOW: WIND :SUNSHINE: SKY :PK WND
================================================================================
1 2 3 4 5 6A 6B 7 8 9 10 11 12 13 14 15 16 17 18
12Z AVG MX 2MIN
DY MAX MIN AVG DEP HDD CDD WTR SNW DPTH SPD SPD DIR MIN PSBL S-S WX SPD DR
================================================================================
1 57 51 54 -3 11 0 0.00 M M 4.7 12 240 M M 9 17 230
2 60 48 54 -3 11 0 0.05 M M 2.1 8 30 M M 10 18 14 230
3 72 49 61 5 4 0 0.00 M M 1.2 9 230 M M 6 11 230
4 63 46 55 -1 10 0 T M M 2.8 10 270 M M 8 18 13 270
5 63 48 56 0 9 0 T M M 6.0 16 200 M M 8 18 19 200
6 59 45 52 -4 13 0 0.00 M M 3.3 9 210 M M 7 12 210
7 60 45 53 -3 12 0 0.00 M M 3.5 14 230 M M 5 18 18 220
8 62 40 51 -5 14 0 0.00 M M 3.0 10 270 M M 1 13 250
9 61 39 50 -5 15 0 0.00 M M 2.1 8 230 M M 1 12 240
10 62 40 51 -4 14 0 T M M 4.8 13 270 M M 5 16 270
11 54 40 47 -8 18 0 1.07 M M 7.2 24 270 M M 8 1 28 280
12 49 37 43 -12 22 0 0.23 M M 2.6 9 70 M M 6 1 13 20
13 56 37 47 -8 18 0 0.00 M M 3.6 10 220 M M 2 14 210
14 60 37 49 -6 16 0 0.00 M M 2.4 40 270 M M 2 40 270
15 60 40 50 -5 15 0 0.00 M M 2.3 9 290 M M 8 11 30
16 65 40 53 -2 12 0 0.00 M M 3.2 10 300 M M 7 13 310
17 63 36 50 -5 15 0 0.00 M M 1.7 7 40 M M 6 9 220
18 62 35 49 -6 16 0 0.00 M M 3.4 10 240 M M 2 14 220
19 65 37 51 -4 14 0 0.00 M M 1.2 7 30 M M 3 11 30
20 66 39 53 -2 12 0 T M M 2.8 8 280 M M 4 10 270
21 72 40 56 1 9 0 0.00 M M 4.1 13 280 M M 2 15 280
22 69 41 55 0 10 0 0.00 M M 3.0 9 260 M M 6 11 230
23 69 41 55 0 10 0 0.00 M M 2.6 7 270 M M 2 9 250
24 77 44 61 6 4 0 0.00 M M 3.6 8 360 M M 0 12 310
25 81 46 64 9 1 0 0.00 M M 3.1 9 270 M M 4 10 280
26 79 48 64 9 1 0 0.00 M M 1.8 7 20 M M 7 9 340
27 65 50 58 3 7 0 0.18 M M 3.2 15 270 M M 9 1 17 260
28 62 51 57 2 8 0 0.09 M M 3.5 10 280 M M 8 1 13 230
29 56 52 54 -1 11 0 0.01 M M 4.3 10 90 M M 10 1 13 90
30 58 53 56 1 9 0 0.01 M M 2.3 7 190 M M 10 18 9 220
31 57 53 55 0 10 0 1.21 M M 3.4 14 200 M M 10 1 20 210
================================================================================
SM 1964 1348 351 0 2.85 M 98.8 M 176
================================================================================
AV 63.4 43.5 3.2 FASTST M M 6 MAX(MPH)
MISC ----> 40 270 40 270
================================================================================
NOTES:
# LAST OF SEVERAL OCCURRENCES
COLUMN 17 PEAK WIND IN M.P.H.
PRELIMINARY LOCAL CLIMATOLOGICAL DATA (WS FORM: F-6) , PAGE 2
STATION: ONTARIO INTL AIRPORT CA
MONTH: DECEMBER
YEAR: 2022
LATITUDE: 34 2 N
LONGITUDE: 117 37 W
[TEMPERATURE DATA] [PRECIPITATION DATA] SYMBOLS USED IN COLUMN 16
AVERAGE MONTHLY: 53.4 TOTAL FOR MONTH: 2.85 1 = FOG OR MIST
DPTR FM NORMAL: -1.8 DPTR FM NORMAL: 0.96 2 = FOG REDUCING VISIBILITY
HIGHEST: 81 ON 25 GRTST 24HR 1.21 ON 31-31 TO 1/4 MILE OR LESS
LOWEST: 35 ON 18 3 = THUNDER
SNOW, ICE PELLETS, HAIL 4 = ICE PELLETS
TOTAL MONTH: M 5 = HAIL
GRTST 24HR M ON M 6 = FREEZING RAIN OR DRIZZLE
GRTST DEPTH: M ON M 7 = DUSTSTORM OR SANDSTORM:
VSBY 1/2 MILE OR LESS
8 = SMOKE OR HAZE
[NO. OF DAYS WITH] [WEATHER - DAYS WITH] 9 = BLOWING SNOW
X = TORNADO
MAX 32 OR BELOW: 0 0.01 INCH OR MORE: 8
MAX 90 OR ABOVE: 0 0.10 INCH OR MORE: 4
MIN 32 OR BELOW: 0 0.50 INCH OR MORE: 2
MIN 0 OR BELOW: 0 1.00 INCH OR MORE: 2
[HDD (BASE 65) ]
TOTAL THIS MO. 351 CLEAR (SCALE 0-3) 9
DPTR FM NORMAL 47 PTCLDY (SCALE 4-7) 15
TOTAL FM JUL 1 577 CLOUDY (SCALE 8-10) 7
DPTR FM NORMAL 114
[CDD (BASE 65) ]
TOTAL THIS MO. 0
DPTR FM NORMAL -2 [PRESSURE DATA]
TOTAL FM JAN 1 2301 HIGHEST SLP 30.32 ON 8
DPTR FM NORMAL 332 LOWEST SLP 29.73 ON 31
[REMARKS]
#FINAL-12-22#