000
CXUS51 KBOX 011020
CF6ORH
PRELIMINARY LOCAL CLIMATOLOGICAL DATA (WS FORM: F-6)
STATION: WORCESTER MA
MONTH: JUNE
YEAR: 2020
LATITUDE: 42 16 N
LONGITUDE: 71 52 W
TEMPERATURE IN F: :PCPN: SNOW: WIND :SUNSHINE: SKY :PK WND
================================================================================
1 2 3 4 5 6A 6B 7 8 9 10 11 12 13 14 15 16 17 18
12Z AVG MX 2MIN
DY MAX MIN AVG DEP HDD CDD WTR SNW DPTH SPD SPD DIR MIN PSBL S-S WX SPD DR
================================================================================
1 62 40 51 -10 14 0 0.00 0.0 M 10.2 22 310 M M 5 29 300
2 68 45 57 -4 8 0 0.00 0.0 M 6.6 23 280 M M 5 28 290
3 76 54 65 3 0 0 T 0.0 M 10.4 21 280 M M 3 27 280
4 84 61 73 11 0 8 0.00 0.0 M 10.4 20 220 M M 1 25 210
5 80 66 73 11 0 8 T 0.0 M 10.9 21 230 M M 4 24 230
6 85 58 72 10 0 7 0.44 0.0 M 10.1 32 280 M M 6 13 43 280
7 68 53 61 -2 4 0 0.00 0.0 M 12.9 22 320 M M 5 29 360
8 76 51 64 1 1 0 0.00 0.0 M 10.5 21 330 M M 1 27 300
9 81 57 69 6 0 4 0.00 0.0 M 5.5 14 260 M M 7 19 270
10 75 60 68 4 0 3 0.00 0.0 M 8.1 15 70 M M 4 1 20 70
11 70 65 68 4 0 3 0.26 0.0 M 12.3 21 210 M M 10 1 28 210
12 80 60 70 6 0 5 0.00 0.0 M 10.2 21 310 M M 4 1 26 300
13 70 50 60 -5 5 0 0.00 0.0 M 9.1 21 300 M M 2 27 310
14 69 50 60 -5 5 0 0.00 0.0 M 7.6 12 90 M M 5 18 120
15 70 50 60 -5 5 0 0.00 0.0 M 5.6 13 60 M M 4 12 18 40
16 75 53 64 -1 1 0 0.00 0.0 M 5.9 16 100 M M 0 22 100
17 81 51 66 0 0 1 0.00 0.0 M 5.3 14 230 M M 0 19 230
18 84 59 72 6 0 7 0.00 0.0 M 9.7 17 230 M M 1 12 22 230
19 83 66 75 9 0 10 0.00 0.0 M 10.5 16 230 M M 5 1 21 240
20 87 65 76 10 0 11 0.00 0.0 M 10.8 16 280 M M 0 20 220
21 88 68 78 11 0 13 0.00 0.0 M 7.1 12 250 M M 0 16 250
22 82 66 74 7 0 9 0.00 0.0 M 6.2 13 150 M M 5 128 19 130
23 86 65 76 9 0 11 0.00 0.0 M 10.1 21 190 M M 1 24 200
24 83 64 74 7 0 9 0.18 0.0 M 8.7 17 280 M M 7 128 24 240
25 82 62 72 4 0 7 0.00 0.0 M 9.4 18 220 M M 0 28 220
26 83 62 73 5 0 8 0.00 0.0 M 8.2 15 290 M M 1 21 310
27 79 64 72 4 0 7 0.23 0.0 M 6.5 10 270 M M 4 1 14 190
28 82 62 72 4 0 7 0.83 0.0 M 8.4 22 270 M M 5 13 28 270
29 72 63 68 0 0 3 0.27 0.0 M 3.7 10 350 M M 9 123 16 10
30 71 61 66 -3 0 1 0.22 0.0 M 4.1 10 40 M M 8 123 16 40
================================================================================
SM 2332 1751 43 142 2.43 0.0 255.0 M 112
================================================================================
AV 77.7 58.4 8.5 FASTST M M 4 MAX(MPH)
MISC ----> # 32 280 # 43 280
================================================================================
NOTES:
# LAST OF SEVERAL OCCURRENCES
COLUMN 17 PEAK WIND IN M.P.H.
PRELIMINARY LOCAL CLIMATOLOGICAL DATA (WS FORM: F-6) , PAGE 2
STATION: WORCESTER MA
MONTH: JUNE
YEAR: 2020
LATITUDE: 42 16 N
LONGITUDE: 71 52 W
[TEMPERATURE DATA] [PRECIPITATION DATA] SYMBOLS USED IN COLUMN 16
AVERAGE MONTHLY: 68.1 TOTAL FOR MONTH: 2.43 1 = FOG OR MIST
DPTR FM NORMAL: 3.0 DPTR FM NORMAL: -1.76 2 = FOG REDUCING VISIBILITY
HIGHEST: 88 ON 21 GRTST 24HR 0.83 ON 28-28 TO 1/4 MILE OR LESS
LOWEST: 40 ON 1 3 = THUNDER
SNOW, ICE PELLETS, HAIL 4 = ICE PELLETS
TOTAL MONTH: 0.0 INCH 5 = HAIL
GRTST 24HR 0.0 6 = FREEZING RAIN OR DRIZZLE
GRTST DEPTH: M ON M 7 = DUSTSTORM OR SANDSTORM:
VSBY 1/2 MILE OR LESS
8 = SMOKE OR HAZE
[NO. OF DAYS WITH] [WEATHER - DAYS WITH] 9 = BLOWING SNOW
X = TORNADO
MAX 32 OR BELOW: 0 0.01 INCH OR MORE: 7
MAX 90 OR ABOVE: 0 0.10 INCH OR MORE: 7
MIN 32 OR BELOW: 0 0.50 INCH OR MORE: 1
MIN 0 OR BELOW: 0 1.00 INCH OR MORE: 0
[HDD (BASE 65) ]
TOTAL THIS MO. 43 CLEAR (SCALE 0-3) 12
DPTR FM NORMAL -40 PTCLDY (SCALE 4-7) 15
TOTAL FM JUL 1 6307 CLOUDY (SCALE 8-10) 3
DPTR FM NORMAL -410
[CDD (BASE 65) ]
TOTAL THIS MO. 142
DPTR FM NORMAL 58 [PRESSURE DATA]
TOTAL FM JAN 1 169 HIGHEST SLP 30.47 ON 15
DPTR FM NORMAL 63 LOWEST SLP 29.55 ON 3
[REMARKS]
#FINAL-06-20#