000
CXUS56 KLOX 011155
CF6OXR
PRELIMINARY LOCAL CLIMATOLOGICAL DATA (WS FORM: F-6)
STATION: OXNARD AIRPORT CA
MONTH: OCTOBER
YEAR: 2023
LATITUDE: 34 12 N
LONGITUDE: 119 12 W
TEMPERATURE IN F: :PCPN: SNOW: WIND :SUNSHINE: SKY :PK WND
================================================================================
1 2 3 4 5 6A 6B 7 8 9 10 11 12 13 14 15 16 17 18
12Z AVG MX 2MIN
DY MAX MIN AVG DEP HDD CDD WTR SNW DPTH SPD SPD DIR MIN PSBL S-S WX SPD DR
================================================================================
1 69 53 61 -5 4 0 0.00 M M 6.4 12 260 M M 1 19 260
2 69 53 61 -5 4 0 0.00 M M 5.4 13 280 M M 0 18 230
3 77 55 66 0 0 1 0.00 M M 5.1 15 290 M M 0 17 280
4 82 57 70 4 0 5 0.00 M M 5.9 18 270 M M 0 23 260
5 87 58 73 7 0 8 0.00 M M 4.5 13 280 M M 0 16 280
6 88 58 73 7 0 8 0.00 M M 4.4 10 260 M M 0 8 14 250
7 78 59 69 4 0 4 0.00 M M 4.1 12 200 M M 1 1 16 200
8 69 61 65 0 0 0 0.00 M M 8.3 16 280 M M 8 18 21 270
9 70 59 65 0 0 0 0.00 M M 5.9 20 270 M M 5 18 24 300
10 70 57 64 -1 1 0 0.00 M M 5.3 14 240 M M 5 1 20 250
11 74 57 66 1 0 1 0.00 M M 6.8 18 270 M M 0 18 24 270
12 73 52 63 -2 2 0 0.00 M M 5.8 14 260 M M 0 22 210
13 73 52 63 -2 2 0 0.00 M M 3.6 10 280 M M 0 18 16 200
14 71 54 63 -2 2 0 0.00 M M 5.0 14 260 M M 1 128 19 270
15 74 54 64 -1 1 0 0.00 M M 5.2 16 280 M M 0 18 20 270
16 72 54 63 -2 2 0 0.00 M M 3.9 14 270 M M 0 8 17 290
17 71 54 63 -1 2 0 0.00 M M 3.8 9 240 M M 3 128 19 190
18 69 59 64 0 1 0 0.00 M M 3.2 10 280 M M 8 128 25 230
19 68 58 63 -1 2 0 0.00 M M 7.2 13 290 M M 9 128 17 280
20 69 59 64 0 1 0 0.00 M M 7.5 18 270 M M 5 18 25 270
21 71 56 64 0 1 0 0.00 M M 6.2 21 280 M M 0 28 280
22 73 53 63 -1 2 0 0.00 M M 6.9 20 270 M M 1 26 250
23 72 58 65 1 0 0 0.00 M M 5.7 15 290 M M 2 20 290
24 72 56 64 0 1 0 0.00 M M 5.8 14 280 M M 3 17 270
25 71 59 65 1 0 0 0.00 M M 6.5 17 280 M M 8 8 24 280
26 70 55 63 0 2 0 0.00 M M 5.1 16 270 M M 1 19 270
27 69 53 61 -2 4 0 0.00 M M 5.1 15 280 M M 0 19 270
28 70 50 60 -3 5 0 0.00 M M 4.4 21 260 M M 0 25 260
29 79 52 66 3 0 1 0.00 M M 17.0 35 90 M M 0 8 57 60
30 82 50 66 3 0 1 0.00 M M 13.1 29 80 M M 0 42 80
31 88 47 68 5 0 3 0.00 M M 8.4 25 100 M M 0 33 60
================================================================================
SM 2290 1712 39 32 0.00 M 191.5 M 61
================================================================================
AV 73.9 55.2 6.2 FASTST M M 2 MAX(MPH)
MISC ----> 35 90 57 60
================================================================================
NOTES:
# LAST OF SEVERAL OCCURRENCES
COLUMN 17 PEAK WIND IN M.P.H.
PRELIMINARY LOCAL CLIMATOLOGICAL DATA (WS FORM: F-6) , PAGE 2
STATION: OXNARD AIRPORT CA
MONTH: OCTOBER
YEAR: 2023
LATITUDE: 34 12 N
LONGITUDE: 119 12 W
[TEMPERATURE DATA] [PRECIPITATION DATA] SYMBOLS USED IN COLUMN 16
AVERAGE MONTHLY: 64.5 TOTAL FOR MONTH: 0.00 1 = FOG OR MIST
DPTR FM NORMAL: 0.0 DPTR FM NORMAL: -0.46 2 = FOG REDUCING VISIBILITY
HIGHEST: 88 ON 31, 6 GRTST 24HR 0.00 ON 1- 1 TO 1/4 MILE OR LESS
LOWEST: 47 ON 31 3 = THUNDER
SNOW, ICE PELLETS, HAIL 4 = ICE PELLETS
TOTAL MONTH: M 5 = HAIL
GRTST 24HR M ON M 6 = FREEZING RAIN OR DRIZZLE
GRTST DEPTH: M ON M 7 = DUSTSTORM OR SANDSTORM:
VSBY 1/2 MILE OR LESS
8 = SMOKE OR HAZE
[NO. OF DAYS WITH] [WEATHER - DAYS WITH] 9 = BLOWING SNOW
X = TORNADO
MAX 32 OR BELOW: 0 0.01 INCH OR MORE: 0
MAX 90 OR ABOVE: 0 0.10 INCH OR MORE: 0
MIN 32 OR BELOW: 0 0.50 INCH OR MORE: 0
MIN 0 OR BELOW: 0 1.00 INCH OR MORE: 0
[HDD (BASE 65) ]
TOTAL THIS MO. 39 CLEAR (SCALE 0-3) 23
DPTR FM NORMAL -29 PTCLDY (SCALE 4-7) 6
TOTAL FM JUL 1 71 CLOUDY (SCALE 8-10) 2
DPTR FM NORMAL -42
[CDD (BASE 65) ]
TOTAL THIS MO. 32
DPTR FM NORMAL -19 [PRESSURE DATA]
TOTAL FM JAN 1 282 HIGHEST SLP 30.12 ON 30
DPTR FM NORMAL -17 LOWEST SLP 29.62 ON 11
[REMARKS]
#FINAL-10-23#