000
CXUS53 KPAH 010730
CF6PAH
PRELIMINARY LOCAL CLIMATOLOGICAL DATA (WS FORM: F-6)
STATION: PADUCAH KY
MONTH: APRIL
YEAR: 2023
LATITUDE: 37 4 N
LONGITUDE: 88 46 W
TEMPERATURE IN F: :PCPN: SNOW: WIND :SUNSHINE: SKY :PK WND
================================================================================
1 2 3 4 5 6A 6B 7 8 9 10 11 12 13 14 15 16 17 18
12Z AVG MX 2MIN
DY MAX MIN AVG DEP HDD CDD WTR SNW DPTH SPD SPD DIR MIN PSBL S-S WX SPD DR
================================================================================
1 69 41 55 1 10 0 0.00 0.0 0 8.6 25 290 M M 1 42 290
2 70 36 53 -1 12 0 0.00 0.0 0 5.8 14 150 M M 0 1 21 150
3 75 51 63 8 2 0 0.00 0.0 0 8.0 20 150 M M 3 32 160
4 86 65 76 21 0 11 0.00 0.0 0 9.6 22 190 M M 3 36 190
5 81 53 67 11 0 2 0.47 0.0 0 10.0 20 220 M M 7 13 37 220
6 57 47 52 -4 13 0 T 0.0 0 9.3 16 30 M M 7 26 50
7 63 44 54 -2 11 0 0.00 0.0 0 8.5 18 80 M M 0 25 50
8 68 46 57 1 8 0 0.00 0.0 0 9.0 17 80 M M 0 23 50
9 73 41 57 0 8 0 0.00 0.0 0 4.9 17 120 M M 0 30 140
10 74 41 58 1 7 0 0.00 0.0 0 1.9 9 210 M M 1 18 17 270
11 77 42 60 2 5 0 0.00 0.0 0 1.5 10 130 M M 0 16 140
12 79 43 61 3 4 0 0.00 0.0 0 2.4 10 230 M M 0 18 180
13 83 44 64 6 1 0 0.00 0.0 0 5.2 18 120 M M 0 1 26 130
14 79 54 67 9 0 2 0.00 0.0 0 4.2 10 180 M M 2 14 140
15 81 56 69 10 0 4 0.52 0.0 0 7.8 24 270 M M 3 13 47 250
16 61 48 55 -4 10 0 0.03 0.0 0 7.4 18 290 M M 9 1 35 290
17 71 45 58 -2 7 0 0.00 0.0 0 6.4 16 290 M M 1 26 300
18 80 43 62 2 3 0 0.00 0.0 0 3.4 14 250 M M 0 25 230
19 82 53 68 8 0 3 0.00 0.0 0 5.8 16 180 M M 0 30 170
20 84 61 73 13 0 8 0.95 0.0 0 8.4 18 310 M M 2 13 36 190
21 62 45 54 -7 11 0 1.50 0.0 0 4.9 16 20 M M 7 1 23 330
22 63 38 51 -10 14 0 0.00 0.0 0 6.2 17 310 M M 1 1 28 310
23 58 35 47 -15 18 0 0.00 0.0 0 2.6 13 330 M M 2 19 290
24 62 35 49 -13 16 0 0.00 0.0 0 3.1 15 40 M M 0 1 21 30
25 69 43 56 -6 9 0 0.00 0.0 0 1.9 10 90 M M 0 15 80
26 73 43 58 -4 7 0 0.00 0.0 0 4.7 15 50 M M 0 1 20 40
27 64 54 59 -4 6 0 0.29 0.0 0 6.4 13 110 M M 8 1 18 110
28 68 54 61 -2 4 0 0.01 0.0 0 3.8 9 340 M M 7 18 M M
29 67 56 62 -1 3 0 0.09 0.0 0 2.5 10 180 M M 8 1 18 190
30 64 45 55 -9 10 0 T 0.0 0 8.0 23 340 M M 4 39 360
================================================================================
SM 2143 1402 199 30 3.86 0.0 172.2 M 76
================================================================================
AV 71.4 46.7 5.7 FASTST M M 3 MAX(MPH)
MISC ----> 25 290 47 250
================================================================================
NOTES:
# LAST OF SEVERAL OCCURRENCES
COLUMN 17 PEAK WIND IN M.P.H.
PRELIMINARY LOCAL CLIMATOLOGICAL DATA (WS FORM: F-6) , PAGE 2
STATION: PADUCAH KY
MONTH: APRIL
YEAR: 2023
LATITUDE: 37 4 N
LONGITUDE: 88 46 W
[TEMPERATURE DATA] [PRECIPITATION DATA] SYMBOLS USED IN COLUMN 16
AVERAGE MONTHLY: 59.1 TOTAL FOR MONTH: 3.86 1 = FOG OR MIST
DPTR FM NORMAL: 0.1 DPTR FM NORMAL: -1.31 2 = FOG REDUCING VISIBILITY
HIGHEST: 86 ON 4 GRTST 24HR 2.45 ON 20-21 TO 1/4 MILE OR LESS
LOWEST: 35 ON 24,23 3 = THUNDER
SNOW, ICE PELLETS, HAIL 4 = ICE PELLETS
TOTAL MONTH: 0.0 INCH 5 = HAIL
GRTST 24HR 0.0 6 = FREEZING RAIN OR DRIZZLE
GRTST DEPTH: 0 7 = DUSTSTORM OR SANDSTORM:
VSBY 1/2 MILE OR LESS
8 = SMOKE OR HAZE
[NO. OF DAYS WITH] [WEATHER - DAYS WITH] 9 = BLOWING SNOW
X = TORNADO
MAX 32 OR BELOW: 0 0.01 INCH OR MORE: 8
MAX 90 OR ABOVE: 0 0.10 INCH OR MORE: 5
MIN 32 OR BELOW: 0 0.50 INCH OR MORE: 3
MIN 0 OR BELOW: 0 1.00 INCH OR MORE: 1
[HDD (BASE 65) ]
TOTAL THIS MO. 199 CLEAR (SCALE 0-3) 20
DPTR FM NORMAL -22 PTCLDY (SCALE 4-7) 9
TOTAL FM JUL 1 3396 CLOUDY (SCALE 8-10) 1
DPTR FM NORMAL -472
[CDD (BASE 65) ]
TOTAL THIS MO. 30
DPTR FM NORMAL -11 [PRESSURE DATA]
TOTAL FM JAN 1 41 HIGHEST SLP M ON M
DPTR FM NORMAL -9 LOWEST SLP 29.60 ON 29
[REMARKS]
#FINAL-04-23#