000
CXUS53 KPAH 021454
CF6PAH
PRELIMINARY LOCAL CLIMATOLOGICAL DATA (WS FORM: F-6)
STATION: PADUCAH KY
MONTH: JULY
YEAR: 2021
LATITUDE: 37 4 N
LONGITUDE: 88 46 W
TEMPERATURE IN F: :PCPN: SNOW: WIND :SUNSHINE: SKY :PK WND
================================================================================
1 2 3 4 5 6A 6B 7 8 9 10 11 12 13 14 15 16 17 18
12Z AVG MX 2MIN
DY MAX MIN AVG DEP HDD CDD WTR SNW DPTH SPD SPD DIR MIN PSBL S-S WX SPD DR
================================================================================
1 80 72 76 -3 0 11 0.89 0.0 0 1.9 14 350 M M 7 13 20 350
2 81 64 73 -6 0 8 0.00 0.0 0 6.8 14 10 M M 1 22 50
3 83 58 71 -8 0 6 0.00 0.0 0 1.7 10 360 M M 0 18 14 10
4 87 60 74 -6 0 9 0.00 0.0 0 0.7 6 180 M M 0 1 10 310
5 90 64 77 -3 0 12 0.00 0.0 0 1.8 9 160 M M 1 18 13 150
6 92 70 81 1 0 16 0.00 0.0 0 1.8 9 140 M M 1 18 13 220
7 90 70 80 0 0 15 0.00 0.0 0 3.3 9 130 M M 2 1 13 150
8 90 73 82 2 0 17 0.57 0.0 0 3.0 16 300 M M 3 1238 30 290
9 90 70 80 0 0 15 0.00 0.0 0 2.7 17 260 M M 3 138 20 270
10 87 70 79 -1 0 14 1.32 0.0 0 7.4 18 320 M M 6 13 32 270
11 80 68 74 -6 0 9 0.05 0.0 0 4.3 12 230 M M 6 1 20 230
12 83 71 77 -3 0 12 0.68 0.0 0 4.7 23 250 M M 5 1238 23 250
13 85 69 77 -3 0 12 0.00 0.0 0 2.4 9 240 M M 4 1 13 310
14 88 70 79 -1 0 14 0.00 0.0 0 2.2 8 220 M M 1 1 14 220
15 90 74 82 2 0 17 0.00 0.0 0 4.0 13 210 M M 1 23 220
16 86 74 80 0 0 15 1.11 0.0 0 5.0 14 180 M M 4 13 29 180
17 87 73 80 0 0 15 0.00 0.0 0 2.0 8 80 M M 6 8 12 80
18 80 71 76 -4 0 11 1.61 0.0 0 3.4 12 80 M M 9 13 16 60
19 85 72 79 -1 0 14 0.00 0.0 0 7.1 15 50 M M 3 23 90
20 86 69 78 -2 0 13 0.00 0.0 0 5.3 14 50 M M 0 18 22 50
21 88 67 78 -2 0 13 0.00 0.0 0 3.0 10 60 M M 0 18 16 10
22 89 68 79 -1 0 14 0.00 0.0 0 2.2 8 70 M M 2 128 14 10
23 89 69 79 -1 0 14 0.00 0.0 0 1.5 10 160 M M 1 128 15 130
24 93 71 82 2 0 17 0.00 0.0 0 2.1 14 300 M M 2 18 14 300
25 94 76 85 5 0 20 T 0.0 0 3.2 12 20 M M 2 18 18 250
26 93 73 83 3 0 18 0.00 0.0 0 3.2 12 50 M M 3 18 17 10
27 93 71 82 2 0 17 0.00 0.0 0 2.0 9 20 M M 1 1 13 40
28 93 69 81 1 0 16 0.00 0.0 0 0.8 7 310 M M 0 18 13 210
29 93 72 83 3 0 18 0.00 0.0 0 3.3 14 270 M M 0 18 14 230
30 90 75 83 3 0 18 0.00 0.0 0 4.5 17 350 M M 2 38 24 360
31 90 71 81 1 0 16 0.15 0.0 0 3.5 9 300 M M 5 138 15 300
================================================================================
SM 2725 2164 0 436 6.38 0.0 100.8 M 81
================================================================================
AV 87.9 69.8 3.3 FASTST M M 3 MAX(MPH)
MISC ----> 23 250 32 270
================================================================================
NOTES:
# LAST OF SEVERAL OCCURRENCES
COLUMN 17 PEAK WIND IN M.P.H.
PRELIMINARY LOCAL CLIMATOLOGICAL DATA (WS FORM: F-6) , PAGE 2
STATION: PADUCAH KY
MONTH: JULY
YEAR: 2021
LATITUDE: 37 4 N
LONGITUDE: 88 46 W
[TEMPERATURE DATA] [PRECIPITATION DATA] SYMBOLS USED IN COLUMN 16
AVERAGE MONTHLY: 78.9 TOTAL FOR MONTH: 6.38 1 = FOG OR MIST
DPTR FM NORMAL: -0.8 DPTR FM NORMAL: 2.08 2 = FOG REDUCING VISIBILITY
HIGHEST: 94 ON 25 GRTST 24HR 1.61 ON 18-18 TO 1/4 MILE OR LESS
LOWEST: 58 ON 3 3 = THUNDER
SNOW, ICE PELLETS, HAIL 4 = ICE PELLETS
TOTAL MONTH: 0.0 INCH 5 = HAIL
GRTST 24HR 0.0 6 = FREEZING RAIN OR DRIZZLE
GRTST DEPTH: 0 7 = DUSTSTORM OR SANDSTORM:
VSBY 1/2 MILE OR LESS
8 = SMOKE OR HAZE
[NO. OF DAYS WITH] [WEATHER - DAYS WITH] 9 = BLOWING SNOW
X = TORNADO
MAX 32 OR BELOW: 0 0.01 INCH OR MORE: 8
MAX 90 OR ABOVE: 14 0.10 INCH OR MORE: 7
MIN 32 OR BELOW: 0 0.50 INCH OR MORE: 6
MIN 0 OR BELOW: 0 1.00 INCH OR MORE: 3
[HDD (BASE 65) ]
TOTAL THIS MO. 0 CLEAR (SCALE 0-3) 21
DPTR FM NORMAL 0 PTCLDY (SCALE 4-7) 9
TOTAL FM JUL 1 0 CLOUDY (SCALE 8-10) 1
DPTR FM NORMAL 0
[CDD (BASE 65) ]
TOTAL THIS MO. 436
DPTR FM NORMAL -18 [PRESSURE DATA]
TOTAL FM JAN 1 966 HIGHEST SLP 30.21 ON 14
DPTR FM NORMAL -46 LOWEST SLP 29.75 ON 11
[REMARKS]
#FINAL-07-21#