000
CXUS54 KLZK 011130
CF6PBF
PRELIMINARY LOCAL CLIMATOLOGICAL DATA (WS FORM: F-6)
STATION: PINE BLUFF
MONTH: JUNE
YEAR: 2022
LATITUDE: 34 10 N
LONGITUDE: 91 56 W
TEMPERATURE IN F: :PCPN: SNOW: WIND :SUNSHINE: SKY :PK WND
================================================================================
1 2 3 4 5 6A 6B 7 8 9 10 11 12 13 14 15 16 17 18
12Z AVG MX 2MIN
DY MAX MIN AVG DEP HDD CDD WTR SNW DPTH SPD SPD DIR MIN PSBL S-S WX SPD DR
================================================================================
1 93 71 82 6 0 17 0.16 0.0 0 6.3 33 340 M M 2 3 43 340
2 76 69 73 -3 0 8 0.37 0.0 0 6.8 21 30 M M 7 13 26 20
3 82 66 74 -3 0 9 0.00 0.0 0 7.3 13 10 M M 2 17 30
4 86 62 74 -3 0 9 0.00 0.0 0 3.2 13 80 M M 0 17 80
5 90 63 77 0 0 12 0.00 0.0 0 2.1 10 320 M M 1 1 14 310
6 89 70 80 3 0 15 0.00 0.0 0 5.7 17 280 M M 4 23 290
7 87 71 79 1 0 14 0.03 0.0 0 6.8 16 250 M M 4 13 22 210
8 80 67 74 -4 0 9 1.18 0.0 0 5.0 28 320 M M 4 13 34 320
9 86 67 77 -1 0 12 0.00 0.0 0 4.1 13 10 M M 2 17 20
10 80 66 73 -5 0 8 0.42 0.0 0 4.0 25 140 M M 3 13 39 110
11 89 65 77 -1 0 12 0.00 0.0 0 3.6 13 190 M M 2 1 15 210
12 95 74 85 6 0 20 0.00 0.0 0 8.3 17 190 M M 1 21 190
13 95 78 87 8 0 22 0.00 0.0 0 7.9 16 190 M M 0 21 180
14 93 78 86 7 0 21 0.00 0.0 0 9.2 16 190 M M 0 20 180
15 94 78 86 7 0 21 0.00 0.0 0 6.9 15 190 M M 0 18 210
16 98 75 87 8 0 22 0.00 0.0 0 3.6 12 310 M M 0 19 310
17 98 77 88 8 0 23 0.00 0.0 0 3.3 10 320 M M 0 13 13 20
18 99 78 89 9 0 24 0.00 0.0 0 4.8 14 50 M M 1 17 50
19 89 68 79 -1 0 14 0.00 0.0 0 5.8 6 40 M M 0 M M
20 95 66 81 1 0 16 0.00 0.0 0 3.4 10 110 M M 0 13 110
21 98 71 85 5 0 20 0.00 0.0 0 1.8 9 330 M M 0 11 330
22 98 76 87 7 0 22 0.00 0.0 0 1.6 12 340 M M 1 16 330
23 98 75 87 7 0 22 0.00 0.0 0 2.9 9 40 M M 1 1 M M
24 98 75 87 6 0 22 0.00 0.0 0 3.4 9 80 M M 0 1 13 100
25 99 73 86 5 0 21 0.00 0.0 0 2.6 8 90 M M 1 1 11 260
26 98 74 86 5 0 21 1.12 0.0 0 6.8 28 50 M M 1 138 38 50
27 84 70 77 -4 0 12 0.00 0.0 0 9.6 18 30 M M 3 25 20
28 87 64 76 -5 0 11 0.00 0.0 0 7.5 14 10 M M 0 20 10
29 90 65 78 -3 0 13 0.00 0.0 0 6.0 12 50 M M 0 15 20
30 92 71 82 1 0 17 T 0.0 0 5.0 17 200 M M 0 13 23 140
================================================================================
SM 2736 2123 0 489 3.28 0.0 155.3 M 40
================================================================================
AV 91.2 70.8 5.2 FASTST M M 1 MAX(MPH)
MISC ----> 33 340 43 340
================================================================================
NOTES:
# LAST OF SEVERAL OCCURRENCES
COLUMN 17 PEAK WIND IN M.P.H.
PRELIMINARY LOCAL CLIMATOLOGICAL DATA (WS FORM: F-6) , PAGE 2
STATION: PINE BLUFF
MONTH: JUNE
YEAR: 2022
LATITUDE: 34 10 N
LONGITUDE: 91 56 W
[TEMPERATURE DATA] [PRECIPITATION DATA] SYMBOLS USED IN COLUMN 16
AVERAGE MONTHLY: 81.0 TOTAL FOR MONTH: 3.28 1 = FOG OR MIST
DPTR FM NORMAL: 1.9 DPTR FM NORMAL: 0.01 2 = FOG REDUCING VISIBILITY
HIGHEST: 99 ON 25,18 GRTST 24HR 1.18 ON 7- 8 TO 1/4 MILE OR LESS
LOWEST: 62 ON 4 3 = THUNDER
SNOW, ICE PELLETS, HAIL 4 = ICE PELLETS
TOTAL MONTH: 0.0 INCH 5 = HAIL
GRTST 24HR 0.0 6 = FREEZING RAIN OR DRIZZLE
GRTST DEPTH: 0 7 = DUSTSTORM OR SANDSTORM:
VSBY 1/2 MILE OR LESS
8 = SMOKE OR HAZE
[NO. OF DAYS WITH] [WEATHER - DAYS WITH] 9 = BLOWING SNOW
X = TORNADO
MAX 32 OR BELOW: 0 0.01 INCH OR MORE: 6
MAX 90 OR ABOVE: 18 0.10 INCH OR MORE: 5
MIN 32 OR BELOW: 0 0.50 INCH OR MORE: 2
MIN 0 OR BELOW: 0 1.00 INCH OR MORE: 2
[HDD (BASE 65) ]
TOTAL THIS MO. 0 CLEAR (SCALE 0-3) 25
DPTR FM NORMAL 0 PTCLDY (SCALE 4-7) 5
TOTAL FM JUL 1 2326 CLOUDY (SCALE 8-10) 0
DPTR FM NORMAL -507
[CDD (BASE 65) ]
TOTAL THIS MO. 489
DPTR FM NORMAL 66 [PRESSURE DATA]
TOTAL FM JAN 1 912 HIGHEST SLP 30.22 ON 27
DPTR FM NORMAL 173 LOWEST SLP 29.71 ON 6
[REMARKS]
#FINAL-06-22#