579
CXUS54 KLZK 020138
CF6PBF
PRELIMINARY LOCAL CLIMATOLOGICAL DATA (WS FORM: F-6)
STATION: Pine Bluff
MONTH: AUGUST
YEAR: 2020
LATITUDE: 34 10 N
LONGITUDE: 91 56 W
TEMPERATURE IN F: :PCPN: SNOW: WIND :SUNSHINE: SKY :PK WND
================================================================================
1 2 3 4 5 6A 6B 7 8 9 10 11 12 13 14 15 16 17 18
12Z AVG MX 2MIN
DY MAX MIN AVG DEP HDD CDD WTR SNW DPTH SPD SPD DIR MIN PSBL S-S WX SPD DR
================================================================================
1 85 71 78 -4 0 13 0.00 0.0 0 6.4 15 310 M M 7 24 320
2 89 67 78 -4 0 13 0.00 0.0 0 3.7 13 320 M M 1 1 15 320
3 89 68 79 -3 0 14 0.00 0.0 0 3.9 17 320 M M 2 22 320
4 84 68 76 -6 0 11 0.00 0.0 0 5.8 12 10 M M 3 17 10
5 85 64 75 -7 0 10 0.00 0.0 0 3.0 12 80 M M 0 14 80
6 87 63 75 -7 0 10 0.00 0.0 0 3.0 10 90 M M 0 14 40
7 87 69 78 -4 0 13 0.00 0.0 0 3.0 13 310 M M 1 1 15 330
8 94 68 81 -1 0 16 0.00 0.0 0 2.6 9 180 M M 0 12 13 150
9 94 71 83 1 0 18 0.00 0.0 0 4.5 10 280 M M 0 1 17 270
10 94 72 83 1 0 18 0.00 0.0 0 4.4 12 200 M M 0 1 18 190
11 94 72 83 1 0 18 0.48 0.0 0 5.3 29 360 M M 2 13 36 360
12 84 72 78 -4 0 13 0.52 0.0 0 2.9 12 300 M M 5 1 13 330
13 91 72 82 0 0 17 T 0.0 0 2.5 10 30 M M 4 1 13 30
14 89 72 81 -1 0 16 0.69 0.0 0 4.6 23 300 M M 2 13 36 300
15 93 71 82 0 0 17 0.00 0.0 0 2.2 14 320 M M 1 1 18 320
16 91 68 80 -1 0 15 0.00 0.0 0 6.6 15 20 M M 1 1 19 40
17 90 66 78 -3 0 13 0.00 0.0 0 3.2 8 60 M M 0 12 40
18 89 68 79 -2 0 14 0.00 0.0 0 4.6 14 340 M M 1 21 310
19 86 67 77 -4 0 12 0.00 0.0 0 8.3 17 20 M M 0 25 10
20 85 65 75 -6 0 10 0.00 0.0 0 6.1 14 50 M M 2 18 20
21 89 66 78 -3 0 13 0.00 0.0 0 3.7 18 60 M M 1 13 23 30
22 89 64 77 -4 0 12 0.00 0.0 0 2.6 10 50 M M 1 12 14 330
23 92 64 78 -3 0 13 0.00 0.0 0 2.3 9 120 M M 1 12 13 60
24 92 67 80 0 0 15 0.00 0.0 0 3.4 14 80 M M 0 1 18 40
25 92 71 82 2 0 17 0.01 0.0 0 6.6 21 80 M M 2 27 70
26 94 73 84 4 0 19 0.01 0.0 0 7.3 21 120 M M 4 28 120
27 78 71 75 -5 0 10 2.79 0.0 0 14.6 38 130 M M 7 13 52 120
28 92 72 82 2 0 17 0.16 0.0 0 10.8 22 220 M M 4 1 32 210
29 93 75 84 4 0 19 0.01 0.0 0 7.0 23 310 M M 2 3 33 330
30 89 74 82 3 0 17 T 0.0 0 2.6 13 310 M M 1 1 19 310
31 88 72 80 1 0 15 0.23 0.0 0 5.4 22 310 M M 3 13 30 330
================================================================================
SM 2768 2143 0 448 4.90 0.0 152.9 M 58
================================================================================
AV 89.3 69.1 4.9 FASTST M M 2 MAX(MPH)
MISC ----> # 38 130 # 52 120
================================================================================
NOTES:
# LAST OF SEVERAL OCCURRENCES
COLUMN 17 PEAK WIND IN M.P.H.
PRELIMINARY LOCAL CLIMATOLOGICAL DATA (WS FORM: F-6) , PAGE 2
STATION: Pine Bluff
MONTH: AUGUST
YEAR: 2020
LATITUDE: 34 10 N
LONGITUDE: 91 56 W
[TEMPERATURE DATA] [PRECIPITATION DATA] SYMBOLS USED IN COLUMN 16
AVERAGE MONTHLY: 79.2 TOTAL FOR MONTH: 4.90 1 = FOG OR MIST
DPTR FM NORMAL: -1.9 DPTR FM NORMAL: 2.42 2 = FOG REDUCING VISIBILITY
HIGHEST: 94 ON 26,11 GRTST 24HR 2.79 ON 27-27 TO 1/4 MILE OR LESS
LOWEST: 63 ON 6 3 = THUNDER
SNOW, ICE PELLETS, HAIL 4 = ICE PELLETS
TOTAL MONTH: 0.0 INCH 5 = HAIL
GRTST 24HR 0.0 6 = FREEZING RAIN OR DRIZZLE
GRTST DEPTH: 0 7 = DUSTSTORM OR SANDSTORM:
VSBY 1/2 MILE OR LESS
8 = SMOKE OR HAZE
[NO. OF DAYS WITH] [WEATHER - DAYS WITH] 9 = BLOWING SNOW
X = TORNADO
MAX 32 OR BELOW: 0 0.01 INCH OR MORE: 9
MAX 90 OR ABOVE: 14 0.10 INCH OR MORE: 6
MIN 32 OR BELOW: 0 0.50 INCH OR MORE: 3
MIN 0 OR BELOW: 0 1.00 INCH OR MORE: 1
[HDD (BASE 65) ]
TOTAL THIS MO. 0 CLEAR (SCALE 0-3) 25
DPTR FM NORMAL 0 PTCLDY (SCALE 4-7) 6
TOTAL FM JUL 1 0 CLOUDY (SCALE 8-10) 0
DPTR FM NORMAL 0
[CDD (BASE 65) ]
TOTAL THIS MO. 448
DPTR FM NORMAL -53 [PRESSURE DATA]
TOTAL FM JAN 1 1620 HIGHEST SLP 30.15 ON 8
DPTR FM NORMAL -138 LOWEST SLP 29.46 ON 27
[REMARKS]
#FINAL-08-20#