000
CXUS54 KLZK 180208
CLSPBF
CLIMATE REPORT...UPDATED WITH SUPPLEMENTAL DATA
NATIONAL WEATHER SERVICE LITTLE ROCK AR
1154 AM CDT THU SEP 01 2022
...................................
...THE PINE BLUFF CLIMATE SUMMARY FOR THE SEASON, FROM
6/1/2022 TO 8/31/2022...
CLIMATE NORMAL PERIOD 1991 TO 2020
CLIMATE RECORD PERIOD 1883 TO 2022
WEATHER OBSERVED NORMAL DEPART LAST YEAR`S
VALUE DATE(S) VALUE FROM VALUE DATE(S)
NORMAL
................................................................
TEMPERATURE (F)
RECORD
HIGH 112 08/15/1943
LOW 49 06/02/1984
06/03/1956
06/12/1903
HIGHEST 101 08/15 91 10 101 07/30
07/26
07/25
LOWEST 62 06/04 71 -9 59 06/23
AVG. MAXIMUM 92.9 90.6 2.3 91.9
AVG. MINIMUM 72.9 70.7 2.2 72.7
MEAN 82.9 80.6 2.3 82.3
DAYS MAX >= 90 67 59.6 7.4 66
DAYS MAX <= 32 0 0.0 0.0 0
DAYS MIN <= 32 0 0.0 0.0 0
DAYS MIN <= 0 0 0.0 0.0 0
PRECIPITATION (INCHES)
RECORD
MAXIMUM 20.33 1989
MINIMUM 0.66 1930
TOTALS 6.05 10.34 -4.29 9.39
DAILY AVG. 0.07 0.11 -0.04 0.11
DAYS >= .01 23 25.4 -2.4 27
DAYS >= .10 17 14
DAYS >= .50 2 6
DAYS >= 1.00 2 2.9 -0.9 2
GREATEST
24 HR. TOTAL 1.18 06/30 TO 06/30
STORM TOTAL 1.18
(MM/DD(HH))
SNOWFALL (INCHES)
RECORDS
TOTAL MM MM
24 HR TOTAL MM
SNOW DEPTH MM MM
TOTALS 0.0 0.0 0.0 0.0
LIQUID EQUIV 0.00 0.00 0.00 0.00
SINCE 7/1 0.0 0.0 0.0 MM
LIQUID 7/1 0.00 0.00 0.00 MM
SNOWDEPTH AVG. 0 0
DAYS >= TRACE 0 MM MM 0
DAYS >= 1.0 0 MM MM 0
GREATEST
SNOW DEPTH 0 0 MM
24 HR TOTAL 0.0 MM 0.0
STORM TOTAL 0.0 0.0
(MM/DD(HH)) MM
DEGREE DAYS
HEATING TOTAL 0 0 0 0
SINCE 7/1 0 0 0 MM
COOLING TOTAL 1674 1441 233 1619
SINCE 1/1 2094 1757 337 MM
FREEZE DATES
RECORD
EARLIEST 10/10/2000
LATEST 04/25/1910
EARLIEST MM
LATEST 03/13
................................................................
WIND (MPH)
AVERAGE WIND SPEED 5.4
HIGHEST WIND SPEED/DIRECTION 38/010 DATE 07/18
HIGHEST GUST SPEED/DIRECTION 46/010 DATE 07/18
SKY COVER
POSSIBLE SUNSHINE (PERCENT) MM
AVERAGE SKY COVER 0.19
NUMBER OF DAYS FAIR 69
NUMBER OF DAYS PC 16
NUMBER OF DAYS CLOUDY 3
WEATHER CONDITIONS. NUMBER OF DAYS WITH
THUNDERSTORM 22 MIXED PRECIP 0
HEAVY RAIN 4 RAIN 10
LIGHT RAIN 26 FREEZING RAIN 0
LT FREEZING RAIN 0 HAIL 0
HEAVY SNOW 0 SLEET 0
FOG 34 FOG W/VIS <= 1/4 MILE 0
HAZE 4
- INDICATES NEGATIVE NUMBERS.
R INDICATES RECORD WAS SET OR TIED.
MM INDICATES DATA IS MISSING.
T INDICATES TRACE AMOUNT.
&&
...ADDITIONAL DATA FOR PINE BLUFF FOR SUMMER 2022...
.SEASONAL TEMPERATURES...
THE AVERAGE HIGH TEMPERATURE WAS THE WARMEST SINCE 2011. THE AVERAGE
LOW TEMPERATURE WAS THE WARMEST SINCE 2011, AND THE 7TH WARMEST ON
RECORD. THE AVERAGE MONTHLY TEMPERATURE WAS THE WARMEST SINCE 2011.
THERE WERE FIVE DAYS WITH HIGH TEMPERATURES AT OR ABOVE 100, WHICH
IS THE MOST SINCE 2012. THERE WERE 67 DAYS WITH HIGH TEMPERATURES
AT OR ABOVE 90, WHICH WAS THE MOST SINCE 2015.
.SEASONAL RAINFALL...
THIS WAS THE DRIEST SUMMER SINCE 2011. THERE WERE 23 DAYS WITH
MEASURABLE RAINFALL, WHICH WAS THE LEAST SINCE 2019.
$$
62 (IN MEMORY OF 57)