000
CXUS52 KFFC 011110
CF6PDK
PRELIMINARY LOCAL CLIMATOLOGICAL DATA (WS FORM: F-6)
STATION: DEKALB PEACHTREE AIRPORT
MONTH: DECEMBER
YEAR: 2022
LATITUDE: 33 52 N
LONGITUDE: 84 18 W
TEMPERATURE IN F: :PCPN: SNOW: WIND :SUNSHINE: SKY :PK WND
================================================================================
1 2 3 4 5 6A 6B 7 8 9 10 11 12 13 14 15 16 17 18
12Z AVG MX 2MIN
DY MAX MIN AVG DEP HDD CDD WTR SNW DPTH SPD SPD DIR MIN PSBL S-S WX SPD DR
================================================================================
1 57 29 43 -5 22 0 0.00 M M 3.3 14 320 M M 0 22 320
2 59 35 47 -1 18 0 0.00 M M 3.6 9 100 M M 3 19 110
3 63 47 55 8 10 0 0.09 M M 3.5 15 310 M M 8 1 22 220
4 59 41 50 3 15 0 0.00 M M 3.8 15 310 M M 3 1 20 320
5 50 44 47 0 18 0 1.54 M M 3.0 10 20 M M 10 1 15 30
6 52 45 49 2 16 0 0.26 M M 2.5 8 60 M M 10 12 14 80
7 71 52 62 16 3 0 0.09 M M 2.8 12 240 M M 9 12 16 240
8 76 58 67 21 0 2 0.00 M M 4.5 16 230 M M 6 12 20 220
9 64 54 59 13 6 0 1.38 M M 2.7 8 70 M M 10 12 14 70
10 56 51 54 8 11 0 0.00 M M 3.2 8 150 M M 10 1 13 100
11 52 49 51 5 14 0 0.38 M M 1.9 9 140 M M 10 1 14 140
12 62 50 56 10 9 0 0.00 M M 2.1 7 100 M M 8 1 15 120
13 50 45 48 3 17 0 0.00 M M 4.7 9 100 M M 10 18 100
14 47 42 45 0 20 0 0.87 M M 5.0 9 80 M M 10 1 18 100
15 56 41 49 4 16 0 0.54 M M 8.1 17 290 M M 5 1 24 280
16 52 32 42 -3 23 0 0.00 M M 7.9 21 280 M M 1 31 250
17 46 35 41 -4 24 0 0.00 M M 7.4 15 260 M M 5 21 260
18 45 30 38 -6 27 0 0.00 M M 9.5 16 320 M M 0 23 310
19 49 24 37 -7 28 0 0.00 M M 3.2 8 130 M M 1 13 60
20 43 38 41 -3 24 0 0.06 M M 3.3 9 70 M M 10 1 16 70
21 50 39 45 1 20 0 T M M 6.6 12 60 M M 10 18 21 50
22 47 38 43 -1 22 0 0.04 M M 4.8 15 200 M M 10 1 24 210
23 50 13 32 -12 33 0 0.12 M M 18.0 30 280 M M 4 1 46 290
24 24 7 16 -28 49 0 0.00 M M 12.2 22 310 M M 0 33 300
25 34 17 26 -17 39 0 0.00 M M 8.3 16 300 M M 0 22 300
26 43 17 30 -13 35 0 T M M 4.9 9 330 M M 2 13 310
27 50 27 39 -4 26 0 0.00 M M 2.1 9 190 M M 3 8 13 260
28 56 22 39 -4 26 0 0.00 M M 2.5 10 190 M M 1 1 14 160
29 65 42 54 11 11 0 0.00 M M 2.4 9 160 M M 4 14 110
30 61 44 53 10 12 0 0.02 M M 3.1 15 120 M M 5 1 29 110
31 62 46 54 11 11 0 0.12 M M 2.2 8 230 M M 6 12 13 260
================================================================================
SM 1651 1154 605 2 5.51 M 153.1 M 174
================================================================================
AV 53.3 37.2 4.9 FASTST M M 6 MAX(MPH)
MISC ----> 30 280 46 290
================================================================================
NOTES:
# LAST OF SEVERAL OCCURRENCES
COLUMN 17 PEAK WIND IN M.P.H.
PRELIMINARY LOCAL CLIMATOLOGICAL DATA (WS FORM: F-6) , PAGE 2
STATION: DEKALB PEACHTREE AIRPORT
MONTH: DECEMBER
YEAR: 2022
LATITUDE: 33 52 N
LONGITUDE: 84 18 W
[TEMPERATURE DATA] [PRECIPITATION DATA] SYMBOLS USED IN COLUMN 16
AVERAGE MONTHLY: 45.2 TOTAL FOR MONTH: 5.51 1 = FOG OR MIST
DPTR FM NORMAL: 0.3 DPTR FM NORMAL: 1.15 2 = FOG REDUCING VISIBILITY
HIGHEST: 76 ON 8 GRTST 24HR 1.80 ON 5- 6 TO 1/4 MILE OR LESS
LOWEST: 7 ON 24 3 = THUNDER
SNOW, ICE PELLETS, HAIL 4 = ICE PELLETS
TOTAL MONTH: M 5 = HAIL
GRTST 24HR M ON M 6 = FREEZING RAIN OR DRIZZLE
GRTST DEPTH: M ON M 7 = DUSTSTORM OR SANDSTORM:
VSBY 1/2 MILE OR LESS
8 = SMOKE OR HAZE
[NO. OF DAYS WITH] [WEATHER - DAYS WITH] 9 = BLOWING SNOW
X = TORNADO
MAX 32 OR BELOW: 1 0.01 INCH OR MORE: 13
MAX 90 OR ABOVE: 0 0.10 INCH OR MORE: 8
MIN 32 OR BELOW: 10 0.50 INCH OR MORE: 4
MIN 0 OR BELOW: 0 1.00 INCH OR MORE: 2
[HDD (BASE 65) ]
TOTAL THIS MO. 605 CLEAR (SCALE 0-3) 9
DPTR FM NORMAL -17 PTCLDY (SCALE 4-7) 10
TOTAL FM JUL 1 1196 CLOUDY (SCALE 8-10) 12
DPTR FM NORMAL 13
[CDD (BASE 65) ]
TOTAL THIS MO. 2
DPTR FM NORMAL 1 [PRESSURE DATA]
TOTAL FM JAN 1 1858 HIGHEST SLP 30.51 ON 2
DPTR FM NORMAL 131 LOWEST SLP 29.71 ON 15
[REMARKS]
#FINAL-12-22#